{"id":5,"date":"2017-06-22T10:58:06","date_gmt":"2017-06-22T07:58:06","guid":{"rendered":"https:\/\/coursepages.uta.fi\/00\/?page_id=5"},"modified":"2023-08-11T10:54:27","modified_gmt":"2023-08-11T07:54:27","slug":"paasivu","status":"publish","type":"page","link":"https:\/\/coursepages2.tuni.fi\/vimjo330\/","title":{"rendered":"VIM.JO 330 Journalistiikan teemakurssi"},"content":{"rendered":"<p>VIM.JO 330 Journalistiikan teemakurssi \/ syksy 2023<\/p>\n<p>&nbsp;<\/p>\n<p>Kurssilla on yhteisten ja ryhm\u00e4kokoontumisten lis\u00e4ksi my\u00f6s perehdytyst\u00e4 audio- ja videotekniikan laitteisiin ja ohjelmistoihin, jota ei ole ilmoitettu Sisussa julkaistussa kurssiaikataulussa. Alustavat ehdotukset perehdytysten ajankohdiksi l\u00f6ytyv\u00e4t kuitenkin kurssin <a href=\"https:\/\/coursepages2.tuni.fi\/vimjo330\/wp-content\/uploads\/sites\/143\/2023\/08\/Alustava-kurssiaikataulu-syksy-2023.pdf\">kokonaisaikataulusta<\/a>.<\/p>\n<p>&nbsp;<\/p>\n","protected":false},"excerpt":{"rendered":"<p>VIM.JO 330 Journalistiikan teemakurssi \/ syksy 2023 &nbsp; Kurssilla on yhteisten ja ryhm\u00e4kokoontumisten lis\u00e4ksi my\u00f6s perehdytyst\u00e4 audio- ja videotekniikan laitteisiin ja ohjelmistoihin, jota ei ole ilmoitettu Sisussa julkaistussa kurssiaikataulussa. Alustavat ehdotukset perehdytysten ajankohdiksi l\u00f6ytyv\u00e4t kuitenkin kurssin kokonaisaikataulusta. &nbsp;<\/p>\n","protected":false},"author":1,"featured_media":0,"parent":0,"menu_order":0,"comment_status":"closed","ping_status":"closed","template":"","meta":{"footnotes":""},"class_list":["post-5","page","type-page","status-publish","hentry"],"_links":{"self":[{"href":"https:\/\/coursepages2.tuni.fi\/vimjo330\/wp-json\/wp\/v2\/pages\/5","targetHints":{"allow":["GET"]}}],"collection":[{"href":"https:\/\/coursepages2.tuni.fi\/vimjo330\/wp-json\/wp\/v2\/pages"}],"about":[{"href":"https:\/\/coursepages2.tuni.fi\/vimjo330\/wp-json\/wp\/v2\/types\/page"}],"author":[{"embeddable":true,"href":"https:\/\/coursepages2.tuni.fi\/vimjo330\/wp-json\/wp\/v2\/users\/1"}],"replies":[{"embeddable":true,"href":"https:\/\/coursepages2.tuni.fi\/vimjo330\/wp-json\/wp\/v2\/comments?post=5"}],"version-history":[{"count":11,"href":"https:\/\/coursepages2.tuni.fi\/vimjo330\/wp-json\/wp\/v2\/pages\/5\/revisions"}],"predecessor-version":[{"id":43,"href":"https:\/\/coursepages2.tuni.fi\/vimjo330\/wp-json\/wp\/v2\/pages\/5\/revisions\/43"}],"wp:attachment":[{"href":"https:\/\/coursepages2.tuni.fi\/vimjo330\/wp-json\/wp\/v2\/media?parent=5"}],"curies":[{"name":"wp","href":"https:\/\/api.w.org\/{rel}","templated":true}]}}