{"id":1946,"date":"2020-03-12T14:52:03","date_gmt":"2020-03-12T12:52:03","guid":{"rendered":"https:\/\/coursepages.uta.fi\/tiey4\/?page_id=1946"},"modified":"2020-03-13T01:14:52","modified_gmt":"2020-03-12T23:14:52","slug":"5-viittaaminen-ja-kaavat","status":"publish","type":"page","link":"https:\/\/coursepages2.tuni.fi\/tiey4\/teema-2-2\/5-viittaaminen-ja-kaavat\/","title":{"rendered":"5. Viittaaminen ja kaavat"},"content":{"rendered":"<p><span style=\"color: #4e008e\">\u00a9Juhani Linna, Aulikki Hyrskykari<\/span><\/p>\n<p>Kuten todettua, soluun viitataan sarakkeen kirjaimen ja rivin numeron avulla: esimerkiksi B2, C32 tai CA765. Soluviittauksia on kahdenlaisia: suhteellisia ja absoluuttisia.<\/p>\n<p><strong>Suhteellinen soluviittaus<\/strong> tarkoittaa, ett\u00e4 soluun viitataan sen suhteellisella sijainnilla. Jos esimerkiksi solusta B2 viitataan soluun B6, se tarkoittaa suhteellisessa vittauksessa &#8221;sama sarake, nelj\u00e4 rivia alemmas&#8221;. Suhteellinen viittaus on Exceliss\u00e4 viittauksen oletustapa, eli sen k\u00e4ytt\u00f6\u00f6notto ei vaadi erityisi\u00e4 toimia. Hy\u00f6dyt tulevat n\u00e4kyviin silloin, kun kaavasis\u00e4lt\u00f6j\u00e4 ja viittauksia halutaan kopioida muihin soluihin. On esimerkiksi sangen tavallista, ett\u00e4 rivin solujen kaavan halutaan koskevan vain ko. rivin tietoja. Kun kaava kopioidaan uudelle riville, suhteellisen soluviittauksen ansiosta se p\u00e4ivitt\u00e4\u00e4 itsens\u00e4 automaattisesti koskemaan uutta rivi\u00e4.<\/p>\n<p><strong><img loading=\"lazy\" decoding=\"async\" class=\"alignleft wp-image-745\" src=\"https:\/\/coursepages2.tuni.fi\/tiey4\/wp-content\/uploads\/sites\/39\/2018\/09\/T2-008-viittaus.png\" alt=\"\" width=\"259\" height=\"266\" srcset=\"https:\/\/coursepages2.tuni.fi\/tiey4\/wp-content\/uploads\/sites\/39\/2018\/09\/T2-008-viittaus.png 319w, https:\/\/coursepages2.tuni.fi\/tiey4\/wp-content\/uploads\/sites\/39\/2018\/09\/T2-008-viittaus-293x300.png 293w\" sizes=\"auto, (max-width: 259px) 100vw, 259px\" \/>Absoluuttinen soluviittaus <\/strong>viittaa aina samaan soluun ja on tarpeen esimerkiksi, kun lomakkeessa tai taulukossa k\u00e4ytet\u00e4\u00e4n vakioita. Absoluuttinen soluviittaus saadaan kir\u00adjoit\u00adta\u00admal\u00adla sarakkeen ja\/tai rivin nimen eteen \u201d$\u201d-merkki. Siisp\u00e4 viittaus $X$n py\u00adsyy kaavoja kopioitaessa aina viit\u00adtauk\u00adsena soluun Xn, se ei muutu suhteessa sii\u00adhen kohtaan johon kaava kopioidaan.<\/p>\n<p>Vasemmalla olevassa kuvassa soluun D5 tehtiin kaava =C5*$C$2, eli laskettiin euroissa maksetun vaatteen arvo dollareissa. Kaava kopioitiin t\u00e4ytt\u00f6kahvan avulla soluihin D6, D7 ja D8, ja kaavan ensimm\u00e4inen viittaus kasvoi aina yhdell\u00e4 kun siirryttiin rivi alemmas. Toinen viittaus puolestaan osoitti aina vakioon C2 eli dollarin kurssiin. Soluun D8 kopioitui siten kaava =C8*$C$2, kuten kuuluikin.<\/p>\n<p><strong>Kaavat<\/strong> &#8211; joita on esitelty jo muutama &#8211; alkavat = -merkill\u00e4. Kaavojen teht\u00e4v\u00e4 on tuottaa vastaussoluun haluttu tulos muiden solujen sis\u00e4ll\u00f6ist\u00e4 laskemalla. Allaolevassa kuvassa soluun L3 on laskettu punnitustulosten summa yksinkertaisella kaavalla. Huomaa, ett\u00e4 kun aktivoit kaavarivin solusta jossa on kaava, kaikki kaavan soluviittaukset v\u00e4rikoodataan taulukosta. T\u00e4st\u00e4 ominaisuudesta on hy\u00f6ty\u00e4 esimerkiksi silloin, kun halutaan tarkistaa tulivatko kaikki soluviittaukset mukaan kaavaan.<\/p>\n<p><img loading=\"lazy\" decoding=\"async\" class=\"aligncenter wp-image-749\" src=\"https:\/\/coursepages2.tuni.fi\/tiey4\/wp-content\/uploads\/sites\/39\/2018\/09\/T2-010-kaaviot.png\" alt=\"\" width=\"600\" height=\"159\" srcset=\"https:\/\/coursepages2.tuni.fi\/tiey4\/wp-content\/uploads\/sites\/39\/2018\/09\/T2-010-kaaviot.png 802w, https:\/\/coursepages2.tuni.fi\/tiey4\/wp-content\/uploads\/sites\/39\/2018\/09\/T2-010-kaaviot-300x79.png 300w, https:\/\/coursepages2.tuni.fi\/tiey4\/wp-content\/uploads\/sites\/39\/2018\/09\/T2-010-kaaviot-768x203.png 768w\" sizes=\"auto, (max-width: 600px) 100vw, 600px\" \/><\/p>\n<p><strong><img loading=\"lazy\" decoding=\"async\" class=\"alignleft size-medium wp-image-748\" src=\"https:\/\/coursepages2.tuni.fi\/tiey4\/wp-content\/uploads\/sites\/39\/2018\/09\/T2-009-funktiot-300x168.png\" alt=\"\" width=\"300\" height=\"168\" srcset=\"https:\/\/coursepages2.tuni.fi\/tiey4\/wp-content\/uploads\/sites\/39\/2018\/09\/T2-009-funktiot-300x168.png 300w, https:\/\/coursepages2.tuni.fi\/tiey4\/wp-content\/uploads\/sites\/39\/2018\/09\/T2-009-funktiot.png 415w\" sizes=\"auto, (max-width: 300px) 100vw, 300px\" \/>Funktiot <\/strong>ovat valmiiksi m\u00e4\u00e4riteltyj\u00e4 kaavoja, joita voi k\u00e4ytt\u00e4\u00e4 joko yksitt\u00e4in tai yhdistellen. Yleisimmin k\u00e4ytettyj\u00e4 ovat esimerkiksi SUMMA-funktio (<em>SUM<\/em>), JOS-funktio (<em>IF<\/em>) ja KESKIARVO-funktio (AVERAGE). Kaikkiaan funktioita on l\u00e4hes 500, ja niit\u00e4 on kuvattu esimerkiksi <a href=\"https:\/\/support.office.com\/fi-fi\/article\/excelin-funktiot-aakkosj%C3%A4rjestyksess%C3%A4-b3944572-255d-4efb-bb96-c6d90033e188\">t\u00e4ll\u00e4<\/a> Microsoftin sivulla. Vasemmalla oleva kuva havainnollistaa viiden tavallisen funktion toimintaa; solussa C2 on summafunktio, joka laskee yhteen solut A2 ja B2 &#8211; samaan lopputuloksen p\u00e4\u00e4st\u00e4isiin kaavalla =A2+B2. Solussa C3 on solujen A3 ja B3 keskiarvon laskeva funktio, solussa C4 solujen A4 ja B4 lukujen m\u00e4\u00e4r\u00e4n laskeva funktio, solussa C5 solujen A5 ja B5 maksimiarvon palauttava funktio ja solussa C6 solujen A6 ja B6 miniarvon palauttava funktio.<\/p>\n<p><img loading=\"lazy\" decoding=\"async\" class=\"alignright size-full wp-image-763\" src=\"https:\/\/coursepages2.tuni.fi\/tiey4\/wp-content\/uploads\/sites\/39\/2018\/09\/T2-012-funktio.png\" alt=\"\" width=\"167\" height=\"173\" \/>Funktion voi sy\u00f6tt\u00e4\u00e4 soluun klikkaamalla funktion\u00e4pp\u00e4int\u00e4 (<img loading=\"lazy\" decoding=\"async\" class=\"alignnone size-full wp-image-762\" src=\"https:\/\/coursepages2.tuni.fi\/tiey4\/wp-content\/uploads\/sites\/39\/2018\/09\/T2-011-funktio.png\" alt=\"\" width=\"31\" height=\"24\" \/>) kaavarivill\u00e4, tai jotakin Aloitus (Home) v\u00e4lilehden Muokkaaminen (<em>Editing<\/em>) -ty\u00f6kaluryhm\u00e4n valinnoista &#8211; pikavalintoina l\u00f6ytyv\u00e4t Summa (<em>Sum<\/em>), Keskiarvo (<em>Average<\/em>), Laske numerot (<em>Count Numbers<\/em>), Maksimi (<em>Max<\/em>) ja Minimi (<em>Min<\/em>).<\/p>\n","protected":false},"excerpt":{"rendered":"<p>\u00a9Juhani Linna, Aulikki Hyrskykari Kuten todettua, soluun viitataan sarakkeen kirjaimen ja rivin numeron avulla: esimerkiksi B2, C32 tai CA765. Soluviittauksia on kahdenlaisia: suhteellisia ja absoluuttisia. Suhteellinen soluviittaus tarkoittaa, ett\u00e4 soluun viitataan sen suhteellisella sijainnilla. Jos esimerkiksi solusta B2 viitataan soluun B6, se tarkoittaa suhteellisessa vittauksessa &#8221;sama sarake, nelj\u00e4 rivia alemmas&#8221;. Suhteellinen viittaus on Exceliss\u00e4 viittauksen &hellip; <a href=\"https:\/\/coursepages2.tuni.fi\/tiey4\/teema-2-2\/5-viittaaminen-ja-kaavat\/\" class=\"more-link\">Jatka artikkeliin <span class=\"screen-reader-text\">5. Viittaaminen ja kaavat<\/span><\/a><\/p>\n","protected":false},"author":1,"featured_media":0,"parent":1925,"menu_order":5,"comment_status":"closed","ping_status":"closed","template":"","meta":{"footnotes":""},"class_list":["post-1946","page","type-page","status-publish","hentry"],"_links":{"self":[{"href":"https:\/\/coursepages2.tuni.fi\/tiey4\/wp-json\/wp\/v2\/pages\/1946","targetHints":{"allow":["GET"]}}],"collection":[{"href":"https:\/\/coursepages2.tuni.fi\/tiey4\/wp-json\/wp\/v2\/pages"}],"about":[{"href":"https:\/\/coursepages2.tuni.fi\/tiey4\/wp-json\/wp\/v2\/types\/page"}],"author":[{"embeddable":true,"href":"https:\/\/coursepages2.tuni.fi\/tiey4\/wp-json\/wp\/v2\/users\/1"}],"replies":[{"embeddable":true,"href":"https:\/\/coursepages2.tuni.fi\/tiey4\/wp-json\/wp\/v2\/comments?post=1946"}],"version-history":[{"count":4,"href":"https:\/\/coursepages2.tuni.fi\/tiey4\/wp-json\/wp\/v2\/pages\/1946\/revisions"}],"predecessor-version":[{"id":1984,"href":"https:\/\/coursepages2.tuni.fi\/tiey4\/wp-json\/wp\/v2\/pages\/1946\/revisions\/1984"}],"up":[{"embeddable":true,"href":"https:\/\/coursepages2.tuni.fi\/tiey4\/wp-json\/wp\/v2\/pages\/1925"}],"wp:attachment":[{"href":"https:\/\/coursepages2.tuni.fi\/tiey4\/wp-json\/wp\/v2\/media?parent=1946"}],"curies":[{"name":"wp","href":"https:\/\/api.w.org\/{rel}","templated":true}]}}