{"id":5,"date":"2017-06-22T10:58:06","date_gmt":"2017-06-22T07:58:06","guid":{"rendered":"https:\/\/coursepages.uta.fi\/tiets05\/?page_id=5"},"modified":"2019-11-27T15:58:30","modified_gmt":"2019-11-27T13:58:30","slug":"paasivu","status":"publish","type":"page","link":"https:\/\/coursepages2.tuni.fi\/tiets05\/","title":{"rendered":"P\u00e4\u00e4sivu"},"content":{"rendered":"<p>Image Processing is a computer science and CBDA course possible to take also in English via independent studying by using a textbook.<\/p>\n<h1>Sis\u00e4lt\u00f6 \/ Contents<\/h1>\n<p>Image processing methods are presented, e.g., image restoration, filtering, compression and segmentation.<\/p>\n<h1>Luennot \/ Lectures (in Finnish)<span style=\"color: #ff0000\"><br \/>\n<\/span><\/h1>\n<p>Maanantaina 11.3. klo 10-12 sali B4113<\/p>\n<p>Tiistaisin 5.3., 12.3., 26.3.-9.4. klo 10-12 sali B4113<\/p>\n<p>Keskiviikkona 6.3.2019 klo 10-12 Pinni A Paavo Koli -sali<\/p>\n<p>Keskiviikkoina 13.3. ja 27.3. klo 10-12 sali P\u00e4\u00e4talo C6<\/p>\n<p>Keskiviikkoina 3.4. ja 10.4. klo 10-12 sali B3107<\/p>\n<p>Torstaina 7.3.2019 klo 10-12 sali P\u00e4\u00e4talo C8<\/p>\n<p>Huom! Ei luentoa 19.3. eik\u00e4 20.3.2019<\/p>\n<h2>Viikoharjoitukset \/ Weekly assignments (in Finnish)<\/h2>\n<p>Torstai klo 8-10 <span style=\"color: #000000\">14.3.-11.4. Pinni A3111<\/span><\/p>\n<p>&nbsp;<\/p>\n<h1>Proseduuri \/ Procedure<\/h1>\n<ul>\n<li>Tietojenk\u00e4sittelyopin ja CBDA:n syvent\u00e4v\u00e4t opinnot. \/ Advanced study course, 5 ECTS<\/li>\n<li>12 luentoa (24 h), Martti Juhola<\/li>\n<li>5 viikkoharjoitusta \/ weekly exercises (10 h), Jyrki Rasku<\/li>\n<li>Additional scores: when one makes more of all weekly exercises than 30%, additional scores [0,5] are given as follows: \u226530% 0, \u226541% 1, \u226552% 2, \u226563% 3, \u226574% 4, \u226585% 5<\/li>\n<li>Kurssin suorittaminen \/ To pass the course: (1) <strong>at least 30%<\/strong> of weekly exercises have to be made and (2) the examination with scores of 12 or more from [0,30]<\/li>\n<\/ul>\n<h1>Kurssimaterliaali \/ Material<span style=\"color: #ff0000\"><br \/>\n<\/span><\/h1>\n<p>Luentomateriaali:<\/p>\n<p>Viikkoharjoitusteht\u00e4v\u00e4t \/ Weekly assignments tasks:<\/p>\n<p>Data:<\/p>\n<p>Solutions:<\/p>\n<h1>Tentit\/Exams<\/h1>\n<p>3.5. klo 10-14 ja 23.5. klo 16-20 D10a+b (Remember to enroll yourself!)<\/p>\n<h1>Huom! \/ Notes!<\/h1>\n<p>(1) Remember to enroll yourself to the course (once opened) via NettiOpsu.<\/p>\n<p>(2) Matlab is needed for weekly assignments. To load Matlab you first need an activation code and obtaining this may take time. (You also need a UTA student account.) To be done via the following link:<\/p>\n<p><a href=\"https:\/\/intra.uta.fi\/portal\/en_GB\/group\/info-center\/software?inheritRedirect=true\">https:\/\/intra.uta.fi\/portal\/en_GB\/group\/info-center\/software?inheritRedirect=true<\/a><\/p>\n<p>(3) Also Python can or is used.<\/p>\n<p>&nbsp;<\/p>\n<p>&nbsp;<\/p>\n","protected":false},"excerpt":{"rendered":"<p>Image Processing is a computer science and CBDA course possible to take also in English via independent studying by using a textbook. Sis\u00e4lt\u00f6 \/ Contents Image processing methods are presented, e.g., image restoration, filtering, compression and segmentation. Luennot \/ Lectures (in Finnish) Maanantaina 11.3. klo 10-12 sali B4113 Tiistaisin 5.3., 12.3., 26.3.-9.4. klo 10-12 sali &hellip; <a href=\"https:\/\/coursepages2.tuni.fi\/tiets05\/\" class=\"more-link\">Jatka artikkeliin <span class=\"screen-reader-text\">P\u00e4\u00e4sivu<\/span><\/a><\/p>\n","protected":false},"author":1,"featured_media":0,"parent":0,"menu_order":0,"comment_status":"closed","ping_status":"closed","template":"","meta":{"footnotes":""},"class_list":["post-5","page","type-page","status-publish","hentry"],"_links":{"self":[{"href":"https:\/\/coursepages2.tuni.fi\/tiets05\/wp-json\/wp\/v2\/pages\/5","targetHints":{"allow":["GET"]}}],"collection":[{"href":"https:\/\/coursepages2.tuni.fi\/tiets05\/wp-json\/wp\/v2\/pages"}],"about":[{"href":"https:\/\/coursepages2.tuni.fi\/tiets05\/wp-json\/wp\/v2\/types\/page"}],"author":[{"embeddable":true,"href":"https:\/\/coursepages2.tuni.fi\/tiets05\/wp-json\/wp\/v2\/users\/1"}],"replies":[{"embeddable":true,"href":"https:\/\/coursepages2.tuni.fi\/tiets05\/wp-json\/wp\/v2\/comments?post=5"}],"version-history":[{"count":45,"href":"https:\/\/coursepages2.tuni.fi\/tiets05\/wp-json\/wp\/v2\/pages\/5\/revisions"}],"predecessor-version":[{"id":105,"href":"https:\/\/coursepages2.tuni.fi\/tiets05\/wp-json\/wp\/v2\/pages\/5\/revisions\/105"}],"wp:attachment":[{"href":"https:\/\/coursepages2.tuni.fi\/tiets05\/wp-json\/wp\/v2\/media?parent=5"}],"curies":[{"name":"wp","href":"https:\/\/api.w.org\/{rel}","templated":true}]}}