{"id":5,"date":"2017-06-22T10:58:06","date_gmt":"2017-06-22T07:58:06","guid":{"rendered":"https:\/\/coursepages.uta.fi\/tieta18\/?page_id=5"},"modified":"2022-02-10T12:30:50","modified_gmt":"2022-02-10T10:30:50","slug":"paasivu","status":"publish","type":"page","link":"https:\/\/coursepages2.tuni.fi\/tieta18\/","title":{"rendered":"P\u00e4\u00e4sivu"},"content":{"rendered":"<h3>News &#8211; Important<\/h3>\n<ul>\n<li>New course code is <a href=\"https:\/\/sis-tuni.funidata.fi\/student\/courseunit\/otm-adcbfb73-ab29-468e-9f03-ef3e5bbba5cc\/brochure\">COMP.CS.070<\/a>. Please check Sisu page for more details.<\/li>\n<li><strong>This course page is not used anymore<\/strong>.<\/li>\n<\/ul>\n<h3>Teacher \/ Opettaja<\/h3>\n<p>Timo Poranen (timo.poranen at tuni.fi, Pinni B1023).<\/p>\n<h3>Sis\u00e4lt\u00f6<\/h3>\n<p><a href=\"https:\/\/www10.uta.fi\/opas\/opetusohjelma\/marjapuuro.htm?id=40281\">TIETA18 Vertaisohjaus tietojenk\u00e4sittelytieteiss\u00e4<\/a> -kurssin kuvaus opetusohjelmassa.<\/p>\n<h1>Suorittaminen<\/h1>\n<p>Kurssisuoritus koostuu liittymisest\u00e4 kurssin <a href=\"https:\/\/moodle.tuni.fi\/course\/view.php?id=13104\">Moodle-alueelle<\/a>, ohjaussuunnitelman laatimisesta, ohjausty\u00f6n tekemisest\u00e4, osallistumisesta vertaisohjaajien tapaamiseen (j\u00e4rjestet\u00e4\u00e4n tarvittaessa muutaman kerran lukuvuodessa), sek\u00e4 raportin laatimisesta ohjausty\u00f6n j\u00e4lkeen.<\/p>\n<ul>\n<li>Liity kurssin <a href=\"https:\/\/moodle.tuni.fi\/course\/view.php?id=13104\">Moodle-alueelle<\/a>. Riitt\u00e4\u00e4, ett\u00e4 olet kiinnostunut vertaisohjaamisesta, ohjauspaikkaa ei v\u00e4ltt\u00e4m\u00e4tt\u00e4 tarvitse olla viel\u00e4 tiedossa.<br \/>\nVoit k\u00e4ytt\u00e4\u00e4 halutessasi kurssin yleist\u00e4 keskustelualuetta sopivan ohjausty\u00f6n etsimiseen ja kurssisuoritukseen liittyvien asioiden kysymiseen.<\/li>\n<li>Laadi ohjaussuunnitelma ja palauta se <a href=\"https:\/\/moodle.tuni.fi\/course\/view.php?id=13104\">Moodleen<\/a>.<\/li>\n<li>Tee vertaisohjausta suunnitelmasi mukaisesti.<\/li>\n<li>Osallistu vertaisohjaajien tapaamiseen.<\/li>\n<li>Ohjauksen p\u00e4\u00e4tytty\u00e4 palauta <a href=\"https:\/\/moodle.tuni.fi\/course\/view.php?id=13104\">Moodleen<\/a> raportti tekem\u00e4sti ohjausty\u00f6st\u00e4. T\u00e4m\u00e4n j\u00e4lkeen saat opintopisteet.<\/li>\n<\/ul>\n<h3>Vertaisohjaukseen liittyv\u00e4\u00e4 materiaalia<\/h3>\n<ul>\n<li>Koho, N., Lepp\u00e4l\u00e4, J., Mustonen, E. &amp; Niemel\u00e4, T.: <a href=\"https:\/\/blogs.helsinki.fi\/viikinopet\/files\/2014\/10\/Vertaisoppimisen_monet_muodot_korkeakouluopetuksessa_17-29.pdf\">Vertaisoppimisen monet muodot korkeakouluopetuksessa<\/a>. Teaching in Life Sciences: Current practices and development, Vol 1, Fall, 2014.<\/li>\n<\/ul>\n<h3>Assignments<\/h3>\n<p>The following list contains possible student supervision tasks:<\/p>\n<ul>\n<li>Organising workshops in Project Work \/ Innovation Project (workshop topics can be: version control usage, using Balsamiq for UI design, etc.). Contact Timo Poranen to get more information.<\/li>\n<li>Vertaisohjaus <a href=\"https:\/\/www.luuppi.fi\/opiskelu\/koodinurkka\">Luupin koodipajassa<\/a>. Lis\u00e4tietoja saa Timo Poraselta (timo.poranen at tuni.fi)<\/li>\n<li>Organising a reading group in Software Project Management &#8211; Theory course. Student can study the course at the same time. The reading group can work in English or in Finnish. Contact Timo Poranen (timo.poranen at tuni) to get more information.<\/li>\n<li>Supervising and advising assignments and project works in advanced courses on human-technology interaction (e.g., Multimodal Interaction, Interaction Techniques, Human-Technology Interaction Project Work). The basic requirement is that the course &#8221;Multimodal Interaction&#8221; has been completed. Contact professor Markku Turunen (markku.turunen at tuni.fi) to get more information.<\/li>\n<\/ul>\n<h3>Ohjaussuunnitelma ja raportti<\/h3>\n<p>Palauta ohjaussuunnitelma ennen ohjausty\u00f6n aloittamista. K\u00e4y ohjaussuunnitelma l\u00e4pi niiden henkil\u00f6iden kanssa, jotka liittyv\u00e4t ohjaukseen (esimerkiksi jos ohjaat l\u00e4hinn\u00e4 LAKI-kurssiin liittyvi\u00e4 asioita, keskustele ohjaussuunnitelmasta kyseisen kurssin vastuuopettajan kanssa). Ohjaussuunnitelman laajuus on noin 1-3 sivua.<\/p>\n<p>Ohjaussuunnitelmassa on hyv\u00e4 kirjoittaa ainakin seuraavista asioista:<\/p>\n<ul>\n<li>Ohjaussuunnitelman kirjoittajan yhteystiedot.<\/li>\n<li>Ketk\u00e4 muut henkil\u00f6t liittyv\u00e4t teht\u00e4v\u00e4\u00e4n ohjaukseen (esim. Luupin koodipaja-vastaava, yksik\u00f6n opettaja).<\/li>\n<li>Ohjauksen ajankohta ja laajuus tunneissa.<\/li>\n<li>Ohjauksen ensisijainen kohderyhm\u00e4.<\/li>\n<li>Tiedottaminen (Miten ohjaamisesta tiedotetaan? Tiedotetaanko esim. Koodipajan nettisivuilla, s\u00e4hk\u00f6postilistoilla, luennoilla,&#8230;).<\/li>\n<li>Ohjaukseen valmistautuminen ja miten ohjaus tulee tapahtumaan.<\/li>\n<li>Millaista tukea tarvitaan?<\/li>\n<li>Palautteen ker\u00e4\u00e4minen ohjauksesta.<\/li>\n<\/ul>\n<p>Raportti<\/p>\n<p>Raportissa kuvaat toteutuneen ty\u00f6n ja kerrot omista kokemuksistasi vertaisohjaajana toimimisesta.<\/p>\n<h3>Peer supervision plan and report<\/h3>\n<p>Contact teacher to get more information in English.<\/p>\n","protected":false},"excerpt":{"rendered":"<p>News &#8211; Important New course code is COMP.CS.070. Please check Sisu page for more details. This course page is not used anymore. Teacher \/ Opettaja Timo Poranen (timo.poranen at tuni.fi, Pinni B1023). Sis\u00e4lt\u00f6 TIETA18 Vertaisohjaus tietojenk\u00e4sittelytieteiss\u00e4 -kurssin kuvaus opetusohjelmassa. Suorittaminen Kurssisuoritus koostuu liittymisest\u00e4 kurssin Moodle-alueelle, ohjaussuunnitelman laatimisesta, ohjausty\u00f6n tekemisest\u00e4, osallistumisesta vertaisohjaajien tapaamiseen (j\u00e4rjestet\u00e4\u00e4n tarvittaessa muutaman &hellip; <a href=\"https:\/\/coursepages2.tuni.fi\/tieta18\/\" class=\"more-link\">Jatka artikkeliin <span class=\"screen-reader-text\">P\u00e4\u00e4sivu<\/span><\/a><\/p>\n","protected":false},"author":1,"featured_media":0,"parent":0,"menu_order":0,"comment_status":"closed","ping_status":"closed","template":"","meta":{"footnotes":""},"class_list":["post-5","page","type-page","status-publish","hentry"],"_links":{"self":[{"href":"https:\/\/coursepages2.tuni.fi\/tieta18\/wp-json\/wp\/v2\/pages\/5","targetHints":{"allow":["GET"]}}],"collection":[{"href":"https:\/\/coursepages2.tuni.fi\/tieta18\/wp-json\/wp\/v2\/pages"}],"about":[{"href":"https:\/\/coursepages2.tuni.fi\/tieta18\/wp-json\/wp\/v2\/types\/page"}],"author":[{"embeddable":true,"href":"https:\/\/coursepages2.tuni.fi\/tieta18\/wp-json\/wp\/v2\/users\/1"}],"replies":[{"embeddable":true,"href":"https:\/\/coursepages2.tuni.fi\/tieta18\/wp-json\/wp\/v2\/comments?post=5"}],"version-history":[{"count":25,"href":"https:\/\/coursepages2.tuni.fi\/tieta18\/wp-json\/wp\/v2\/pages\/5\/revisions"}],"predecessor-version":[{"id":50,"href":"https:\/\/coursepages2.tuni.fi\/tieta18\/wp-json\/wp\/v2\/pages\/5\/revisions\/50"}],"wp:attachment":[{"href":"https:\/\/coursepages2.tuni.fi\/tieta18\/wp-json\/wp\/v2\/media?parent=5"}],"curies":[{"name":"wp","href":"https:\/\/api.w.org\/{rel}","templated":true}]}}