{"id":416,"date":"2020-10-23T14:29:55","date_gmt":"2020-10-23T11:29:55","guid":{"rendered":"https:\/\/coursepages.uta.fi\/tiep5-1\/?page_id=416"},"modified":"2020-12-14T17:45:26","modified_gmt":"2020-12-14T15:45:26","slug":"luennot","status":"publish","type":"page","link":"https:\/\/coursepages2.tuni.fi\/tiep5-1\/syksy-2020\/luennot\/","title":{"rendered":"Luennot"},"content":{"rendered":"\n<p>Uudesta materiaalista kerrotaan aina <em>Ajankohtaista<\/em>-palstalla.<\/p>\n\n\n\n<h2 class=\"wp-block-heading\">Luentorunko<\/h2>\n\n\n\n<p>Kurssiesite on <a href=\"https:\/\/homepages.tuni.fi\/jorma.laurikkala\/laki2\/syksy-2020\/kurssiesite\/\" data-type=\"URL\" data-id=\"https:\/\/homepages.tuni.fi\/jorma.laurikkala\/laki2\/syksy-2020\/kurssiesite\/\">t\u00e4\u00e4ll\u00e4<\/a>.<\/p>\n\n\n\n<p>Luennoilla k\u00e4sitelt\u00e4v\u00e4 aines on koottu lukuihin jaetuksi <a href=\"https:\/\/homepages.tuni.fi\/jorma.laurikkala\/laki2\/syksy-2020\/luentorunko\/\" data-type=\"URL\" data-id=\"https:\/\/homepages.tuni.fi\/jorma.laurikkala\/laki2\/syksy-2020\/luentorunko\/\">luentorungoksi<\/a>.<\/p>\n\n\n\n<h2 class=\"wp-block-heading\">Esimerkit<\/h2>\n\n\n\n<p>Laajemmat esimerkit ja satunnainen muu materiaali l\u00f6ytyv\u00e4t erillisest\u00e4 <a href=\"https:\/\/homepages.tuni.fi\/jorma.laurikkala\/laki2\/syksy-2020\/esimerkit\/\" data-type=\"URL\" data-id=\"https:\/\/homepages.tuni.fi\/jorma.laurikkala\/laki2\/syksy-2020\/esimerkit\/\">kansiosta<\/a>.<\/p>\n\n\n\n<p><strong>Tallenna esimerkkiohjelmat suoraan selaimestasi tiedostoon<\/strong>. Tallennus onnistuu yleens\u00e4 siten, ett\u00e4 klikkaat tiedoston nime\u00e4 oikealla hiiren n\u00e4pp\u00e4imell\u00e4 ja valitset sitten <em>Save Link As<\/em> tai vastaavan valinnan. <strong>\u00c4l\u00e4 kopioi ja liimaa esimerkkiohjelmia<\/strong>: Windowsissa selaimeen avatun ohjelman skandinaaviset merkit saattavat n\u00e4kyv\u00e4 v\u00e4\u00e4rin, koska l\u00e4hdekoodi annetaan utf-8-merkist\u00f6ss\u00e4. Kopioitaessa voi tapahtua merkkien muuntumisen lis\u00e4ksi my\u00f6s monta muuta virhett\u00e4. Muista valita kustakin esimerkist\u00e4 omalle k\u00e4ytt\u00f6j\u00e4rjestelm\u00e4llesi sopiva versio: luvun esimerkkien <em>windows<\/em>-kansio sis\u00e4lt\u00e4\u00e4 Windows-tyylisill\u00e4 rivinvaihdoilla tehdy\u00e4 koodia, kun taas <em>mac<\/em>&#8211;<em>linux<\/em>-kansiossa olevissa tiedostoissa rivit p\u00e4\u00e4ttyv\u00e4t Mac- ja Linux-j\u00e4rjestelmiss\u00e4 k\u00e4ytetyll\u00e4 tavalla.<\/p>\n\n\n\n<h2 class=\"wp-block-heading\">Videot<\/h2>\n\n\n\n<p>L\u00f6yd\u00e4t alta suorat linkit videoihin:<\/p>\n\n\n<ul>\n<li><a href=\"https:\/\/panopto.tuni.fi\/Panopto\/Pages\/Viewer.aspx?id=b9780b95-3182-4e07-b04c-ac5d00f6d1e2\">Aloitusluento<\/a>. (15.50 saakka n\u00e4kyviss\u00e4 vahingossa kurssiesitteen 1.\u20135. sivujen asemasta kotisivu. Alun h\u00f6pin\u00e4t avautuvat paremmin, kun katsoo <a href=\"https:\/\/homepages.tuni.fi\/jorma.laurikkala\/laki2\/syksy-2020\/kurssiesite\/\">kurssiesitett\u00e4<\/a> samalla, kun kuuntelee videon alkua.)<\/li>\n<li>Ensimm\u00e4isen Java-ohjelman tekeminen.<\/li>\n<li><a href=\"https:\/\/panopto.tuni.fi\/Panopto\/Pages\/Viewer.aspx?id=24a96cf4-c144-429e-a804-ac6000ff78c3\">Teht\u00e4v\u00e4n palautus WETOon<\/a>.<\/li>\n<\/ul>\n\n\n<p><\/p>\n","protected":false},"excerpt":{"rendered":"<p>Uudesta materiaalista kerrotaan aina Ajankohtaista-palstalla. Luentorunko Kurssiesite on t\u00e4\u00e4ll\u00e4. Luennoilla k\u00e4sitelt\u00e4v\u00e4 aines on koottu lukuihin jaetuksi luentorungoksi. Esimerkit Laajemmat esimerkit ja satunnainen muu materiaali l\u00f6ytyv\u00e4t erillisest\u00e4 kansiosta. Tallenna esimerkkiohjelmat suoraan selaimestasi tiedostoon. Tallennus onnistuu yleens\u00e4 siten, ett\u00e4 klikkaat tiedoston nime\u00e4 oikealla hiiren n\u00e4pp\u00e4imell\u00e4 ja valitset sitten Save Link As tai vastaavan valinnan. \u00c4l\u00e4 kopioi ja &hellip; <a href=\"https:\/\/coursepages2.tuni.fi\/tiep5-1\/syksy-2020\/luennot\/\" class=\"more-link\">Jatka artikkeliin <span class=\"screen-reader-text\">Luennot<\/span><\/a><\/p>\n","protected":false},"author":6,"featured_media":0,"parent":408,"menu_order":0,"comment_status":"closed","ping_status":"closed","template":"","meta":{"footnotes":""},"class_list":["post-416","page","type-page","status-publish","hentry"],"_links":{"self":[{"href":"https:\/\/coursepages2.tuni.fi\/tiep5-1\/wp-json\/wp\/v2\/pages\/416","targetHints":{"allow":["GET"]}}],"collection":[{"href":"https:\/\/coursepages2.tuni.fi\/tiep5-1\/wp-json\/wp\/v2\/pages"}],"about":[{"href":"https:\/\/coursepages2.tuni.fi\/tiep5-1\/wp-json\/wp\/v2\/types\/page"}],"author":[{"embeddable":true,"href":"https:\/\/coursepages2.tuni.fi\/tiep5-1\/wp-json\/wp\/v2\/users\/6"}],"replies":[{"embeddable":true,"href":"https:\/\/coursepages2.tuni.fi\/tiep5-1\/wp-json\/wp\/v2\/comments?post=416"}],"version-history":[{"count":14,"href":"https:\/\/coursepages2.tuni.fi\/tiep5-1\/wp-json\/wp\/v2\/pages\/416\/revisions"}],"predecessor-version":[{"id":519,"href":"https:\/\/coursepages2.tuni.fi\/tiep5-1\/wp-json\/wp\/v2\/pages\/416\/revisions\/519"}],"up":[{"embeddable":true,"href":"https:\/\/coursepages2.tuni.fi\/tiep5-1\/wp-json\/wp\/v2\/pages\/408"}],"wp:attachment":[{"href":"https:\/\/coursepages2.tuni.fi\/tiep5-1\/wp-json\/wp\/v2\/media?parent=416"}],"curies":[{"name":"wp","href":"https:\/\/api.w.org\/{rel}","templated":true}]}}