{"id":408,"date":"2020-10-23T14:17:05","date_gmt":"2020-10-23T11:17:05","guid":{"rendered":"https:\/\/coursepages.uta.fi\/tiep5-1\/?page_id=408"},"modified":"2021-05-18T23:20:50","modified_gmt":"2021-05-18T20:20:50","slug":"syksy-2020","status":"publish","type":"page","link":"https:\/\/coursepages2.tuni.fi\/tiep5-1\/syksy-2020\/","title":{"rendered":"Syksy 2020"},"content":{"rendered":"\r\n<p><strong>18.5.2021<\/strong><\/p>\r\n\r\n\r\n\r\n<p>Toinen er\u00e4 arvosanoja on julkaistu. L\u00f6yd\u00e4t arvosanat WETOn <em>Arvosanat<\/em>-kohdasta. Ota viipym\u00e4tt\u00e4 yhteys kurssin vastuuopettajaan s\u00e4hk\u00f6postitse (<em>jorma.laurikkala@tuni.fi<\/em>), jos nimesi puuttuu listalta, vaikka kaikki osasuoritukset ovat kunnossa tai jos nimesi ei pit\u00e4isi olla listalla. Kurssisuorituksen arvosana on hyv\u00e4ksytty (HYV). Arvosanat on tallennettu opintorekisteriin. Suoritusp\u00e4iv\u00e4m\u00e4\u00e4r\u00e4 on harjoitusty\u00f6n palautuksen takaraja 18.5.2021. (23.17)<\/p>\r\n\r\n<p><strong>4.5.2021<\/strong><\/p>\r\n<p>Lis\u00e4harjoitukset on tarkistettu. Harjoitukset on hyv\u00e4ksytty kaikkien lis\u00e4teht\u00e4vi\u00e4 palauttaneiden kurssilaisten osalta. (18.06)<\/p>\r\n\r\n\r\n<p><strong>7.4.2021<\/strong><\/p>\r\n\r\n\r\n\r\n<p><a href=\"https:\/\/coursepages2.tuni.fi\/tiep5-1\/syksy-2020\/harjoitukset\/tehtavat\/\">Lis\u00e4harjoitukset<\/a> on julkaistu ja niiden WETO-palautus on avattu. Teht\u00e4v\u00e4t on tarkoitettu ainoastaan opiskelijoille, jotka pystyv\u00e4t saavuttamaan 60 % -rajan (26 teht\u00e4v\u00e4\u00e4) tekem\u00e4ll\u00e4 1\u20138 kpl lis\u00e4teht\u00e4vi\u00e4. Kaikille 18\u201325 kappaletta teht\u00e4vi\u00e4 tehneille on l\u00e4hetetty postia. Ota yhteytt\u00e4, jos et ole saanut postia, vaikka oman kirjanpitosi mukaan 60 % -rajan rikkominen on mahdollista lis\u00e4teht\u00e4vill\u00e4. Palauta vastauksesi WETO-j\u00e4rjestelm\u00e4\u00e4n viimeist\u00e4\u00e4n perjantaina 30.4.2021 klo 23.55. (22.30)<\/p>\r\n\r\n\r\n\r\n<p><strong>6.4.2021<\/strong><\/p>\r\n\r\n\r\n\r\n<p>Ensimm\u00e4inen er\u00e4 arvosanoja on julkaistu. L\u00f6yd\u00e4t arvosanat WETOn <em>Arvosanat<\/em>-kohdasta. Ota viipym\u00e4tt\u00e4 yhteys kurssin vastuuopettajaan s\u00e4hk\u00f6postitse (<em>jorma.laurikkala@tuni.fi<\/em>), jos nimesi puuttuu listalta, vaikka kaikki osasuoritukset ovat kunnossa tai jos nimesi ei pit\u00e4isi olla listalla. Kurssisuorituksen arvosana on hyv\u00e4ksytty (HYV). Arvosanat on tallennettu opintorekisteriin. Suoritusp\u00e4iv\u00e4m\u00e4\u00e4r\u00e4 on harjoitusty\u00f6n palautuksen takaraja 8.2.2021. (22.15)<\/p>\r\n\r\n\r\n\r\n<p><strong>19.1.2021<\/strong><\/p>\r\n\r\n\r\n\r\n<p>Harjoitusty\u00f6n palautus on avattu WETOssa. Samalla on julkaistu <a href=\"https:\/\/coursepages2.tuni.fi\/tiep5-1\/syksy-2020\/harjoitustyo\/\">esimerkkiajot<\/a>. Salaiset testit tulevat olemaan erilaiset kuin edellisell\u00e4 kurssitoteutuksella. (22.10)<\/p>\r\n\r\n\r\n\r\n<p><strong>15.1.2021<\/strong><\/p>\r\n\r\n\r\n\r\n<p>Kimmo ohjaa harjoitusty\u00f6t\u00e4 Zoomin kautta klo 12\u201314 maanantaina 18.1., 25.1., 1.2. ja 8.2. Kokouslinkki on sam kuin Kimmon harjoitusohjausten linkki, joka l\u00f6ytyy WETOsta. Ohjauksissa voi kysy\u00e4 my\u00f6s viimeist\u00e4 harjoituksista. (14.39)<\/p>\r\n\r\n\r\n\r\n<p><strong>17.12.2020<\/strong><\/p>\r\n\r\n\r\n\r\n<p>Huomisen (pe 18.12. klo 10\u201312) ohjauksen Zoom-kokouslinkki on WETOssa. Maanantain ohjaus (21.12. 12\u201314) on harjoituksista tuttu Kimmon Zoom-kokous. Molemmissa ohjauksissa voi kysy\u00e4 sek\u00e4 viimeisist\u00e4 harjoituksista ett\u00e4 harjoitusty\u00f6st\u00e4. (21.51)<\/p>\r\n\r\n\r\n\r\n<p><strong>16.12.2020<\/strong><\/p>\r\n\r\n\r\n\r\n<p>Kuudennen harjoituksen palautus on avattu WETOssa (https:\/\/wetodev.sis.uta.fi\/). <strong>Palautusaikaa on jatkettu kurssilaisten pyynn\u00f6st\u00e4 ensi vuoden puolelle torstaihin 28.1.2021 klo 23.55 saakka<\/strong>. Harjoituksia kannattaa tehd\u00e4, vaikka 60 %:n raja olisi jo rikottu (yli puolella kurssilaisista on nyt v\u00e4hint\u00e4\u00e4n vaadittu m\u00e4\u00e4r\u00e4 pisteit\u00e4), koska osa teht\u00e4vist\u00e4 liittyy suoraan harjoitusty\u00f6h\u00f6n ja rekursio on ohjelmointitekniikka, jota tarvitaan my\u00f6hemmill\u00e4 ohjelmointikursseilla. Kerro mahdollisista teknisist\u00e4 ongelmista kurssin vastuuopettajalle esimerkiksi s\u00e4hk\u00f6postilla. (19.43)<\/p>\r\n\r\n\r\n\r\n<p>Kolmas, nelj\u00e4s ja viides harjoitus on tarkistettu. Kimmo tarkisti kolmannen ja nelj\u00e4nnen harjoituskerran 1.12. ja viidennen harjoituskerran 6.12. Tarkista pisteesi WETOsta ja muista tutustua <a href=\"https:\/\/coursepages2.tuni.fi\/tiep5-1\/syksy-2020\/harjoitukset\/ratkaisujen-tarkistus\/palaute\/\">koottuun palautteeseen<\/a> (viidennen harjoituksen palaute tulee my\u00f6hemmin) ja WETOssa julkaistuihin mallivastauksiin. (19.35)<\/p>\r\n\r\n\r\n\r\n<p>Viidennen harjoituksen mallivastaukset on julkaistu WETOssa. (19.01)<\/p>\r\n\r\n\r\n\r\n<p><strong>14.12.2020<\/strong><\/p>\r\n\r\n\r\n\r\n<p>Harjoitusty\u00f6n infokalvot ja tarkka teht\u00e4v\u00e4nanto on julkaistu korona-aikaan <a href=\"https:\/\/coursepages2.tuni.fi\/tiep5-1\/syksy-2020\/harjoitustyo\/\" data-type=\"URL\" data-id=\"https:\/\/coursepages2.tuni.fi\/tiep5-1\/syksy-2020\/harjoitustyo\/\">p\u00e4ivitettyin\u00e4<\/a>. Ty\u00f6n teko kannattaa aloittaa ennen joulua, vaikka palautus onkin ensi vuoden puolella. Harjoitusty\u00f6n ja viimeisten harjoitusten julkaisu venyi toisen kurssin, sairastuminen ja muutaman muun ep\u00e4suotuisan seikan vuoksi. (23.20)<\/p>\r\n\r\n\r\n\r\n<p>Viimeiset (kuudennet) <a href=\"https:\/\/coursepages2.tuni.fi\/tiep5-1\/syksy-2020\/harjoitukset\/tehtavat\/\">viikkoharjoitukset<\/a> on julkaistu. Muista, ett\u00e4 hyv\u00e4ksytyist\u00e4 ratkaisuista ker\u00e4ttyjen pisteiden summan tulee olla v\u00e4hint\u00e4\u00e4n 60 % (<strong>26 pistett\u00e4<\/strong>) teht\u00e4vien kokonaism\u00e4\u00e4r\u00e4st\u00e4 (42 kpl). Teht\u00e4viin on tarjolla apua Zoom-ohjauksissa perjantaina 18.12. klo 10\u201312 ja maanantaina 21.12. klo 12\u201314. Osa harjoituksen teht\u00e4vist\u00e4 liittyy joko suoraan tai ep\u00e4suorasti kurssin harjoitusty\u00f6h\u00f6n. Palauta vastauksesi viimeist\u00e4\u00e4n ensi viikon tiistaina 22.12. klo 23.55. Vastuuopettaja tiedottaa, kun WETO on avattu ratkaisujen palautusta varten. (20.41)<\/p>\r\n\r\n\r\n\r\n<p>Kurssimateriaali on taas sivuilla. Materiaali oli pois pelist\u00e4, koska materiaalin sis\u00e4lt\u00e4nyt palvelin ajettiin alas. (17.51)<\/p>\r\n\r\n\r\n\r\n<p><strong>24.11.2020<\/strong><\/p>\r\n\r\n\r\n\r\n<p>Kolmannen ja nelj\u00e4nnen harjoituksen mallivastaukset on julkaistu WETOssa. (20.40)<\/p>\r\n\r\n\r\n\r\n<p>Viidennen harjoituksen palautus on avattu WETOssa (https:\/\/wetodev.sis.uta.fi\/). Kerro mahdollisista teknisist\u00e4 ongelmista kurssin vastuuopettajalle esimerkiksi s\u00e4hk\u00f6postilla. (19.54)<\/p>\r\n\r\n\r\n\r\n<p><strong>18.11.2020<\/strong><\/p>\r\n\r\n\r\n\r\n<p>Luvun 3.2 esimerkkikansioon on lis\u00e4tty siit\u00e4 pois j\u00e4\u00e4neet <em>SuurinArvo2<\/em>&#8211; ja <em>Kehystaja4<\/em>-ohjelmat. Loput esimerkit (luku 4) on my\u00f6s julkaistu. (18.35)<\/p>\r\n\r\n\r\n\r\n<p><a href=\"https:\/\/coursepages2.tuni.fi\/tiep5-1\/syksy-2020\/luennot\/\">Luentorungon<\/a> loppuosa (luvut 4 ja 5) on julkaistu. Muutama kirjoitusvirhe on korjattu. Muilta osin materiaali on samaa kuin viime vuonna. (18.12)<\/p>\r\n\r\n\r\n\r\n<p>Ensimm\u00e4inen ja toinen harjoitus on tarkistettu. Tarkista pisteesi WETOsta ja muista tutustua <a href=\"https:\/\/coursepages2.tuni.fi\/tiep5-1\/syksy-2020\/harjoitukset\/ratkaisujen-tarkistus\/palaute\/\" data-type=\"URL\" data-id=\"https:\/\/coursepages2.tuni.fi\/tiep5-1\/syksy-2020\/harjoitukset\/ratkaisujen-tarkistus\/palaute\/\">koottuun palautteeseen<\/a> ja WETOssa julkaistuihin mallivastauksiin. (0.59)<\/p>\r\n\r\n\r\n\r\n<p>Viidennet <a href=\"https:\/\/coursepages2.tuni.fi\/tiep5-1\/syksy-2020\/harjoitukset\/tehtavat\/\">viikkoharjoitukset<\/a> on julkaistu. Osa harjoituksen teht\u00e4vist\u00e4 liittyy joko suoraan tai ep\u00e4suorasti kurssin harjoitusty\u00f6h\u00f6n. Harjoitusty\u00f6 edistyy sit\u00e4 paremmin, mit\u00e4 enemm\u00e4n teht\u00e4vi\u00e4 ratkaiset. Palauta vastauksesi viimeist\u00e4\u00e4n ensi viikon torstaina 26.11. klo 23.55. Vastuuopettaja tiedottaa, kun WETO on avattu ratkaisujen palautusta varten. (0.32)<\/p>\r\n\r\n\r\n\r\n<p>Kolmannen ja nelj\u00e4nnen harjoituksen palautus on avattu WETOssa (https:\/\/wetodev.sis.uta.fi\/). Kerro mahdollisista teknisist\u00e4 ongelmista kurssin vastuuopettajalle esimerkiksi s\u00e4hk\u00f6postilla. (0.07)<\/p>\r\n\r\n\r\n\r\n<p><strong>9.11.2020<\/strong><\/p>\r\n\r\n\r\n\r\n<p>Kolmannet ja nelj\u00e4nnet <a href=\"https:\/\/coursepages2.tuni.fi\/tiep5-1\/syksy-2020\/harjoitukset\/tehtavat\/\">viikkoharjoitukset<\/a> on julkaistu. Kolmansien harjoitusten julkaisu on pahasti my\u00f6h\u00e4ss\u00e4. Palautusaikaa on siksi jatkettu molempien harjoitusten osalta. Palauta vastauksesi WETO-j\u00e4rjestelm\u00e4\u00e4n viimeist\u00e4\u00e4n ensi viikon sunnuntaina 22.11. klo 23.55. Vastuuopettaja tiedottaa, kun WETO on avattu ratkaisujen palautusta varten. (15.01)<\/p>\r\n\r\n\r\n\r\n<p><a href=\"https:\/\/coursepages2.tuni.fi\/tiep5-1\/syksy-2020\/luennot\/\">Luentorungon<\/a> toinen ja kolmas luku on julkaistu. Viime vuoteen verrattuna vain pieni\u00e4 muutoksia ja korjauksia. (14.40)<\/p>\r\n\r\n\r\n\r\n<p>T\u00e4m\u00e4n p\u00e4iv\u00e4inen harjoitusryhm\u00e4 on siirretty perjantaille (13.11.) klo 12\u201314. Harjoituksen Zoom-tiedot julkaistaan WETOssa. (11.47)<\/p>\r\n\r\n\r\n\r\n<p><strong>2.11.2020<\/strong><\/p>\r\n\r\n\r\n\r\n<p>Toisen harjoituksen palautus on avattu WETOssa (https:\/\/wetodev.sis.uta.fi\/). Kerro mahdollisista teknisist\u00e4 ongelmista kurssin vastuuopettajalle esimerkiksi s\u00e4hk\u00f6postilla. (12.37)<\/p>\r\n\r\n\r\n\r\n<p><strong>29.10.2020<\/strong><\/p>\r\n\r\n\r\n\r\n<p>JDK:n asennusohjeet on julkaistu kevyesti p\u00e4ivitettyn\u00e4. Asia l\u00e4hes t\u00e4ysin samaa kuin syksyn 2019 kurssilla. T\u00e4rkein muutos on maininta Oraclen JDK:n lisenssiin liittyen. Lisenssoinnin muutoksella ei ole vaikutuksia kurssilaisiin: kotik\u00e4ytt\u00f6 on edelleen ilmaista. (15.27)<\/p>\r\n\r\n\r\n\r\n<p><strong>26.10.2020<\/strong><\/p>\r\n\r\n\r\n\r\n<p>Toiset <a href=\"https:\/\/coursepages2.tuni.fi\/tiep5-1\/syksy-2020\/harjoitukset\/tehtavat\/\">viikkoharjoitukset<\/a> on julkaistu. Luentorungon ensimm\u00e4inen luku kattaa n\u00e4idenkin harjoitusten aineksen. Palauta vastauksesi viimeist\u00e4\u00e4n ensi viikon torstaina 5.11. klo 23.55. Vastuuopettaja tiedottaa, kun WETO on avattu ratkaisujen palautusta varten. (17.56)<\/p>\r\n\r\n\r\n\r\n<p>WETOn k\u00e4ytt\u00f6\u00f6n opastava <a href=\"https:\/\/coursepages2.tuni.fi\/tiep5-1\/syksy-2020\/luennot\/\" data-type=\"URL\" data-id=\"https:\/\/coursepages2.tuni.fi\/tiep5-1\/syksy-2020\/luennot\/\">video<\/a> on julkaistu. Video t\u00e4ydent\u00e4\u00e4 tekstimuodossa annettuja ohjeita. (17.50)<\/p>\r\n\r\n\r\n\r\n<p>Ensimm\u00e4isen harjoituksen palautus on avattu WETOssa (https:\/\/wetodev.sis.uta.fi\/) ja <a href=\"https:\/\/coursepages2.tuni.fi\/tiep5-1\/syksy-2020\/harjoitukset\/ratkaisujen-tarkistus\/\" data-type=\"URL\" data-id=\"https:\/\/coursepages2.tuni.fi\/tiep5-1\/syksy-2020\/harjoitukset\/ratkaisujen-tarkistus\/\">ratkaisujen tarkistuksen ohjeistus<\/a> on p\u00e4ivitetty. Kerro mahdollisista teknisist\u00e4 ongelmista kurssin vastuuopettajalle esimerkiksi s\u00e4hk\u00f6postilla. (11.47)<\/p>\r\n\r\n\r\n\r\n<p>Kimmon maanantaisen Zoom-ohjauksen linkki l\u00f6ytyy nyt WETOsta (https:\/\/wetodev.sis.uta.fi\/): valitse kurssilistasta &#8221;Lausekielinen ohjelmointi II 2020&#8221; ja vastaa my\u00f6nt\u00e4v\u00e4sti, kun WETO kysyy haluatko rekister\u00f6ity\u00e4 kurssille, jolloin p\u00e4\u00e4set kurssin WETO-sivuille. Valitse sitten &#8221;Zoom-ohjausten linkit&#8221;. (10.47)<\/p>\r\n\r\n\r\n\r\n<p><strong>23.10.2020<\/strong><\/p>\r\n\r\n\r\n\r\n<p>Ensimm\u00e4iset <a href=\"https:\/\/coursepages2.tuni.fi\/tiep5-1\/syksy-2020\/harjoitukset\/tehtavat\/\" data-type=\"URL\" data-id=\"https:\/\/coursepages2.tuni.fi\/tiep5-1\/syksy-2020\/harjoitukset\/tehtavat\/\">viikkoharjoitukset<\/a> on julkaistu ja palautusaikaa on jatkettu. Palauta vastauksesi viimeist\u00e4\u00e4n ensi viikon sunnuntaina 1.11. klo 23.55. Vastuuopettaja tiedottaa, kun WETO on avattu ratkaisujen palautusta varten. (15.46)<\/p>\r\n\r\n\r\n\r\n<p><a href=\"https:\/\/coursepages2.tuni.fi\/tiep5-1\/syksy-2020\/luennot\/\" data-type=\"URL\" data-id=\"https:\/\/coursepages2.tuni.fi\/tiep5-1\/syksy-2020\/luennot\/\">Luentorungon<\/a> ensimm\u00e4inen luku on julkaistu. (15.30)<\/p>\r\n\r\n\r\n\r\n<p><strong>4.5.2021<\/strong><\/p>\r\n<p>Lis\u00e4harjoitukset on tarkistettu. Harjoitukset on hyv\u00e4ksytty kaikkien lis\u00e4teht\u00e4vi\u00e4 palauttaneiden kurssilaisten osalta. (18.06)<\/p>\r\n\r\n\r\n<p><strong>7.4.2021<\/strong><\/p>\r\n\r\n\r\n\r\n<p><a href=\"https:\/\/coursepages2.tuni.fi\/tiep5-1\/syksy-2020\/harjoitukset\/tehtavat\/\">Lis\u00e4harjoitukset<\/a> on julkaistu ja niiden WETO-palautus on avattu. Teht\u00e4v\u00e4t on tarkoitettu ainoastaan opiskelijoille, jotka pystyv\u00e4t saavuttamaan 60 % -rajan (26 teht\u00e4v\u00e4\u00e4) tekem\u00e4ll\u00e4 1\u20138 kpl lis\u00e4teht\u00e4vi\u00e4. Kaikille 18\u201325 kappaletta teht\u00e4vi\u00e4 tehneille on l\u00e4hetetty postia. Ota yhteytt\u00e4, jos et ole saanut postia, vaikka oman kirjanpitosi mukaan 60 % -rajan rikkominen on mahdollista lis\u00e4teht\u00e4vill\u00e4. Palauta vastauksesi WETO-j\u00e4rjestelm\u00e4\u00e4n viimeist\u00e4\u00e4n perjantaina 30.4.2021 klo 23.55. (22.30)<\/p>\r\n\r\n\r\n\r\n<p><strong>6.4.2021<\/strong><\/p>\r\n\r\n\r\n\r\n<p>Ensimm\u00e4inen er\u00e4 arvosanoja on julkaistu. L\u00f6yd\u00e4t arvosanat WETOn <em>Arvosanat<\/em>-kohdasta. Ota viipym\u00e4tt\u00e4 yhteys kurssin vastuuopettajaan s\u00e4hk\u00f6postitse (<em>jorma.laurikkala@tuni.fi<\/em>), jos nimesi puuttuu listalta, vaikka kaikki osasuoritukset ovat kunnossa tai jos nimesi ei pit\u00e4isi olla listalla. Kurssisuorituksen arvosana on hyv\u00e4ksytty (HYV). Arvosanat on tallennettu opintorekisteriin. Suoritusp\u00e4iv\u00e4m\u00e4\u00e4r\u00e4 on harjoitusty\u00f6n palautuksen takaraja 8.2.2021. (22.15)<\/p>\r\n\r\n\r\n\r\n<p><strong>19.1.2021<\/strong><\/p>\r\n\r\n\r\n\r\n<p>Harjoitusty\u00f6n palautus on avattu WETOssa. Samalla on julkaistu <a href=\"https:\/\/coursepages2.tuni.fi\/tiep5-1\/syksy-2020\/harjoitustyo\/\">esimerkkiajot<\/a>. Salaiset testit tulevat olemaan erilaiset kuin edellisell\u00e4 kurssitoteutuksella. (22.10)<\/p>\r\n\r\n\r\n\r\n<p><strong>15.1.2021<\/strong><\/p>\r\n\r\n\r\n\r\n<p>Kimmo ohjaa harjoitusty\u00f6t\u00e4 Zoomin kautta klo 12\u201314 maanantaina 18.1., 25.1., 1.2. ja 8.2. Kokouslinkki on sam kuin Kimmon harjoitusohjausten linkki, joka l\u00f6ytyy WETOsta. Ohjauksissa voi kysy\u00e4 my\u00f6s viimeist\u00e4 harjoituksista. (14.39)<\/p>\r\n\r\n\r\n\r\n<p><strong>17.12.2020<\/strong><\/p>\r\n\r\n\r\n\r\n<p>Huomisen (pe 18.12. klo 10\u201312) ohjauksen Zoom-kokouslinkki on WETOssa. Maanantain ohjaus (21.12. 12\u201314) on harjoituksista tuttu Kimmon Zoom-kokous. Molemmissa ohjauksissa voi kysy\u00e4 sek\u00e4 viimeisist\u00e4 harjoituksista ett\u00e4 harjoitusty\u00f6st\u00e4. (21.51)<\/p>\r\n\r\n\r\n\r\n<p><strong>16.12.2020<\/strong><\/p>\r\n\r\n\r\n\r\n<p>Kuudennen harjoituksen palautus on avattu WETOssa (https:\/\/wetodev.sis.uta.fi\/). <strong>Palautusaikaa on jatkettu kurssilaisten pyynn\u00f6st\u00e4 ensi vuoden puolelle torstaihin 28.1.2021 klo 23.55 saakka<\/strong>. Harjoituksia kannattaa tehd\u00e4, vaikka 60 %:n raja olisi jo rikottu (yli puolella kurssilaisista on nyt v\u00e4hint\u00e4\u00e4n vaadittu m\u00e4\u00e4r\u00e4 pisteit\u00e4), koska osa teht\u00e4vist\u00e4 liittyy suoraan harjoitusty\u00f6h\u00f6n ja rekursio on ohjelmointitekniikka, jota tarvitaan my\u00f6hemmill\u00e4 ohjelmointikursseilla. Kerro mahdollisista teknisist\u00e4 ongelmista kurssin vastuuopettajalle esimerkiksi s\u00e4hk\u00f6postilla. (19.43)<\/p>\r\n\r\n\r\n\r\n<p>Kolmas, nelj\u00e4s ja viides harjoitus on tarkistettu. Kimmo tarkisti kolmannen ja nelj\u00e4nnen harjoituskerran 1.12. ja viidennen harjoituskerran 6.12. Tarkista pisteesi WETOsta ja muista tutustua <a href=\"https:\/\/coursepages2.tuni.fi\/tiep5-1\/syksy-2020\/harjoitukset\/ratkaisujen-tarkistus\/palaute\/\">koottuun palautteeseen<\/a> (viidennen harjoituksen palaute tulee my\u00f6hemmin) ja WETOssa julkaistuihin mallivastauksiin. (19.35)<\/p>\r\n\r\n\r\n\r\n<p>Viidennen harjoituksen mallivastaukset on julkaistu WETOssa. (19.01)<\/p>\r\n\r\n\r\n\r\n<p><strong>14.12.2020<\/strong><\/p>\r\n\r\n\r\n\r\n<p>Harjoitusty\u00f6n infokalvot ja tarkka teht\u00e4v\u00e4nanto on julkaistu korona-aikaan <a href=\"https:\/\/coursepages2.tuni.fi\/tiep5-1\/syksy-2020\/harjoitustyo\/\" data-type=\"URL\" data-id=\"https:\/\/coursepages2.tuni.fi\/tiep5-1\/syksy-2020\/harjoitustyo\/\">p\u00e4ivitettyin\u00e4<\/a>. Ty\u00f6n teko kannattaa aloittaa ennen joulua, vaikka palautus onkin ensi vuoden puolella. Harjoitusty\u00f6n ja viimeisten harjoitusten julkaisu venyi toisen kurssin, sairastuminen ja muutaman muun ep\u00e4suotuisan seikan vuoksi. (23.20)<\/p>\r\n\r\n\r\n\r\n<p>Viimeiset (kuudennet) <a href=\"https:\/\/coursepages2.tuni.fi\/tiep5-1\/syksy-2020\/harjoitukset\/tehtavat\/\">viikkoharjoitukset<\/a> on julkaistu. Muista, ett\u00e4 hyv\u00e4ksytyist\u00e4 ratkaisuista ker\u00e4ttyjen pisteiden summan tulee olla v\u00e4hint\u00e4\u00e4n 60 % (<strong>26 pistett\u00e4<\/strong>) teht\u00e4vien kokonaism\u00e4\u00e4r\u00e4st\u00e4 (42 kpl). Teht\u00e4viin on tarjolla apua Zoom-ohjauksissa perjantaina 18.12. klo 10\u201312 ja maanantaina 21.12. klo 12\u201314. Osa harjoituksen teht\u00e4vist\u00e4 liittyy joko suoraan tai ep\u00e4suorasti kurssin harjoitusty\u00f6h\u00f6n. Palauta vastauksesi viimeist\u00e4\u00e4n ensi viikon tiistaina 22.12. klo 23.55. Vastuuopettaja tiedottaa, kun WETO on avattu ratkaisujen palautusta varten. (20.41)<\/p>\r\n\r\n\r\n\r\n<p>Kurssimateriaali on taas sivuilla. Materiaali oli pois pelist\u00e4, koska materiaalin sis\u00e4lt\u00e4nyt palvelin ajettiin alas. (17.51)<\/p>\r\n\r\n\r\n\r\n<p><strong>24.11.2020<\/strong><\/p>\r\n\r\n\r\n\r\n<p>Kolmannen ja nelj\u00e4nnen harjoituksen mallivastaukset on julkaistu WETOssa. (20.40)<\/p>\r\n\r\n\r\n\r\n<p>Viidennen harjoituksen palautus on avattu WETOssa (https:\/\/wetodev.sis.uta.fi\/). Kerro mahdollisista teknisist\u00e4 ongelmista kurssin vastuuopettajalle esimerkiksi s\u00e4hk\u00f6postilla. (19.54)<\/p>\r\n\r\n\r\n\r\n<p><strong>18.11.2020<\/strong><\/p>\r\n\r\n\r\n\r\n<p>Luvun 3.2 esimerkkikansioon on lis\u00e4tty siit\u00e4 pois j\u00e4\u00e4neet <em>SuurinArvo2<\/em>&#8211; ja <em>Kehystaja4<\/em>-ohjelmat. Loput esimerkit (luku 4) on my\u00f6s julkaistu. (18.35)<\/p>\r\n\r\n\r\n\r\n<p><a href=\"https:\/\/coursepages2.tuni.fi\/tiep5-1\/syksy-2020\/luennot\/\">Luentorungon<\/a> loppuosa (luvut 4 ja 5) on julkaistu. Muutama kirjoitusvirhe on korjattu. Muilta osin materiaali on samaa kuin viime vuonna. (18.12)<\/p>\r\n\r\n\r\n\r\n<p>Ensimm\u00e4inen ja toinen harjoitus on tarkistettu. Tarkista pisteesi WETOsta ja muista tutustua <a href=\"https:\/\/coursepages2.tuni.fi\/tiep5-1\/syksy-2020\/harjoitukset\/ratkaisujen-tarkistus\/palaute\/\" data-type=\"URL\" data-id=\"https:\/\/coursepages2.tuni.fi\/tiep5-1\/syksy-2020\/harjoitukset\/ratkaisujen-tarkistus\/palaute\/\">koottuun palautteeseen<\/a> ja WETOssa julkaistuihin mallivastauksiin. (0.59)<\/p>\r\n\r\n\r\n\r\n<p>Viidennet <a href=\"https:\/\/coursepages2.tuni.fi\/tiep5-1\/syksy-2020\/harjoitukset\/tehtavat\/\">viikkoharjoitukset<\/a> on julkaistu. Osa harjoituksen teht\u00e4vist\u00e4 liittyy joko suoraan tai ep\u00e4suorasti kurssin harjoitusty\u00f6h\u00f6n. Harjoitusty\u00f6 edistyy sit\u00e4 paremmin, mit\u00e4 enemm\u00e4n teht\u00e4vi\u00e4 ratkaiset. Palauta vastauksesi viimeist\u00e4\u00e4n ensi viikon torstaina 26.11. klo 23.55. Vastuuopettaja tiedottaa, kun WETO on avattu ratkaisujen palautusta varten. (0.32)<\/p>\r\n\r\n\r\n\r\n<p>Kolmannen ja nelj\u00e4nnen harjoituksen palautus on avattu WETOssa (https:\/\/wetodev.sis.uta.fi\/). Kerro mahdollisista teknisist\u00e4 ongelmista kurssin vastuuopettajalle esimerkiksi s\u00e4hk\u00f6postilla. (0.07)<\/p>\r\n\r\n\r\n\r\n<p><strong>9.11.2020<\/strong><\/p>\r\n\r\n\r\n\r\n<p>Kolmannet ja nelj\u00e4nnet <a href=\"https:\/\/coursepages2.tuni.fi\/tiep5-1\/syksy-2020\/harjoitukset\/tehtavat\/\">viikkoharjoitukset<\/a> on julkaistu. Kolmansien harjoitusten julkaisu on pahasti my\u00f6h\u00e4ss\u00e4. Palautusaikaa on siksi jatkettu molempien harjoitusten osalta. Palauta vastauksesi WETO-j\u00e4rjestelm\u00e4\u00e4n viimeist\u00e4\u00e4n ensi viikon sunnuntaina 22.11. klo 23.55. Vastuuopettaja tiedottaa, kun WETO on avattu ratkaisujen palautusta varten. (15.01)<\/p>\r\n\r\n\r\n\r\n<p><a href=\"https:\/\/coursepages2.tuni.fi\/tiep5-1\/syksy-2020\/luennot\/\">Luentorungon<\/a> toinen ja kolmas luku on julkaistu. Viime vuoteen verrattuna vain pieni\u00e4 muutoksia ja korjauksia. (14.40)<\/p>\r\n\r\n\r\n\r\n<p>T\u00e4m\u00e4n p\u00e4iv\u00e4inen harjoitusryhm\u00e4 on siirretty perjantaille (13.11.) klo 12\u201314. Harjoituksen Zoom-tiedot julkaistaan WETOssa. (11.47)<\/p>\r\n\r\n\r\n\r\n<p><strong>2.11.2020<\/strong><\/p>\r\n\r\n\r\n\r\n<p>Toisen harjoituksen palautus on avattu WETOssa (https:\/\/wetodev.sis.uta.fi\/). Kerro mahdollisista teknisist\u00e4 ongelmista kurssin vastuuopettajalle esimerkiksi s\u00e4hk\u00f6postilla. (12.37)<\/p>\r\n\r\n\r\n\r\n<p><strong>29.10.2020<\/strong><\/p>\r\n\r\n\r\n\r\n<p>JDK:n asennusohjeet on julkaistu kevyesti p\u00e4ivitettyn\u00e4. Asia l\u00e4hes t\u00e4ysin samaa kuin syksyn 2019 kurssilla. T\u00e4rkein muutos on maininta Oraclen JDK:n lisenssiin liittyen. Lisenssoinnin muutoksella ei ole vaikutuksia kurssilaisiin: kotik\u00e4ytt\u00f6 on edelleen ilmaista. (15.27)<\/p>\r\n\r\n\r\n\r\n<p><strong>26.10.2020<\/strong><\/p>\r\n\r\n\r\n\r\n<p>Toiset <a href=\"https:\/\/coursepages2.tuni.fi\/tiep5-1\/syksy-2020\/harjoitukset\/tehtavat\/\">viikkoharjoitukset<\/a> on julkaistu. Luentorungon ensimm\u00e4inen luku kattaa n\u00e4idenkin harjoitusten aineksen. Palauta vastauksesi viimeist\u00e4\u00e4n ensi viikon torstaina 5.11. klo 23.55. Vastuuopettaja tiedottaa, kun WETO on avattu ratkaisujen palautusta varten. (17.56)<\/p>\r\n\r\n\r\n\r\n<p>WETOn k\u00e4ytt\u00f6\u00f6n opastava <a href=\"https:\/\/coursepages2.tuni.fi\/tiep5-1\/syksy-2020\/luennot\/\" data-type=\"URL\" data-id=\"https:\/\/coursepages2.tuni.fi\/tiep5-1\/syksy-2020\/luennot\/\">video<\/a> on julkaistu. Video t\u00e4ydent\u00e4\u00e4 tekstimuodossa annettuja ohjeita. (17.50)<\/p>\r\n\r\n\r\n\r\n<p>Ensimm\u00e4isen harjoituksen palautus on avattu WETOssa (https:\/\/wetodev.sis.uta.fi\/) ja <a href=\"https:\/\/coursepages2.tuni.fi\/tiep5-1\/syksy-2020\/harjoitukset\/ratkaisujen-tarkistus\/\" data-type=\"URL\" data-id=\"https:\/\/coursepages2.tuni.fi\/tiep5-1\/syksy-2020\/harjoitukset\/ratkaisujen-tarkistus\/\">ratkaisujen tarkistuksen ohjeistus<\/a> on p\u00e4ivitetty. Kerro mahdollisista teknisist\u00e4 ongelmista kurssin vastuuopettajalle esimerkiksi s\u00e4hk\u00f6postilla. (11.47)<\/p>\r\n\r\n\r\n\r\n<p>Kimmon maanantaisen Zoom-ohjauksen linkki l\u00f6ytyy nyt WETOsta (https:\/\/wetodev.sis.uta.fi\/): valitse kurssilistasta &#8221;Lausekielinen ohjelmointi II 2020&#8221; ja vastaa my\u00f6nt\u00e4v\u00e4sti, kun WETO kysyy haluatko rekister\u00f6ity\u00e4 kurssille, jolloin p\u00e4\u00e4set kurssin WETO-sivuille. Valitse sitten &#8221;Zoom-ohjausten linkit&#8221;. (10.47)<\/p>\r\n\r\n\r\n\r\n<p><strong>23.10.2020<\/strong><\/p>\r\n\r\n\r\n\r\n<p>Ensimm\u00e4iset <a href=\"https:\/\/coursepages2.tuni.fi\/tiep5-1\/syksy-2020\/harjoitukset\/tehtavat\/\" data-type=\"URL\" data-id=\"https:\/\/coursepages2.tuni.fi\/tiep5-1\/syksy-2020\/harjoitukset\/tehtavat\/\">viikkoharjoitukset<\/a> on julkaistu ja palautusaikaa on jatkettu. Palauta vastauksesi viimeist\u00e4\u00e4n ensi viikon sunnuntaina 1.11. klo 23.55. Vastuuopettaja tiedottaa, kun WETO on avattu ratkaisujen palautusta varten. (15.46)<\/p>\r\n\r\n\r\n\r\n<p><a href=\"https:\/\/coursepages2.tuni.fi\/tiep5-1\/syksy-2020\/luennot\/\" data-type=\"URL\" data-id=\"https:\/\/coursepages2.tuni.fi\/tiep5-1\/syksy-2020\/luennot\/\">Luentorungon<\/a> ensimm\u00e4inen luku on julkaistu. (15.30)<\/p>\r\n","protected":false},"excerpt":{"rendered":"<p>18.5.2021 Toinen er\u00e4 arvosanoja on julkaistu. L\u00f6yd\u00e4t arvosanat WETOn Arvosanat-kohdasta. Ota viipym\u00e4tt\u00e4 yhteys kurssin vastuuopettajaan s\u00e4hk\u00f6postitse (jorma.laurikkala@tuni.fi), jos nimesi puuttuu listalta, vaikka kaikki osasuoritukset ovat kunnossa tai jos nimesi ei pit\u00e4isi olla listalla. Kurssisuorituksen arvosana on hyv\u00e4ksytty (HYV). Arvosanat on tallennettu opintorekisteriin. Suoritusp\u00e4iv\u00e4m\u00e4\u00e4r\u00e4 on harjoitusty\u00f6n palautuksen takaraja 18.5.2021. (23.17) 4.5.2021 Lis\u00e4harjoitukset on tarkistettu. Harjoitukset on &hellip; <a href=\"https:\/\/coursepages2.tuni.fi\/tiep5-1\/syksy-2020\/\" class=\"more-link\">Jatka artikkeliin <span class=\"screen-reader-text\">Syksy 2020<\/span><\/a><\/p>\n","protected":false},"author":6,"featured_media":0,"parent":0,"menu_order":0,"comment_status":"closed","ping_status":"closed","template":"","meta":{"footnotes":""},"class_list":["post-408","page","type-page","status-publish","hentry"],"_links":{"self":[{"href":"https:\/\/coursepages2.tuni.fi\/tiep5-1\/wp-json\/wp\/v2\/pages\/408","targetHints":{"allow":["GET"]}}],"collection":[{"href":"https:\/\/coursepages2.tuni.fi\/tiep5-1\/wp-json\/wp\/v2\/pages"}],"about":[{"href":"https:\/\/coursepages2.tuni.fi\/tiep5-1\/wp-json\/wp\/v2\/types\/page"}],"author":[{"embeddable":true,"href":"https:\/\/coursepages2.tuni.fi\/tiep5-1\/wp-json\/wp\/v2\/users\/6"}],"replies":[{"embeddable":true,"href":"https:\/\/coursepages2.tuni.fi\/tiep5-1\/wp-json\/wp\/v2\/comments?post=408"}],"version-history":[{"count":49,"href":"https:\/\/coursepages2.tuni.fi\/tiep5-1\/wp-json\/wp\/v2\/pages\/408\/revisions"}],"predecessor-version":[{"id":593,"href":"https:\/\/coursepages2.tuni.fi\/tiep5-1\/wp-json\/wp\/v2\/pages\/408\/revisions\/593"}],"wp:attachment":[{"href":"https:\/\/coursepages2.tuni.fi\/tiep5-1\/wp-json\/wp\/v2\/media?parent=408"}],"curies":[{"name":"wp","href":"https:\/\/api.w.org\/{rel}","templated":true}]}}