{"id":723,"date":"2019-08-05T09:58:27","date_gmt":"2019-08-05T06:58:27","guid":{"rendered":"https:\/\/coursepages.uta.fi\/tiep3\/?page_id=723"},"modified":"2020-02-25T23:05:25","modified_gmt":"2020-02-25T21:05:25","slug":"nayttokoe","status":"publish","type":"page","link":"https:\/\/coursepages2.tuni.fi\/tiep3\/paasivu\/syksy-2019\/nayttokoe\/","title":{"rendered":"N\u00e4ytt\u00f6koe"},"content":{"rendered":"<p>Opintojakson voi suorittaa suorittamalla hyv\u00e4ksytysti n\u00e4ytt\u00f6kokeen. N\u00e4ytt\u00f6koe arvostellaan opintojakson muiden suoritustapojen tapaan arvosanalla 1\u20135. N\u00e4ytt\u00f6kokeessa menestyminen (v\u00e4hint\u00e4\u00e4n hyv\u00e4n arvosanan saaminen) vaatii v\u00e4hint\u00e4\u00e4n hyv\u00e4t tiedot ja taidot opintojakson aihepiiriin liittyen.<\/p>\n<p>N\u00e4ytt\u00f6kokeeseen voivat osallistua ne Tampereen yliopiston tutkinto-opiskelijat ja avoimen yliopiston opiskelijat, joilla ei ole opintosuoritusrekisteriss\u00e4 suoritusmerkint\u00e4\u00e4 jaksosta<\/p>\n<ul>\n<li>TIEP3 Tietokantojen perusteet 5 op<\/li>\n<li>TKOPP3 Tietokantojen perusteet 4 op \/ 2 ov<\/li>\n<\/ul>\n<p>ja jotka eiv\u00e4t ole aiemmin osallistuneet n\u00e4ytt\u00f6kokeeseen. N\u00e4ytt\u00f6kokeeseen voi osallistua vain kerran. Ellei sit\u00e4 l\u00e4p\u00e4ise hyv\u00e4ksytysti, tulee osallistua opetukseen. Osallistumiseksi katsotaan kokeeseen tuleminen riippumatta siit\u00e4 palauttiko vastauksia vai ei. Osallistumiseksi lasketaan my\u00f6s kokeesta pois j\u00e4\u00e4minen ilman ilmoittautumisen peruuttamista ennen koetilaisuutta.<\/p>\n<p>Huomaa, ett\u00e4 aiemmat korkeakouluopinnot on suositeltavaa <a href=\"https:\/\/www.tuni.fi\/opiskelijanopas\/kasikirja\/uni?page=3127\" target=\"_blank\" rel=\"noopener\">hyv\u00e4ksilukea<\/a>. N\u00e4ytt\u00f6koe on tarkoitettu aiemmin hankitun osaamisen tunnistamiseen (AHOT), joka on hankittu itse opiskellen, ty\u00f6el\u00e4m\u00e4ss\u00e4 tai toisen asteen koulutuksessa.<\/p>\n<h2>Kokeen sis\u00e4lt\u00f6 ja alue<\/h2>\n<p>N\u00e4ytt\u00f6koe koostuu seuraavankaltaisista teht\u00e4vist\u00e4:<\/p>\n<ul>\n<li>Taulujen tietoja koskeviin rajoituksiin (esim. tietotyypit, p\u00e4\u00e4avaimet, avaimet, tyhj\u00e4arvot, viiteavaimet) liittyv\u00e4 teht\u00e4v\u00e4<\/li>\n<li>SQL-komentojen kirjoittamisteht\u00e4v\u00e4 (esim. Kirjoita seuraavat kyselyt SQL:ll\u00e4.)<\/li>\n<li>SQL-komentojen lukemis- ja tulkitsemisteht\u00e4v\u00e4 (esim. Selit\u00e4, mit\u00e4 seuraava SQL-kysely tekee ja esit\u00e4 sen tuottama tulostaulu.)<\/li>\n<li>Annetun ER-kaavion muuntaminen SQL-tietokannan kaavioksi ja kyselyn kirjoittaminen SQL-kannan tauluja k\u00e4ytt\u00e4en<\/li>\n<li>ER-kaavion piirt\u00e4minen ja muuntaminen SQL-tietokannan kaavioksi annetun sovellusalueen kuvauksen pohjalta<\/li>\n<\/ul>\n<p>N\u00e4ytt\u00f6koe jakautuu SQL-osaan ja ER-mallinnusosaan. Molemmat osat on suoritettava hyv\u00e4ksytysti. <\/p>\n<p>Ota yhteytt\u00e4 opintojakson vastuuopettajaan saadaksesi materiaalin, johon n\u00e4ytt\u00f6koe pohjautuu ja jota voit hy\u00f6dynt\u00e4\u00e4 n\u00e4ytt\u00f6kokeessa.<\/p>\n<h2>N\u00e4ytt\u00f6koetilaisuudet<\/h2>\n<p>Syyslukukauden 2019 n\u00e4ytt\u00f6koe j\u00e4rjestet\u00e4\u00e4n s\u00e4hk\u00f6isen\u00e4 EXAM-tenttin\u00e4 28.8.- <del datetime=\"2019-09-03T09:01:14+00:00\">8.9.<\/del> 15.9. N\u00e4ytt\u00f6kokeeseen voi ilmoittautua 27.8. l\u00e4htien EXAMissa. N\u00e4ytt\u00f6kokeessa ei ole k\u00e4ytett\u00e4viss\u00e4 SQL-komentotulkkia.<\/p>\n<p> Kev\u00e4tlukukauden 2020 n\u00e4ytt\u00f6koe j\u00e4rjestet\u00e4\u00e4n s\u00e4hk\u00f6isen\u00e4 EXAM-tenttin\u00e4 ajalla 5.-31.3.2020. N\u00e4ytt\u00f6kokeeseen voi ilmoittautua 4.3. l\u00e4htien EXAMissa. N\u00e4ytt\u00f6kokeessa ei ole k\u00e4ytett\u00e4viss\u00e4 SQL-komentotulkkia.<\/p>\n","protected":false},"excerpt":{"rendered":"<p>Opintojakson voi suorittaa suorittamalla hyv\u00e4ksytysti n\u00e4ytt\u00f6kokeen. N\u00e4ytt\u00f6koe arvostellaan opintojakson muiden suoritustapojen tapaan arvosanalla 1\u20135. N\u00e4ytt\u00f6kokeessa menestyminen (v\u00e4hint\u00e4\u00e4n hyv\u00e4n arvosanan saaminen) vaatii v\u00e4hint\u00e4\u00e4n hyv\u00e4t tiedot ja taidot opintojakson aihepiiriin liittyen. N\u00e4ytt\u00f6kokeeseen voivat osallistua ne Tampereen yliopiston tutkinto-opiskelijat ja avoimen yliopiston opiskelijat, joilla ei ole opintosuoritusrekisteriss\u00e4 suoritusmerkint\u00e4\u00e4 jaksosta TIEP3 Tietokantojen perusteet 5 op TKOPP3 Tietokantojen perusteet 4 &hellip; <a href=\"https:\/\/coursepages2.tuni.fi\/tiep3\/paasivu\/syksy-2019\/nayttokoe\/\" class=\"more-link\">Jatka artikkeliin <span class=\"screen-reader-text\">N\u00e4ytt\u00f6koe<\/span><\/a><\/p>\n","protected":false},"author":3,"featured_media":0,"parent":719,"menu_order":2,"comment_status":"closed","ping_status":"closed","template":"","meta":{"footnotes":""},"class_list":["post-723","page","type-page","status-publish","hentry"],"_links":{"self":[{"href":"https:\/\/coursepages2.tuni.fi\/tiep3\/wp-json\/wp\/v2\/pages\/723","targetHints":{"allow":["GET"]}}],"collection":[{"href":"https:\/\/coursepages2.tuni.fi\/tiep3\/wp-json\/wp\/v2\/pages"}],"about":[{"href":"https:\/\/coursepages2.tuni.fi\/tiep3\/wp-json\/wp\/v2\/types\/page"}],"author":[{"embeddable":true,"href":"https:\/\/coursepages2.tuni.fi\/tiep3\/wp-json\/wp\/v2\/users\/3"}],"replies":[{"embeddable":true,"href":"https:\/\/coursepages2.tuni.fi\/tiep3\/wp-json\/wp\/v2\/comments?post=723"}],"version-history":[{"count":8,"href":"https:\/\/coursepages2.tuni.fi\/tiep3\/wp-json\/wp\/v2\/pages\/723\/revisions"}],"predecessor-version":[{"id":761,"href":"https:\/\/coursepages2.tuni.fi\/tiep3\/wp-json\/wp\/v2\/pages\/723\/revisions\/761"}],"up":[{"embeddable":true,"href":"https:\/\/coursepages2.tuni.fi\/tiep3\/wp-json\/wp\/v2\/pages\/719"}],"wp:attachment":[{"href":"https:\/\/coursepages2.tuni.fi\/tiep3\/wp-json\/wp\/v2\/media?parent=723"}],"curies":[{"name":"wp","href":"https:\/\/api.w.org\/{rel}","templated":true}]}}