{"id":5,"date":"2017-06-22T10:58:06","date_gmt":"2017-06-22T07:58:06","guid":{"rendered":"https:\/\/coursepages.uta.fi\/tiep1\/?page_id=5"},"modified":"2019-08-28T14:39:47","modified_gmt":"2019-08-28T11:39:47","slug":"paasivu","status":"publish","type":"page","link":"https:\/\/coursepages2.tuni.fi\/tiep1\/","title":{"rendered":"TIEP1 Lausekielinen ohjelmointi I (Laki 1, 5 op)"},"content":{"rendered":"<h1><span style=\"background-color: #ffff99\">Syksyll\u00e4 2019 luennoitavan uuden TIEP1.1-kurssin sivut ovat <a href=\"https:\/\/coursepages2.tuni.fi\/tiep1-1\/\">t\u00e4\u00e4ll\u00e4<\/a>.<\/span><\/h1>\n<p>TIEP1 Lausekielinen ohjelmointi I 5 op -kurssi (lyhemmin Laki 1) on ohjelmoinnin alkeiskurssi, jolla opiskelijat pyrit\u00e4\u00e4n johdattelemaan ohjelmoinnin pariin pehme\u00e4sti. Kurssin osanottajien oletetaan hallitsevan vain <a href=\"https:\/\/www10.uta.fi\/opas\/opintojakso.htm?rid=14810&amp;idx=3&amp;uiLang=fi&amp;lang=fi&amp;lvv=2017\" target=\"_blank\" rel=\"noopener\">Tietotekniikkataidot<\/a>-kurssilla opetetut tiedot ja taidot.<\/p>\n<h3>Kurssin toteutukset<\/h3>\n<p><strong>Syksy 2018 \u2013 Tampereen yliopiston kurssi<\/strong><\/p>\n<ul>\n<li>Kurssin virallinen <a href=\"https:\/\/www10.uta.fi\/opas\/opintojakso.htm?id=30275&amp;lang=fi&amp;lvv=2017&amp;uiLang=fi\" target=\"_blank\" rel=\"noopener\">kurssikuvaus<\/a> on annettu opetussuunnitelmassa ja <a href=\"https:\/\/www10.uta.fi\/opas\/opetusohjelma\/marjapuuro.htm?id=38552\">opetusajat<\/a> opetusohjelmassa.<\/li>\n<li>Kurssin tiedotteet l\u00f6ytyv\u00e4t <a href=\"https:\/\/coursepages2.tuni.fi\/tiep1\/syksy-2018\/\">Syksy 2018<\/a><a href=\"https:\/\/coursepages2.tuni.fi\/tiep1\/syksy-2019\/\"> -sivulta<\/a>.<\/li>\n<\/ul>\n<h3>Muuta<\/h3>\n<p>Laki 1 ja sen jatkokurssi <a href=\"https:\/\/www10.uta.fi\/opas\/opintojakso.htm?rid=14813&amp;idx=4&amp;uiLang=fi&amp;lang=fi&amp;lvv=2018\" target=\"_blank\" rel=\"noopener\">Laki 2<\/a> ovat osa tietojenk\u00e4sittelytieteen <a href=\"https:\/\/www10.uta.fi\/opas\/opintoKokonaisuus.htm?rid=14813&amp;uiLang=fi&amp;lang=fi&amp;lvv=2017\" target=\"_blank\" rel=\"noopener\">perusopintoja<\/a>, koska ohjelmointi on perustaito, jota jokainen tietojenk\u00e4sittelij\u00e4 tarvitsee sek\u00e4 opintojensa ett\u00e4 ty\u00f6uransa aikana.\u00a0Kurssi on pakollinen my\u00f6s matematiikan ja tilastotieteen kandidaattiohjelman opiskelijoille. Laki 1 kuuluu useimpiin tietojenk\u00e4sittelytieteiden valinnaisiin opintokokonaisuuksiin. Kurssille pakotettujen lis\u00e4ksi jokainen ohjelmoinnista kiinnostunut on l\u00e4mpim\u00e4sti tervetullut.<\/p>\n<p>Ohjelmointi sin\u00e4ns\u00e4 on loppujen lopuksi yll\u00e4tt\u00e4v\u00e4n helppoa. Vaikein osuus on opitun soveltaminen k\u00e4yt\u00e4nn\u00f6ss\u00e4. Ohjelmointia ei voi oppia pelk\u00e4st\u00e4\u00e4n kurssimateriaalia lukemalla: Teoreettiset tiedot muuttuvat aktiiviseksi osaamiseksi vain viikkoharjoitusteht\u00e4vi\u00e4 tekem\u00e4ll\u00e4. Ohjelmoinnin juuri aloittaneiden opiskelijoiden tulisikin k\u00e4ytt\u00e4\u00e4 kurssin alkuvaiheessa noin kuusi tuntia viikossa <strong>omatoimiseen <\/strong>ohjelmoinnin opiskeluun.<\/p>\n<p>Laki 1 ja 2 ovat tietojenk\u00e4sittelij\u00f6ille <strong>ensimm\u00e4isen <\/strong>vuoden opintoja. Ensimm\u00e4isell\u00e4 yrityksell\u00e4 uupuneen tietojenk\u00e4sittelij\u00e4n tulisi saada kurssit suoritettua viimeist\u00e4\u00e4n toisena opintovuotena, jotta kolmas opintovuosi ei vaikeutuisi tarpeettomasti.<\/p>\n<p>Jos olit mukana viime vuonna luennoidulla kurssilla, niin huomioi seuraavaa:<\/p>\n<ul>\n<li>Ase- tai siviilipalvelukseen l\u00e4hteneet voivat korvata t\u00e4m\u00e4n vuoden kurssin osasuorituksia (harjoitukset, tentti ja palaute) viime vuoden osasuorituksilla. My\u00f6s vakava sairaus ja synnytys ovat hyv\u00e4ksytt\u00e4vi\u00e4 syit\u00e4 kurssin osien korvaamiseen.<\/li>\n<li>Vanha osasuoritus korvaa uuden vasta, kun olet ottanut yhteytt\u00e4 kurssin vastuuopettajaan vaikkapa s\u00e4hk\u00f6postilla. Muista, ett\u00e4 vastuuopettaja tarvitsee opiskelijanumerosi sek\u00e4 tiedon osasuorituksista, jotka haluat hy\u00f6dynt\u00e4\u00e4. Kurssin voi aloittaa uudestaan alusta ilman erityisi\u00e4 toimenpiteit\u00e4, koska vanhat osasuoritukset j\u00e4tet\u00e4\u00e4n huomiotta, mik\u00e4li yhteydenottoa ei kuulu.<\/li>\n<li>Kurssin sis\u00e4ll\u00f6st\u00e4 ja k\u00e4yt\u00e4nteist\u00e4 kerrotaan lis\u00e4\u00e4 ensimm\u00e4isell\u00e4 luennolla.<\/li>\n<\/ul>\n","protected":false},"excerpt":{"rendered":"<p>Syksyll\u00e4 2019 luennoitavan uuden TIEP1.1-kurssin sivut ovat t\u00e4\u00e4ll\u00e4. TIEP1 Lausekielinen ohjelmointi I 5 op -kurssi (lyhemmin Laki 1) on ohjelmoinnin alkeiskurssi, jolla opiskelijat pyrit\u00e4\u00e4n johdattelemaan ohjelmoinnin pariin pehme\u00e4sti. Kurssin osanottajien oletetaan hallitsevan vain Tietotekniikkataidot-kurssilla opetetut tiedot ja taidot. Kurssin toteutukset Syksy 2018 \u2013 Tampereen yliopiston kurssi Kurssin virallinen kurssikuvaus on annettu opetussuunnitelmassa ja opetusajat opetusohjelmassa. &hellip; <a href=\"https:\/\/coursepages2.tuni.fi\/tiep1\/\" class=\"more-link\">Jatka artikkeliin <span class=\"screen-reader-text\">TIEP1 Lausekielinen ohjelmointi I (Laki 1, 5 op)<\/span><\/a><\/p>\n","protected":false},"author":1,"featured_media":0,"parent":0,"menu_order":0,"comment_status":"closed","ping_status":"closed","template":"","meta":{"footnotes":""},"class_list":["post-5","page","type-page","status-publish","hentry"],"_links":{"self":[{"href":"https:\/\/coursepages2.tuni.fi\/tiep1\/wp-json\/wp\/v2\/pages\/5","targetHints":{"allow":["GET"]}}],"collection":[{"href":"https:\/\/coursepages2.tuni.fi\/tiep1\/wp-json\/wp\/v2\/pages"}],"about":[{"href":"https:\/\/coursepages2.tuni.fi\/tiep1\/wp-json\/wp\/v2\/types\/page"}],"author":[{"embeddable":true,"href":"https:\/\/coursepages2.tuni.fi\/tiep1\/wp-json\/wp\/v2\/users\/1"}],"replies":[{"embeddable":true,"href":"https:\/\/coursepages2.tuni.fi\/tiep1\/wp-json\/wp\/v2\/comments?post=5"}],"version-history":[{"count":39,"href":"https:\/\/coursepages2.tuni.fi\/tiep1\/wp-json\/wp\/v2\/pages\/5\/revisions"}],"predecessor-version":[{"id":1281,"href":"https:\/\/coursepages2.tuni.fi\/tiep1\/wp-json\/wp\/v2\/pages\/5\/revisions\/1281"}],"wp:attachment":[{"href":"https:\/\/coursepages2.tuni.fi\/tiep1\/wp-json\/wp\/v2\/media?parent=5"}],"curies":[{"name":"wp","href":"https:\/\/api.w.org\/{rel}","templated":true}]}}