{"id":100,"date":"2019-08-29T22:28:54","date_gmt":"2019-08-29T19:28:54","guid":{"rendered":"https:\/\/coursepages.uta.fi\/tiep1-1\/?page_id=100"},"modified":"2019-10-08T14:48:21","modified_gmt":"2019-10-08T11:48:21","slug":"linkit","status":"publish","type":"page","link":"https:\/\/coursepages2.tuni.fi\/tiep1-1\/syksy-2019\/linkit\/","title":{"rendered":"Linkit"},"content":{"rendered":"<h2>Vuokaaviot<\/h2>\n<p>Vuokaavioiden piirtoon voi k\u00e4ytt\u00e4\u00e4 t\u00e4h\u00e4n tarkoitukseen tehtyj\u00e4 ohjelmia, mutta vuokaavioita voi piirt\u00e4\u00e4 my\u00f6s muillakin ohjelmilla.<\/p>\n<p>Kaavioita saa aikaiseksi muun muassa yliopiston mikroluokista l\u00f6ytyv\u00e4ll\u00e4 Microsoft Office -ohjelmistolla. Esimerkiksi Microsoft Wordilla voi piirt\u00e4\u00e4 <a href=\"http:\/\/en.wikipedia.org\/wiki\/Vector_graphics\" target=\"_blank\" rel=\"noopener\">vektorigrafiikkaa<\/a>. L\u00f6yd\u00e4t <em>Insert<\/em> | <em>Shapes <\/em>-kohdasta kaavioihin sopivia symboleita.<\/p>\n<p>Kaavioita voi tuottaa my\u00f6s vektorigrafiikan taitavilla piirto-ohjelmilla. Ilmaiseen <a href=\"http:\/\/fi.libreoffice.org\/\" target=\"_blank\" rel=\"noopener\">LibreOffice-ohjelmistoon<\/a> ja my\u00f6s <a href=\"http:\/\/fi.openoffice.org\/\" target=\"_blank\" rel=\"noopener\">OpenOffice-ohjelmistoon<\/a> kuuluva Draw on t\u00e4llainen ohjelma. Samoin muun muassa <a href=\"http:\/\/www.inkscape.org\/\" target=\"_blank\" rel=\"noopener\">Inskape<\/a>-ohjelma taitaa vektorigrafiikan. Kaavioiden piirt\u00e4mist\u00e4 bittikarttagrafiikalla esimerkiksi Microsoft Paint -ohjelmaa k\u00e4ytt\u00e4en ei suositella, koska t\u00e4llaisilla ohjelmilla piirt\u00e4minen on vaikeaa ja j\u00e4lki on melko rumaa.<\/p>\n<p><a href=\"http:\/\/live.gnome.org\/Dia\" target=\"_blank\" rel=\"noopener\">Dia<\/a> on er\u00e4s ilmainen ohjelma vuokaavioiden ja paljon muunkin piirtoon. Linux-version lis\u00e4ksi l\u00f6ytyy my\u00f6s <a href=\"http:\/\/dia-installer.de\/index_en.html\" target=\"_blank\" rel=\"noopener\"> versio Windowsille<\/a>. Dia on asennettu yliopiston mikroluokkiin.<\/p>\n<p>Kaavioiden piirtoon sopivista ohjelmista on my\u00f6s ilmaisversioita, joissa on yleens\u00e4 k\u00e4ytt\u00f6aikarajoitus. K\u00e4ytt\u00f6ajan loputtua ohjelmalla tehtyj\u00e4 kaavioita ei voi en\u00e4\u00e4 muokata. Esimerkiksi kaupallisesta <a href=\"http:\/\/www.rff.com\/\" target=\"_blank\" rel=\"noopener\">RFFlow-ohjelmasta<\/a> on saatavilla ilmainen <a href=\"http:\/\/www.rff.com\/download.htm\" target=\"_top\">kokeiluversio<\/a>, jota voi k\u00e4ytt\u00e4\u00e4 30 p\u00e4iv\u00e4\u00e4.<\/p>\n<p>Piirto-ohjelmien lis\u00e4ksi kaavioita tehd\u00e4 verkkoselaimen kautta k\u00e4ytett\u00e4vill\u00e4 piirtopalveluilla, joista osa on ilmaisia. Esimerkiksi <a href=\"https:\/\/www.draw.io\/\" target=\"_blank\" rel=\"noopener\">draw.io<\/a>-sivustolla voi piirt\u00e4\u00e4 muun muassa vuokaavioita.<\/p>\n<p>Jos k\u00e4ytett\u00e4viss\u00e4 olevasta ohjelmasta ei l\u00f6ydy juuri kurssimateriaalissa esitetyn kaltaisia symboleita, niin ne voi korvata &#8221;l\u00e4himm\u00e4ll\u00e4&#8221;. Esimerkiksi alku- ja loppusymbolit voi piirt\u00e4\u00e4 h\u00e4t\u00e4tilanteessa ellipseiksi.<\/p>\n<p>K\u00e4sinkin piirretyist\u00e4 kuvioista otetut skannaukset tai valokuvat kelpaavat my\u00f6s. Huomaa, ett\u00e4 kuvan on oltava WETOn hyv\u00e4ksym\u00e4\u00e4 muotoa.<\/p>\n","protected":false},"excerpt":{"rendered":"<p>Vuokaaviot Vuokaavioiden piirtoon voi k\u00e4ytt\u00e4\u00e4 t\u00e4h\u00e4n tarkoitukseen tehtyj\u00e4 ohjelmia, mutta vuokaavioita voi piirt\u00e4\u00e4 my\u00f6s muillakin ohjelmilla. Kaavioita saa aikaiseksi muun muassa yliopiston mikroluokista l\u00f6ytyv\u00e4ll\u00e4 Microsoft Office -ohjelmistolla. Esimerkiksi Microsoft Wordilla voi piirt\u00e4\u00e4 vektorigrafiikkaa. L\u00f6yd\u00e4t Insert | Shapes -kohdasta kaavioihin sopivia symboleita. Kaavioita voi tuottaa my\u00f6s vektorigrafiikan taitavilla piirto-ohjelmilla. Ilmaiseen LibreOffice-ohjelmistoon ja my\u00f6s OpenOffice-ohjelmistoon kuuluva Draw &hellip; <a href=\"https:\/\/coursepages2.tuni.fi\/tiep1-1\/syksy-2019\/linkit\/\" class=\"more-link\">Jatka artikkeliin <span class=\"screen-reader-text\">Linkit<\/span><\/a><\/p>\n","protected":false},"author":6,"featured_media":0,"parent":53,"menu_order":8,"comment_status":"closed","ping_status":"closed","template":"","meta":{"footnotes":""},"class_list":["post-100","page","type-page","status-publish","hentry"],"_links":{"self":[{"href":"https:\/\/coursepages2.tuni.fi\/tiep1-1\/wp-json\/wp\/v2\/pages\/100","targetHints":{"allow":["GET"]}}],"collection":[{"href":"https:\/\/coursepages2.tuni.fi\/tiep1-1\/wp-json\/wp\/v2\/pages"}],"about":[{"href":"https:\/\/coursepages2.tuni.fi\/tiep1-1\/wp-json\/wp\/v2\/types\/page"}],"author":[{"embeddable":true,"href":"https:\/\/coursepages2.tuni.fi\/tiep1-1\/wp-json\/wp\/v2\/users\/6"}],"replies":[{"embeddable":true,"href":"https:\/\/coursepages2.tuni.fi\/tiep1-1\/wp-json\/wp\/v2\/comments?post=100"}],"version-history":[{"count":5,"href":"https:\/\/coursepages2.tuni.fi\/tiep1-1\/wp-json\/wp\/v2\/pages\/100\/revisions"}],"predecessor-version":[{"id":105,"href":"https:\/\/coursepages2.tuni.fi\/tiep1-1\/wp-json\/wp\/v2\/pages\/100\/revisions\/105"}],"up":[{"embeddable":true,"href":"https:\/\/coursepages2.tuni.fi\/tiep1-1\/wp-json\/wp\/v2\/pages\/53"}],"wp:attachment":[{"href":"https:\/\/coursepages2.tuni.fi\/tiep1-1\/wp-json\/wp\/v2\/media?parent=100"}],"curies":[{"name":"wp","href":"https:\/\/api.w.org\/{rel}","templated":true}]}}