{"id":5,"date":"2017-06-22T10:58:06","date_gmt":"2017-06-22T07:58:06","guid":{"rendered":"https:\/\/coursepages.uta.fi\/tiea2-1b\/?page_id=5"},"modified":"2020-03-04T12:07:28","modified_gmt":"2020-03-04T10:07:28","slug":"paasivu","status":"publish","type":"page","link":"https:\/\/coursepages2.tuni.fi\/tiea2-1b\/","title":{"rendered":"P\u00e4\u00e4sivu"},"content":{"rendered":"<p>TIEA2.1A Olio-ohjelmoinnin perusteet II 5 op -kurssin (lyhesti Oope 2) virallinen <a href=\"https:\/\/www.tuni.fi\/opiskelijanopas\/opintotiedot\/opintojaksot\/uta-ykoodi-54267?year=2019\" target=\"_blank\" rel=\"noopener\">kurssikuvaus<\/a> on annettu opetussuunnitelmassa ja <a href=\"https:\/\/www.tuni.fi\/opiskelijanopas\/opintotiedot\/opintojaksot\/uta-ykoodi-54267?year=2019&amp;activeTab=1\" target=\"_blank\" rel=\"noopener\">opetusajat<\/a> opetusohjelmassa.<\/p>\n<p>Kurssin tiedotteet l\u00f6ytyv\u00e4t <a href=\"https:\/\/coursepages2.tuni.fi\/tiea2-1b\/kevat-2020\/\">Kev\u00e4t 2020 -sivulta<\/a>.<\/p>\n<p><strong>Muuta<\/strong><\/p>\n<p>Vanha TIEA2.1 Olio-ohjelmoinnin perusteet 5\u201310 op kurssi jaettiin t\u00e4m\u00e4n lukuvuoden alusta l\u00e4htien kursseiksi<\/p>\n<ul>\n<li>TIEA2.1A Olio-ohjelmoinnin perusteet I 5 op ja<\/li>\n<li>TIEA2.1B Olio-ohjelmoinnin perusteet II 5 op.<\/li>\n<\/ul>\n<p>TIEA2.1B sis\u00e4lt\u00e4\u00e4 TIEA2.1-kurssin harjoitusty\u00f6n.<\/p>\n<p>TIEA2.1A ja TIEA2.1B ovat pakollisia aineopintoja tietojenk\u00e4sittelytieteiden tutkinto-ohjelman opiskelijoille.<\/p>\n<p>TIEA2.1-kurssilta viiden opintopisteen laajuisen suppean suorituksen (kurssikoodi joko TIEA2.1 tai TIEA2.1A) saaneen tietojenk\u00e4sittelytieteiden tutkinto-ohjelman opiskelijan tulee suorittaa my\u00f6s TIEA2.1B 5 op, jotta tutkinto-ohjelmasta voi valmistua.<\/p>\n<p>TIEA2.1-kurssia edelt\u00e4v\u00e4n Olio-ohjelmoinnin perusteet -kurssin version (esimerkiksi TIEA2) suorittaneet opiskelijat eiv\u00e4t voi saada opintopisteit\u00e4 TIEA2.1B-kurssilta.<\/p>\n<p>Ota yhteys kurssin vastuuopettajaan, jos sinulla on mik\u00e4 tahansa ep\u00e4selvyys kurssin suorittamiseen liittyen.<\/p>\n<hr \/>\n<p style=\"font-size: 11px\">Yll\u00e4pito: Jorma Laurikkala, <em>jorma.laurikkala@uta.fi<\/em>, B1025.<\/p>\n","protected":false},"excerpt":{"rendered":"<p>TIEA2.1A Olio-ohjelmoinnin perusteet II 5 op -kurssin (lyhesti Oope 2) virallinen kurssikuvaus on annettu opetussuunnitelmassa ja opetusajat opetusohjelmassa. Kurssin tiedotteet l\u00f6ytyv\u00e4t Kev\u00e4t 2020 -sivulta. Muuta Vanha TIEA2.1 Olio-ohjelmoinnin perusteet 5\u201310 op kurssi jaettiin t\u00e4m\u00e4n lukuvuoden alusta l\u00e4htien kursseiksi TIEA2.1A Olio-ohjelmoinnin perusteet I 5 op ja TIEA2.1B Olio-ohjelmoinnin perusteet II 5 op. TIEA2.1B sis\u00e4lt\u00e4\u00e4 TIEA2.1-kurssin harjoitusty\u00f6n. &hellip; <a href=\"https:\/\/coursepages2.tuni.fi\/tiea2-1b\/\" class=\"more-link\">Jatka artikkeliin <span class=\"screen-reader-text\">P\u00e4\u00e4sivu<\/span><\/a><\/p>\n","protected":false},"author":6,"featured_media":0,"parent":0,"menu_order":0,"comment_status":"closed","ping_status":"closed","template":"","meta":{"footnotes":""},"class_list":["post-5","page","type-page","status-publish","hentry"],"_links":{"self":[{"href":"https:\/\/coursepages2.tuni.fi\/tiea2-1b\/wp-json\/wp\/v2\/pages\/5","targetHints":{"allow":["GET"]}}],"collection":[{"href":"https:\/\/coursepages2.tuni.fi\/tiea2-1b\/wp-json\/wp\/v2\/pages"}],"about":[{"href":"https:\/\/coursepages2.tuni.fi\/tiea2-1b\/wp-json\/wp\/v2\/types\/page"}],"author":[{"embeddable":true,"href":"https:\/\/coursepages2.tuni.fi\/tiea2-1b\/wp-json\/wp\/v2\/users\/6"}],"replies":[{"embeddable":true,"href":"https:\/\/coursepages2.tuni.fi\/tiea2-1b\/wp-json\/wp\/v2\/comments?post=5"}],"version-history":[{"count":13,"href":"https:\/\/coursepages2.tuni.fi\/tiea2-1b\/wp-json\/wp\/v2\/pages\/5\/revisions"}],"predecessor-version":[{"id":298,"href":"https:\/\/coursepages2.tuni.fi\/tiea2-1b\/wp-json\/wp\/v2\/pages\/5\/revisions\/298"}],"wp:attachment":[{"href":"https:\/\/coursepages2.tuni.fi\/tiea2-1b\/wp-json\/wp\/v2\/media?parent=5"}],"curies":[{"name":"wp","href":"https:\/\/api.w.org\/{rel}","templated":true}]}}