{"id":278,"date":"2020-03-03T19:51:51","date_gmt":"2020-03-03T17:51:51","guid":{"rendered":"https:\/\/coursepages.uta.fi\/tiea2-1b\/?page_id=278"},"modified":"2022-01-24T17:26:59","modified_gmt":"2022-01-24T15:26:59","slug":"harjoitustyo","status":"publish","type":"page","link":"https:\/\/coursepages2.tuni.fi\/tiea2-1b\/kevat-2020\/harjoitustyo\/","title":{"rendered":"Harjoitusty\u00f6"},"content":{"rendered":"<h2>Teht\u00e4v\u00e4nanto ja muuta materiaalia<\/h2>\n<ul>\n<li>Harjoitusty\u00f6n <a href=\"https:\/\/homepages.tuni.fi\/jorma.laurikkala\/oope2\/kevat-2020\/harjoitustyo\/info\/\">esittelykalvot<\/a>.<\/li>\n<li>Harjoitusty\u00f6n <a href=\"https:\/\/homepages.tuni.fi\/jorma.laurikkala\/oope2\/kevat-2020\/harjoitustyo\/oope2_2020_harjoitustyo.pdf\">tarkka teht\u00e4v\u00e4nanto<\/a>.<\/li>\n<\/ul>\n","protected":false},"excerpt":{"rendered":"<p>Teht\u00e4v\u00e4nanto ja muuta materiaalia Harjoitusty\u00f6n esittelykalvot. Harjoitusty\u00f6n tarkka teht\u00e4v\u00e4nanto.<\/p>\n","protected":false},"author":6,"featured_media":0,"parent":257,"menu_order":1,"comment_status":"closed","ping_status":"closed","template":"","meta":{"footnotes":""},"class_list":["post-278","page","type-page","status-publish","hentry"],"_links":{"self":[{"href":"https:\/\/coursepages2.tuni.fi\/tiea2-1b\/wp-json\/wp\/v2\/pages\/278","targetHints":{"allow":["GET"]}}],"collection":[{"href":"https:\/\/coursepages2.tuni.fi\/tiea2-1b\/wp-json\/wp\/v2\/pages"}],"about":[{"href":"https:\/\/coursepages2.tuni.fi\/tiea2-1b\/wp-json\/wp\/v2\/types\/page"}],"author":[{"embeddable":true,"href":"https:\/\/coursepages2.tuni.fi\/tiea2-1b\/wp-json\/wp\/v2\/users\/6"}],"replies":[{"embeddable":true,"href":"https:\/\/coursepages2.tuni.fi\/tiea2-1b\/wp-json\/wp\/v2\/comments?post=278"}],"version-history":[{"count":5,"href":"https:\/\/coursepages2.tuni.fi\/tiea2-1b\/wp-json\/wp\/v2\/pages\/278\/revisions"}],"predecessor-version":[{"id":460,"href":"https:\/\/coursepages2.tuni.fi\/tiea2-1b\/wp-json\/wp\/v2\/pages\/278\/revisions\/460"}],"up":[{"embeddable":true,"href":"https:\/\/coursepages2.tuni.fi\/tiea2-1b\/wp-json\/wp\/v2\/pages\/257"}],"wp:attachment":[{"href":"https:\/\/coursepages2.tuni.fi\/tiea2-1b\/wp-json\/wp\/v2\/media?parent=278"}],"curies":[{"name":"wp","href":"https:\/\/api.w.org\/{rel}","templated":true}]}}