{"id":271,"date":"2020-02-26T23:13:46","date_gmt":"2020-02-26T21:13:46","guid":{"rendered":"https:\/\/coursepages.uta.fi\/tiea2-1b\/?page_id=271"},"modified":"2020-02-26T23:13:46","modified_gmt":"2020-02-26T21:13:46","slug":"yhteystiedot","status":"publish","type":"page","link":"https:\/\/coursepages2.tuni.fi\/tiea2-1b\/kevat-2020\/yhteystiedot\/","title":{"rendered":"Yhteystiedot"},"content":{"rendered":"<p><b><a href=\"https:\/\/www.tuni.fi\/fi\/jorma-laurikkala\">Jorma Laurikkala<\/a><\/b><\/p>\n<ul>\n<li value=\"0\">Kurssin vastuuopettaja.<\/li>\n<li value=\"0\">Luennot ja tentit.<\/li>\n<li value=\"0\"><i>jorma.laurikkala@tuni.fi<\/i><\/li>\n<li value=\"0\">Tavattavissa luentojen yhteydess\u00e4 ja erikseen sovittaessa ty\u00f6huoneella B1025.<\/li>\n<\/ul>\n<p><b>Rama Hannula<br \/>\n<\/b><\/p>\n<ul>\n<li value=\"0\">Harjoitusty\u00f6n ohjaus.<\/li>\n<li value=\"0\"><i>etunimi.sukunimi@tuni.fi<\/i><\/li>\n<li value=\"0\">Tavattavissa: ohjausten yhteydess\u00e4.<\/li>\n<\/ul>\n<p><b>Ilmari Saari<\/b><\/p>\n<ul>\n<li>Harjoitusty\u00f6n ohjaus ja tarkistus.<\/li>\n<li value=\"0\"><i>etunimi.sukunimi@tuni.fi<\/i><\/li>\n<li value=\"0\">Tavattavissa: ohjausten yhteydess\u00e4.<\/li>\n<\/ul>\n<p><b>Albert Iho<br \/>\n<\/b><\/p>\n<ul>\n<li>Harjoitusty\u00f6n ohjaus ja tarkistus.<\/li>\n<li value=\"0\"><i>etunimi.sukunimi@tuni.fi<\/i><\/li>\n<li value=\"0\">Tavattavissa: ohjausten yhteydess\u00e4.<\/li>\n<\/ul>\n","protected":false},"excerpt":{"rendered":"<p>Jorma Laurikkala Kurssin vastuuopettaja. Luennot ja tentit. jorma.laurikkala@tuni.fi Tavattavissa luentojen yhteydess\u00e4 ja erikseen sovittaessa ty\u00f6huoneella B1025. Rama Hannula Harjoitusty\u00f6n ohjaus. etunimi.sukunimi@tuni.fi Tavattavissa: ohjausten yhteydess\u00e4. Ilmari Saari Harjoitusty\u00f6n ohjaus ja tarkistus. etunimi.sukunimi@tuni.fi Tavattavissa: ohjausten yhteydess\u00e4. Albert Iho Harjoitusty\u00f6n ohjaus ja tarkistus. etunimi.sukunimi@tuni.fi Tavattavissa: ohjausten yhteydess\u00e4.<\/p>\n","protected":false},"author":6,"featured_media":0,"parent":257,"menu_order":5,"comment_status":"closed","ping_status":"closed","template":"","meta":{"footnotes":""},"class_list":["post-271","page","type-page","status-publish","hentry"],"_links":{"self":[{"href":"https:\/\/coursepages2.tuni.fi\/tiea2-1b\/wp-json\/wp\/v2\/pages\/271","targetHints":{"allow":["GET"]}}],"collection":[{"href":"https:\/\/coursepages2.tuni.fi\/tiea2-1b\/wp-json\/wp\/v2\/pages"}],"about":[{"href":"https:\/\/coursepages2.tuni.fi\/tiea2-1b\/wp-json\/wp\/v2\/types\/page"}],"author":[{"embeddable":true,"href":"https:\/\/coursepages2.tuni.fi\/tiea2-1b\/wp-json\/wp\/v2\/users\/6"}],"replies":[{"embeddable":true,"href":"https:\/\/coursepages2.tuni.fi\/tiea2-1b\/wp-json\/wp\/v2\/comments?post=271"}],"version-history":[{"count":1,"href":"https:\/\/coursepages2.tuni.fi\/tiea2-1b\/wp-json\/wp\/v2\/pages\/271\/revisions"}],"predecessor-version":[{"id":272,"href":"https:\/\/coursepages2.tuni.fi\/tiea2-1b\/wp-json\/wp\/v2\/pages\/271\/revisions\/272"}],"up":[{"embeddable":true,"href":"https:\/\/coursepages2.tuni.fi\/tiea2-1b\/wp-json\/wp\/v2\/pages\/257"}],"wp:attachment":[{"href":"https:\/\/coursepages2.tuni.fi\/tiea2-1b\/wp-json\/wp\/v2\/media?parent=271"}],"curies":[{"name":"wp","href":"https:\/\/api.w.org\/{rel}","templated":true}]}}