{"id":260,"date":"2020-02-26T23:00:48","date_gmt":"2020-02-26T21:00:48","guid":{"rendered":"https:\/\/coursepages.uta.fi\/tiea2-1b\/?page_id=260"},"modified":"2020-03-04T11:58:02","modified_gmt":"2020-03-04T09:58:02","slug":"ilmoittautuminen","status":"publish","type":"page","link":"https:\/\/coursepages2.tuni.fi\/tiea2-1b\/kevat-2020\/ilmoittautuminen\/","title":{"rendered":"Ilmoittautuminen"},"content":{"rendered":"<p>Kaikkien kurssilaisten tulee ilmoittautua s\u00e4hk\u00f6isesti kahdessa vaiheessa.<\/p>\n<ul>\n<li>Ensin on ilmoittauduttava NettiOpsussa. Ota yhteytt\u00e4 kurssin vastuuopettajaan, jos t\u00e4m\u00e4 vaihe unohtui. Tampereen avoimen yliopiston opiskelijat ilmoittautuvat NettiOpsun sijasta avoimen yliopiston j\u00e4rjestelm\u00e4n kautta.<\/li>\n<li>Aiemmista kursseista poiketen t\u00e4ll\u00e4 kurssilla ei ole esitietolomaketta. K\u00e4y lomakkeen t\u00e4ytt\u00e4misen sijasta kirjautumassa mahdollisimman pian kurssin WETO-sivuille osoitteessa <a href=\"https:\/\/wetodev.sis.uta.fi\/\">wetodev.sis.uta.fi<\/a>. Kirjautuminen tarvitaan, jotta sinulle voidaan perustaa et\u00e4tietovarasto, jossa on harjoitusty\u00f6ss\u00e4 tarvittavat valmiit rajapinnat. Tosin sanoen: et voi tehd\u00e4 ty\u00f6t\u00e4 kovin pitk\u00e4lle, ellet k\u00e4y kirjautumassa.<\/li>\n<\/ul>\n","protected":false},"excerpt":{"rendered":"<p>Kaikkien kurssilaisten tulee ilmoittautua s\u00e4hk\u00f6isesti kahdessa vaiheessa. Ensin on ilmoittauduttava NettiOpsussa. Ota yhteytt\u00e4 kurssin vastuuopettajaan, jos t\u00e4m\u00e4 vaihe unohtui. Tampereen avoimen yliopiston opiskelijat ilmoittautuvat NettiOpsun sijasta avoimen yliopiston j\u00e4rjestelm\u00e4n kautta. Aiemmista kursseista poiketen t\u00e4ll\u00e4 kurssilla ei ole esitietolomaketta. K\u00e4y lomakkeen t\u00e4ytt\u00e4misen sijasta kirjautumassa mahdollisimman pian kurssin WETO-sivuille osoitteessa wetodev.sis.uta.fi. Kirjautuminen tarvitaan, jotta sinulle voidaan perustaa &hellip; <a href=\"https:\/\/coursepages2.tuni.fi\/tiea2-1b\/kevat-2020\/ilmoittautuminen\/\" class=\"more-link\">Jatka artikkeliin <span class=\"screen-reader-text\">Ilmoittautuminen<\/span><\/a><\/p>\n","protected":false},"author":6,"featured_media":0,"parent":257,"menu_order":0,"comment_status":"closed","ping_status":"closed","template":"","meta":{"footnotes":""},"class_list":["post-260","page","type-page","status-publish","hentry"],"_links":{"self":[{"href":"https:\/\/coursepages2.tuni.fi\/tiea2-1b\/wp-json\/wp\/v2\/pages\/260","targetHints":{"allow":["GET"]}}],"collection":[{"href":"https:\/\/coursepages2.tuni.fi\/tiea2-1b\/wp-json\/wp\/v2\/pages"}],"about":[{"href":"https:\/\/coursepages2.tuni.fi\/tiea2-1b\/wp-json\/wp\/v2\/types\/page"}],"author":[{"embeddable":true,"href":"https:\/\/coursepages2.tuni.fi\/tiea2-1b\/wp-json\/wp\/v2\/users\/6"}],"replies":[{"embeddable":true,"href":"https:\/\/coursepages2.tuni.fi\/tiea2-1b\/wp-json\/wp\/v2\/comments?post=260"}],"version-history":[{"count":8,"href":"https:\/\/coursepages2.tuni.fi\/tiea2-1b\/wp-json\/wp\/v2\/pages\/260\/revisions"}],"predecessor-version":[{"id":296,"href":"https:\/\/coursepages2.tuni.fi\/tiea2-1b\/wp-json\/wp\/v2\/pages\/260\/revisions\/296"}],"up":[{"embeddable":true,"href":"https:\/\/coursepages2.tuni.fi\/tiea2-1b\/wp-json\/wp\/v2\/pages\/257"}],"wp:attachment":[{"href":"https:\/\/coursepages2.tuni.fi\/tiea2-1b\/wp-json\/wp\/v2\/media?parent=260"}],"curies":[{"name":"wp","href":"https:\/\/api.w.org\/{rel}","templated":true}]}}