{"id":257,"date":"2020-02-26T22:11:05","date_gmt":"2020-02-26T20:11:05","guid":{"rendered":"https:\/\/coursepages.uta.fi\/tiea2-1b\/?page_id=257"},"modified":"2020-09-06T02:15:01","modified_gmt":"2020-09-05T23:15:01","slug":"kevat-2020","status":"publish","type":"page","link":"https:\/\/coursepages2.tuni.fi\/tiea2-1b\/kevat-2020\/","title":{"rendered":"Kev\u00e4t 2020"},"content":{"rendered":"<p><strong>6.9.2020<\/strong><\/p>\n<p>Ensimm\u00e4inen er\u00e4 arvosanoja on julkaistu. L\u00f6yd\u00e4t arvosanat WETOn <em>Arvosanat<\/em>-kohdasta. Ota viipym\u00e4tt\u00e4 yhteys kurssin vastuuopettajaan s\u00e4hk\u00f6postitse (<em>jorma.laurikkala@tuni.fi<\/em>), mik\u00e4li ep\u00e4ilet arvostelussa tapahtuneen virheen tai nimesi puuttuu listalta, vaikka harjoitusty\u00f6 on kunnossa. Suoritusp\u00e4iv\u00e4m\u00e4\u00e4r\u00e4ksi merkit\u00e4\u00e4n p\u00e4\u00e4s\u00e4\u00e4nt\u00f6isesti harjoitusty\u00f6n lopullisen version palautusp\u00e4iv\u00e4 8.5.2020.<\/p>\n<p><strong>8.5.2020<\/strong><\/p>\n<p><a href=\"https:\/\/coursepages2.tuni.fi\/tiea2-1b\/kevat-2020\/harjoitustyo\/kysymyksia-ja-vastauksia\/\">Kysymys- ja vastauspalstalle<\/a> on lis\u00e4tty yksi uusi kohta. (1.21)<\/p>\n<p><strong>7.5.2020<\/strong><\/p>\n<p>Vastuuopettaja oli unohtanut jatkaa v\u00e4lipalautuksen takarajaa WETOssa. Virhe on korjattu nyt ja my\u00f6s v\u00e4lipalautuksia voi tehd\u00e4 huomiseen klo 16.00 saakka. (14.17)<\/p>\n<p>Harjoitusty\u00f6n laajan version testaus on avattu WETOssa. Laajan ty\u00f6n voi palauttaa nyt kokonaisuudessaan. (2.01)<\/p>\n<p><strong>5.5.2020<\/strong><\/p>\n<p>Harjoitusty\u00f6n suppean version palautus on avattu WETOssa. Palautuksesta on kerrotttu lis\u00e4\u00e4 WETOssa. Laajasta ty\u00f6st\u00e4 voi palauttaa toistaiseksi dokumentaation. Laajan ty\u00f6n tekij\u00e4t voivat testailla ohjelmaansa palauttamalla sen v\u00e4liaikaisesti suppeaan kohtaan (suppeat testit sis\u00e4ltyv\u00e4t laajoihin testeihin) ja tekem\u00e4ll\u00e4 laajan ty\u00f6n esimerkkiajoja omalla koneellaan. Vastuuopettaja tiedottaa, kun laaja testaus on saatavilla kokonaisuudessaan. <strong>Harjoitusty\u00f6n palautuksen takarajaa on jatkettu perjaintaihin 8.5. klo 16.00 saakka<\/strong>, jotta testailuun j\u00e4isi kohtuullisesti aikaa. (7.42)<\/p>\n<p><strong>4.5.2020<\/strong><\/p>\n<p>Harjoitusty\u00f6n loput <a href=\"https:\/\/coursepages2.tuni.fi\/tiea2-1b\/kevat-2020\/harjoitustyo\/esimerkit\/\">esimerkkiajot<\/a> on julkaistu. Vastuuopettaja tiedottaa, kun WETO on avattu ratkaisujen palautusta varten. (7.08)<\/p>\n<p><strong>1.5.2020<\/strong><\/p>\n<p><a href=\"https:\/\/coursepages2.tuni.fi\/tiea2-1b\/kevat-2020\/harjoitustyo\/kysymyksia-ja-vastauksia\/\">Kysymys- ja vastauspalstalle<\/a> on lis\u00e4tty yksi uusi kohta. (1.09)<\/p>\n<p><strong>27.4.2020<\/strong><\/p>\n<p>Harjoitusty\u00f6n tarkkaan teht\u00e4v\u00e4nantoon on tehty kaksi korjausta. <em>News_reuters<\/em>-kokoelman onnettomuusuutisen tunnisteeksi on korjattu 21576. <em>Polish<\/em>-komennon parametriton versio on poistettu, koska <em>Tietoinen&lt;T&gt;<\/em>-rajapinnan <em>siivoa<\/em>-metodi on m\u00e4\u00e4ritelty siten, ett\u00e4 tyhj\u00e4 merkkijono &#8221;&#8221; aiheuttaa poikkeuksen. Ohjelman tulee tulostaa virheilmoitus my\u00f6s, kun <em>polish<\/em>-komennolle ei ole annettu parametreja. (1.28)<\/p>\n<p><a href=\"https:\/\/coursepages2.tuni.fi\/tiea2-1b\/kevat-2020\/harjoitustyo\/kysymyksia-ja-vastauksia\/\">Kysymys- ja vastauspalstalle<\/a> on lis\u00e4tty yksi uusi kohta. (1.10)<\/p>\n<p><strong>24.3.2020<\/strong><\/p>\n<p>Harjoitusty\u00f6n ohjausvastuu siirtyy tuntiopettajille. Lue poikkeuksellisen tylyt <a href=\"https:\/\/coursepages2.tuni.fi\/tiea2-1b\/kevat-2020\/harjoitustyo\/ohjaus\/\">ohjeet<\/a> ennen kysymist\u00e4. Vastuuopettaja vastaa viel\u00e4 avoimiin kysymyksiin ja siirt\u00e4\u00e4 sitten ohjauksen tuntiopettajalle. (23.35)<\/p>\n<p>V\u00e4lipalautuksen pisteet (0\u20132 kpl) on tallennettu WETOssa <em>Harjoitusty\u00f6<\/em> | <em>Pisteet<\/em> -kohdan <em>Grading<\/em>-v\u00e4lilehdelle. Ota yhteytt\u00e4 vastuuopettajaan, jos havaitset virheen. <strong>V\u00e4lipalautus on avattu uudelleen WETOn hylk\u00e4\u00e4mien t\u00f6iden palauttamista varten<\/strong>. V\u00e4lipalautus on hyl\u00e4tty, jos yksikin v\u00e4lipalautuksen testeist\u00e4 on ep\u00e4onnistunut. <strong>Korjattu ty\u00f6 tulee palauttaa viimeist\u00e4\u00e4n lopullisen palautuksen takarajaan menness\u00e4<\/strong>. Korjaukset ovat pakollisia, koska lopullista palautusta ei hyv\u00e4ksyt\u00e4 ilman onnistunutta v\u00e4lipalautusta. Lopullinen palautus katsotaan my\u00f6h\u00e4styneeksi, jos v\u00e4lipalautus on j\u00e4\u00e4nyt korjaamatta. WETOon voi palauttaa jo hyv\u00e4ksytyn ty\u00f6n, jos on tarpeen varmistaa, ett\u00e4 koodi on edelleen v\u00e4lipisteen osalta kunnossa. Varmista t\u00e4ss\u00e4 tapauksessa, ett\u00e4 v\u00e4lipalautukseen j\u00e4\u00e4 toimiva ohjelma. (19.18)<\/p>\n<p>tl;dr t\u00e4ysin omalla vastuulla.<\/p>\n<p><strong>23.3.2020<\/strong><\/p>\n<p>Ensimm\u00e4inen er\u00e4 harjoitusty\u00f6n <a href=\"https:\/\/coursepages2.tuni.fi\/tiea2-1b\/kevat-2020\/harjoitustyo\/esimerkit\/\">esimerkkiajoja<\/a> on julkaistu. Vastuuopettaja tiedottaa, kun lis\u00e4\u00e4 esimerkkej\u00e4 on saatavilla ja WETO on avattu ratkaisujen palautusta varten. (22.44)<\/p>\n<p><strong>18.4.2020<\/strong><\/p>\n<p><a href=\"https:\/\/coursepages2.tuni.fi\/tiea2-1b\/kevat-2020\/harjoitustyo\/kysymyksia-ja-vastauksia\/\">Kysymys- ja vastauspalstalle<\/a> on lis\u00e4tty yksi uusi kohta. (23.11)<\/p>\n<p><a href=\"https:\/\/coursepages2.tuni.fi\/tiea2-1b\/kevat-2020\/harjoitustyo\/kysymyksia-ja-vastauksia\/\">Kysymys- ja vastauspalstalle<\/a> on lis\u00e4tty kaksi uutta kysymyst\u00e4 vastauksineen. (0.56)<\/p>\n<p><strong>17.4.2020<\/strong><\/p>\n<p>Harjoitusty\u00f6n <a href=\"https:\/\/coursepages2.tuni.fi\/tiea2-1b\/kevat-2020\/harjoitustyo\/kysymyksia-ja-vastauksia\/\">kysymys- ja vastauspalsta<\/a> on avattu. Palstalla on tietoa erityisesti oman listan <em>lis\u00e4\u00e4<\/em>-metodiin liittyen. (6.48)<\/p>\n<p><strong>10.4.2020<\/strong><\/p>\n<p>Harjoitusty\u00f6n tarkka teht\u00e4v\u00e4nanto on <a href=\"https:\/\/coursepages2.tuni.fi\/tiea2-1b\/kevat-2020\/harjoitustyo\/\">julkaistu<\/a>. Valmis ohjelma ja sen dokumentaatio on palautettava viimeist\u00e4\u00e4n keskiviikkona 6.5. klo 23.55. Ohjaus tapahtuu s\u00e4hk\u00f6postilla ja muilla s\u00e4hk\u00f6isill\u00e4 menetelmill\u00e4. Ota toistaiseksi yhteytt\u00e4 kurssin vastuuopettajaan. Kurssin tuntiopettajien ohjauksesta kerrotaan my\u00f6hemmin. (3.38)<\/p>\n<p><strong>3.4.2020<\/strong><\/p>\n<p>Harjoitusty\u00f6n v\u00e4lipalautus on avattu kurssin WETO-sivuilla. V\u00e4lipalautuksesta ja sen pisteytyksest\u00e4 kerrotaan WETOssa ja tarkassa teht\u00e4v\u00e4nannossa, jonka vastuuopettaja yritt\u00e4\u00e4 saada valmiiksi viikonloppuna. Testeiss\u00e4 ei ole mit\u00e4\u00e4n mit\u00e4 ei olisi kerrottu infokalvoilla,\u00a0versionhallinnankalvoilla ja rajapintojen kommenteissa pois lukien muutos <em>Kokoelma<\/em>-luokkaan. Luokka pit\u00e4\u00e4 kiinnitt\u00e4\u00e4 testauksen helpottamiseksi <em>harjoitustyo.kokoelma<\/em>-pakkaukseen ja sille on teht\u00e4v\u00e4 oletusrakentaja ja lukuaksessori. V\u00e4lipalautuksen takarajaa on jatkettu sunnuntaihin 19.4. klo 23.55 saakka. My\u00f6s lopullinen takaraja siirtyy. Sen tarkka paikka kerrotaan my\u00f6hemmin. (15.49)<\/p>\n<p><strong>17.3.2020<\/strong><\/p>\n<p>Viimeinen osa <a href=\"https:\/\/coursepages2.tuni.fi\/tiea2-1b\/kevat-2020\/luennot\/\">luentorunkoa<\/a> on julkaistu. Viides (viimeinen) luento on peruttu. Luentoa ei l\u00e4het\u00e4 et\u00e4n\u00e4 verkossa: luentorunko t\u00e4ytyy selailla l\u00e4pi omatoimisesti. L\u00e4hteiss\u00e4 annettu Git-kirja on hyv\u00e4 l\u00e4hde ja vastannee useimpiin kysymyksiin. Viime keskiviikon luento j\u00e4i viimeiseksi Oope-luennoksi ikin\u00e4. Kiitokset kaikille tuolloin paikalle p\u00e4\u00e4sseille. (1.13)<\/p>\n<p><strong>11.3.2020<\/strong><\/p>\n<p>Lis\u00e4\u00e4 <a href=\"https:\/\/coursepages2.tuni.fi\/tiea2-1b\/kevat-2020\/luennot\/\">luentorunkoa<\/a> on julkaistu. (12.05)<\/p>\n<p><strong>10.3.2020<\/strong><\/p>\n<p>Kaikkien WETOssa kurssille rekister\u00f6ityneiden opiskelijoiden pit\u00e4isi p\u00e4\u00e4st\u00e4 nyt lataamaan projektipohja Tuni-GitLabista ja kirjautumaan Tuni-GitLabiin osoitteessa: https:\/\/course-gitlab.tuni.fi\/users\/sign_in. Projektipohjasta, sen lataamisesta yms. on kerrottu t\u00e4n\u00e4\u00e4n julkaistussa luentorungon osassa. Ota yhteytt\u00e4 kurssin vastuuopettajaan, jos kohtaat mink\u00e4 tahansa teknisen ongelman Gitin tai Tuni-GitLabin kanssa. Giti\u00e4 k\u00e4sitell\u00e4\u00e4n my\u00f6s huomisella luennolla, jolla kertaillaan t\u00e4n\u00e4\u00e4n tehty\u00e4 ja esitell\u00e4\u00e4n NetBeansia sek\u00e4 Gitin k\u00e4ytt\u00f6\u00e4 sen kanssa. Ota oma kannettana mukaan; my\u00f6s tietotekniset ty\u00f6v\u00e4lineet tulevat parhaiten tutuksi tekem\u00e4ll\u00e4. (17.24)<\/p>\n<p>Lis\u00e4\u00e4 <a href=\"https:\/\/coursepages2.tuni.fi\/tiea2-1b\/kevat-2020\/luennot\/\">luentorunkoa<\/a> on julkaistu. (14.05)<\/p>\n<p><strong>4.3.2020<\/strong><\/p>\n<p>Aiemmista kursseista poiketen t\u00e4ll\u00e4 kurssilla ei ole esitietolomaketta. K\u00e4y lomakkeen t\u00e4ytt\u00e4misen sijasta kirjautumassa mahdollisimman pian kurssin WETO-sivuille osoitteessa <a href=\"https:\/\/wetodev.sis.uta.fi\/\">wetodev.sis.uta.fi<\/a>. Kirjautuminen tarvitaan, jotta sinulle voidaan perustaa et\u00e4tietovarasto, jossa on harjoitusty\u00f6ss\u00e4 tarvittavat valmiit rajapinnat. Tosin sanoen: et voi tehd\u00e4 ty\u00f6t\u00e4 kovin pitk\u00e4lle, ellet k\u00e4y kirjautumassa. (11.53)<\/p>\n<p>Sivuille lis\u00e4tty ohjeita Javadoc-kommenttien ja UML-luokkakaavion muodostamiseen liittyen. (11.51)<\/p>\n<p><strong>3.3.2020<\/strong><\/p>\n<p>Harjoitusty\u00f6n <a href=\"https:\/\/coursepages2.tuni.fi\/tiea2-1b\/kevat-2020\/harjoitustyo\/\">infokalvot<\/a> on julkaistu. Kalvoille on lis\u00e4tty esimerkkiajo luentojen j\u00e4lkeen. Samalla tehty pari pient\u00e4 lis\u00e4yst\u00e4 ja korjausta. (19.55)<\/p>\n<p><strong>26.2.2020<\/strong><\/p>\n<p>Sivut on avattu. (23.16)<\/p>\n","protected":false},"excerpt":{"rendered":"<p>6.9.2020 Ensimm\u00e4inen er\u00e4 arvosanoja on julkaistu. L\u00f6yd\u00e4t arvosanat WETOn Arvosanat-kohdasta. Ota viipym\u00e4tt\u00e4 yhteys kurssin vastuuopettajaan s\u00e4hk\u00f6postitse (jorma.laurikkala@tuni.fi), mik\u00e4li ep\u00e4ilet arvostelussa tapahtuneen virheen tai nimesi puuttuu listalta, vaikka harjoitusty\u00f6 on kunnossa. Suoritusp\u00e4iv\u00e4m\u00e4\u00e4r\u00e4ksi merkit\u00e4\u00e4n p\u00e4\u00e4s\u00e4\u00e4nt\u00f6isesti harjoitusty\u00f6n lopullisen version palautusp\u00e4iv\u00e4 8.5.2020. 8.5.2020 Kysymys- ja vastauspalstalle on lis\u00e4tty yksi uusi kohta. (1.21) 7.5.2020 Vastuuopettaja oli unohtanut jatkaa v\u00e4lipalautuksen takarajaa &hellip; <a href=\"https:\/\/coursepages2.tuni.fi\/tiea2-1b\/kevat-2020\/\" class=\"more-link\">Jatka artikkeliin <span class=\"screen-reader-text\">Kev\u00e4t 2020<\/span><\/a><\/p>\n","protected":false},"author":6,"featured_media":0,"parent":0,"menu_order":0,"comment_status":"closed","ping_status":"closed","template":"","meta":{"footnotes":""},"class_list":["post-257","page","type-page","status-publish","hentry"],"_links":{"self":[{"href":"https:\/\/coursepages2.tuni.fi\/tiea2-1b\/wp-json\/wp\/v2\/pages\/257","targetHints":{"allow":["GET"]}}],"collection":[{"href":"https:\/\/coursepages2.tuni.fi\/tiea2-1b\/wp-json\/wp\/v2\/pages"}],"about":[{"href":"https:\/\/coursepages2.tuni.fi\/tiea2-1b\/wp-json\/wp\/v2\/types\/page"}],"author":[{"embeddable":true,"href":"https:\/\/coursepages2.tuni.fi\/tiea2-1b\/wp-json\/wp\/v2\/users\/6"}],"replies":[{"embeddable":true,"href":"https:\/\/coursepages2.tuni.fi\/tiea2-1b\/wp-json\/wp\/v2\/comments?post=257"}],"version-history":[{"count":52,"href":"https:\/\/coursepages2.tuni.fi\/tiea2-1b\/wp-json\/wp\/v2\/pages\/257\/revisions"}],"predecessor-version":[{"id":454,"href":"https:\/\/coursepages2.tuni.fi\/tiea2-1b\/wp-json\/wp\/v2\/pages\/257\/revisions\/454"}],"wp:attachment":[{"href":"https:\/\/coursepages2.tuni.fi\/tiea2-1b\/wp-json\/wp\/v2\/media?parent=257"}],"curies":[{"name":"wp","href":"https:\/\/api.w.org\/{rel}","templated":true}]}}