{"id":642,"date":"2020-03-10T00:09:55","date_gmt":"2020-03-09T22:09:55","guid":{"rendered":"https:\/\/coursepages.uta.fi\/tiea2-1a\/?page_id=642"},"modified":"2021-05-10T00:23:07","modified_gmt":"2021-05-09T21:23:07","slug":"tentit","status":"publish","type":"page","link":"https:\/\/coursepages2.tuni.fi\/tiea2-1a\/kevat-2020\/tentit\/","title":{"rendered":"Tentit"},"content":{"rendered":"<p>Tentit ovat s\u00e4hk\u00f6isi\u00e4. Tentist\u00e4 on kerrottu lis\u00e4\u00e4 <a href=\"https:\/\/homepages.tuni.fi\/jorma.laurikkala\/oope1\/kevat-2020\/tentit\/info\/\">infokalvoilta<\/a>.<\/p>\n<p>Parasta harjoittelua tenttiin on harjoitusten tekeminen. Tenttiin voi valmistautua my\u00f6s tekem\u00e4ll\u00e4 <a href=\"https:\/\/homepages.tuni.fi\/jorma.laurikkala\/oope1\/kevat-2020\/tentit\/mallitentti\/\">mallitentin<\/a>.<\/p>\n<p>Tentteihin ilmoittaudutaan eLomakkeella. Ota yhteytt\u00e4 kurssin vastuuopettajaan, jos et p\u00e4\u00e4se lomakkeelle. Saat ilmoittautumisen j\u00e4lkeen yliopiston s\u00e4hk\u00f6postiisi viestin, jossa on antamasi tiedot ja linkki, jonka kautta voit perua ilmoittautumisesi. ELomake ei osaa p\u00e4ivitt\u00e4\u00e4 ilmoittautumistasi. Tietojen p\u00e4ivitt\u00e4minen on teht\u00e4v\u00e4 perumalla alkuper\u00e4inen ilmoittautuminen ja t\u00e4ytt\u00e4m\u00e4ll\u00e4 lomake uudelleen, jotta j\u00e4rjestelm\u00e4\u00e4n ei tallentuisi kahta ilmoittautumista.<\/p>\n<p>Erityisj\u00e4rjestelyj\u00e4 ei voida taata my\u00f6h\u00e4ss\u00e4 ilmoittautuneille.<\/p>\n<p>Tentti-ilmoittautumisen voi perua eLomakkeen kautta niin pitk\u00e4\u00e4n kuin lomake on auki. On t\u00e4rke\u00e4\u00e4, ett\u00e4 muistat perua ilmoittautumisesi esteen sattuessa, koska k\u00e4ytt\u00e4m\u00e4tt\u00e4 j\u00e4\u00e4nyt tenttipaikka voi hyvinkin olla pois toiselta kurssilaiselta.<\/p>\n<p>Ota lomakkeen sulkeutumisen j\u00e4lkeen yhteytt\u00e4 kurssin vastuuopettajaan s\u00e4hk\u00f6postitse, jos haluat ilmoittautua tai perua ilmoittautumisesi.<\/p>\n<p>Tenttitilan voi palauttaa mieleen WETOn l\u00e4hett\u00e4m\u00e4st\u00e4 viestist\u00e4.<\/p>\n<h3>Lopputentti<\/h3>\n<p>Lopputentti j\u00e4rjestet\u00e4\u00e4n torstaina 12.3. klo 16\u201319.<\/p>\n<p><a href=\"https:\/\/elomake3.uta.fi\/lomakkeet\/25018\/lomake.html\">Ilmoittautuminen<\/a> on auki torstaihin 12.3. klo 12.00 (keskip\u00e4iv\u00e4) saakka.<\/p>\n<h3><a name=\"uusinnat\"><\/a>Uusintatentit<\/h3>\n<p>Kurssilla on nelj\u00e4 virallista uusintatentti\u00e4. My\u00f6s uusintatentit ovat s\u00e4hk\u00f6isi\u00e4. Uusintatenteiss\u00e4 voi korottaa lopputentin tai aiemman uusinnan arvosanaa. Arvosana ei laske, jos uusinnasta saatu tenttitulos on aiempaa tulosta huonompi.<\/p>\n<p>Uusintatentit j\u00e4rjestet\u00e4\u00e4n s\u00e4hk\u00f6isin\u00e4 et\u00e4tenttein\u00e4 siten, ett\u00e4 tentit tehd\u00e4\u00e4n lopputentin tapaan WETOon, mutta avustus, valvonta ja tenttij\u00e4n henkil\u00f6llisyyden varmistaminen on tavoitteena tehd\u00e4 Zoom-sovelluksen kautta. N\u00e4it\u00e4 ohjeita p\u00e4ivitet\u00e4\u00e4n tarpeen mukaan. L\u00f6yd\u00e4t lis\u00e4\u00e4 tietoa Zoomista esimerkiksi ohjeen lopuun koottujen linkkien kautta.<\/p>\n<p>Ensimm\u00e4inen uusinta j\u00e4rjestet\u00e4\u00e4n keskiviikkona <strong>20.5. klo 12\u201315<\/strong>. T\u00e4h\u00e4n uusintaan otetaan korkeintaan 25 opiskelijaa. <a href=\"https:\/\/elomake3.uta.fi\/lomakkeet\/25144\/lomake.html\">Ilmoittautumislomake<\/a> on auki keskiviikkoon 20.5. klo 10.00 saakka.<\/p>\n<p>Toinen uusinta on perjantaina <strong>22.5. klo 9\u201312<\/strong>. <a href=\"https:\/\/elomake3.uta.fi\/lomakkeet\/25146\/lomake.html\">Ilmoittautumislomake<\/a> on auki torstaihin 21.5. klo 23.55 saakka.<\/p>\n<p>Kolmas uusinta on keskiviikkona <strong>10.6. klo 17\u201320<\/strong>. <a href=\"https:\/\/elomake3.uta.fi\/lomakkeet\/25174\/lomake.html\">Ilmoittautumislomake<\/a> on auki 10.6. klo 14.00 saakka.<\/p>\n<p>Nelj\u00e4s uusinta on maanantaina <strong>15.6. klo 17\u201320<\/strong>. <a href=\"https:\/\/elomake3.uta.fi\/lomakkeet\/25175\/lomake.html\">Ilmoittautumislomake<\/a> on auki 14.6. klo 23.55 saakka.<\/p>\n<p>Ensimm\u00e4isen uusinnan hyv\u00e4ksytysti suorittaneet tulevat saamaan arvosanan opintorekisteriin ennen j\u00e4rjestelmien sulkeutumista 27.5, jos harjoituspisteit\u00e4 on riitt\u00e4v\u00e4 m\u00e4\u00e4r\u00e4. Arvosanan pit\u00e4isi ehti\u00e4 rekisteriin my\u00f6s toisen uusinnan kautta, mutta t\u00e4t\u00e4 ei voi luvata t\u00e4ysin varmaksi.<\/p>\n<p>Kurssilainen tarvitsee tentti\u00e4 varten tietokoneen, internet-yhteyden, verkkokameran, kuulokkeet ja mikrofonin tai kuulokemikrofonin (headset) ja ilmaisen <strong>Zoom-sovelluksen<\/strong>. Zoomin selainversiota ei voi k\u00e4ytt\u00e4\u00e4, koska se ei tue pienryhm\u00e4huoneita (breakout room). Kannettavaa k\u00e4ytt\u00e4v\u00e4n kurssilaisen on syyt\u00e4 pit\u00e4\u00e4 my\u00f6s laturi k\u00e4sill\u00e4. Tentin voi tehd\u00e4 miss\u00e4 tahassa tilassa, jossa ei ole muita henkil\u00f6it\u00e4 tentin aikana. Hyvin k\u00e4ytt\u00e4ytyv\u00e4t tukiel\u00e4imet ovat sallittuja. Oma koti on todenn\u00e4k\u00f6isesti paras paikka tehd\u00e4 et\u00e4tentti.<\/p>\n<p>Tentin aikana p\u00e4tev\u00e4t soveltuvin osin aiemmin annetut <a href=\"https:\/\/homepages.tuni.fi\/jorma.laurikkala\/oope1\/kevat-2020\/tentit\/info\/\">ohjeet<\/a>, joista t\u00e4rkein on se ettei toisen henkil\u00f6n apua saa pyyt\u00e4\u00e4 tai vastaanottaa s\u00e4hk\u00f6isesti tai fyysisesti. Tentin valvoja on poikkeus: h\u00e4n auttaa, jos esimerkiksi WETOssa vaikuttaa olevan jotain omituista.<\/p>\n<p>Uusintatentit tehd\u00e4\u00e4n <strong>dev-WETOssa<\/strong> (<a href=\"https:\/\/wetodev.sis.uta.fi\/weto5\/\">https:\/\/wetodev.sis.uta.fi\/weto5\/<\/a>), joka on sama j\u00e4rjestelm\u00e4, johon harjoitusteht\u00e4v\u00e4t on palautettu. Lopputentiss\u00e4 k\u00e4ytettiin tentti-WETOa, joka on eri osoitteessa. <strong>Tenttikysymykset l\u00f6ytyv\u00e4t WETOsta<\/strong>.<\/p>\n<p><strong>Tentin aikana on k\u00e4ynniss\u00e4 Zoom-kokous<\/strong>, jonka kautta valvoja avustaa tenttij\u00f6it\u00e4. Valvoja l\u00e4hett\u00e4\u00e4 tenttiin ilmoittautuneille kokouslinkin ja kokouksen salasanan s\u00e4hk\u00f6postilla. Kokoukseen voi osallistua vain tietokoneella.<\/p>\n<p><a href=\"https:\/\/tuni.zoom.us\/download\">Asenna Zoom-sovellus<\/a> ennen kokousta ja tutustu sovellukseen ainakin k\u00e4ym\u00e4ll\u00e4 Zoomin <a href=\"https:\/\/zoom.us\/test\">testikokouksessa<\/a>, jossa p\u00e4\u00e4set testaamaan mikrofonisi ja kamerasi. Ota yhteytt\u00e4 vastuuopettajaan s\u00e4hk\u00f6postilla, jos kohtaat asennusongelman tai sinulla on kysymys Zoomin k\u00e4ytt\u00f6\u00f6n liittyen.<\/p>\n<p>Mykist\u00e4 ennen kokoukseen liittymist\u00e4 tietokoneen omat tai siihen liitetyt kaiuttimet, jotta \u00e4\u00e4ni ei ala kiert\u00e4\u00e4. K\u00e4yt\u00e4 Zoom-sovelluksessa oletuksena valittuna olevaa pienint\u00e4 videotarkkuutta (SD). Sammuta muut videoyhteytt\u00e4 k\u00e4ytt\u00e4v\u00e4t ohjelmat sek\u00e4 paljon suoritinta kuormittavat ja keskusmuistia k\u00e4ytt\u00e4v\u00e4t ohjelmat, jotta Zoom voi hy\u00f6dynt\u00e4\u00e4 j\u00e4rjestelm\u00e4si resursseja paremmin.<\/p>\n<p>Liity kokoukseen kamera ja mikrofoni p\u00e4\u00e4ll\u00e4 ja omaa nime\u00e4si (ei k\u00e4ytt\u00e4j\u00e4tunnuksia, vaan etunimi ja sukunimi) k\u00e4ytt\u00e4en viimeist\u00e4\u00e4n noin varttia ennen tentin alkua, jotta ehdit selvitell\u00e4 mahdollisia teknisi\u00e4 ongelmia ennen tentti\u00e4. Valvoja mykist\u00e4\u00e4 omansa lis\u00e4ksi kaikkien muidet mikrofonit, kun tentti saadaan k\u00e4yntiin. Valvoja saattaa olla n\u00e4kym\u00e4tt\u00f6miss\u00e4 kokouksen aikana. <strong>Tenttij\u00f6iden tulee pit\u00e4\u00e4 videoyhteys p\u00e4\u00e4ll\u00e4 koko kokouksen ajan<\/strong> ellei valvoja ohjeista muuta.<\/p>\n<p>Valvoja yritt\u00e4\u00e4 olla h\u00e4iritsem\u00e4tt\u00e4 tentti\u00e4 puhumalla. Seuraa siksi ryhm\u00e4keskustelua, jonka kautta tulee muun muassa viesti, kun tentti alkaa loppua. Keskustelun kautta voi l\u00e4hett\u00e4\u00e4 yksityisi\u00e4 viestej\u00e4 valvojalle, mutta on suositeltavampaa <strong>pyyt\u00e4\u00e4 apua valvojalta Zoomissa viittaamalla<\/strong>. Viittaustoiminto (raise hand) l\u00f6ytyy osallistujalistan (participants) n\u00e4ytt\u00e4v\u00e4st\u00e4 ikkunasta, jossa ainakin Windowsin Zoom-sovelluksessa t\u00e4ytyy ensin klikata kolmen pisteen valintaa, jotta p\u00e4\u00e4see viittaamaan.<\/p>\n<p>Valvoja siirt\u00e4\u00e4 viitanneen opiskelijan yksityist\u00e4 keskustelua varten pienryhm\u00e4huoneeseen (muista hyv\u00e4ksy\u00e4 kutsu) ja siirtyy sinne my\u00f6s itse. Pienryhm\u00e4huoneen keskustelu ei kuulu kokoukseen. Huoneessa voi my\u00f6s tarvittaessa jakaa n\u00e4yt\u00f6n ilman, ett\u00e4 se n\u00e4kyy kokoukseen. Ongelman selvitty\u00e4 valvoja ja opiskelija palaavat kokoukseen. Zoom ei osaa n\u00e4ytt\u00e4\u00e4 valvojalle viittausj\u00e4rjestyst\u00e4. Odota siksi k\u00e4rsiv\u00e4llisesti, kunnes valvoja p\u00e4\u00e4see jossain j\u00e4rjestyksess\u00e4 luoksesi, kun useampi tenttij\u00e4 on k\u00e4si pystyss\u00e4.<\/p>\n<p>Valvoja voi pyyt\u00e4\u00e4 sinua oma-aloitteisesti pienryhm\u00e4huoneeseen. Sinun t\u00e4ll\u00f6inkin hyv\u00e4ksytt\u00e4v\u00e4 kutsu.<\/p>\n<p><strong>Kokouksesta ei saa poistua heti, kun tentti on tehty<\/strong>, vaan vasta, kun valvoja on tarkistanut tenttij\u00e4n henkil\u00f6llisyyden kuvallisesta henkil\u00f6llisyystodistuksesta aivan kuin tavallisessa tentiss\u00e4. <strong>Viittaa Zoomissa, kun olet valmis<\/strong>. Henkil\u00f6llisyys tarkistetaan taukohuoneessa siten, ett\u00e4 tenttij\u00e4 n\u00e4ytt\u00e4\u00e4 henkil\u00f6llisyystodistuksena (mielell\u00e4\u00e4n opiskelijakortti) valvojalle ja tarvittaessa siirtyy l\u00e4hemm\u00e4s kameraa, jotta valvoja voi verrata kuvia. Valvoja merkitsee samalla yl\u00f6s poistumisajan.<\/p>\n<p>Liity kokoukseen uudelleen, jos yhteytesi katkeaa. Kokoukseen voi liitty\u00e4 tentin jo alettua, jos kukaan ajoissa aloittanut ei ole ehtinyt poistua kokouksesta.<\/p>\n<p>Jatka tentin tekoa rauhassa, jos kokous alkaa p\u00e4tki\u00e4 tai jos Zoom tiputtaa sinut linjoilta etk\u00e4 p\u00e4\u00e4se en\u00e4\u00e4 takaisin kokoukseen. Seuraa t\u00e4ss\u00e4 tapauksessa tentin p\u00e4\u00e4sivua WETOssa. Vastuupettaja tiedottaa katastrofitilanteessa siell\u00e4. Muista p\u00e4ivitt\u00e4\u00e4 tuolloin p\u00e4\u00e4sivua silloin t\u00e4ll\u00f6in.<\/p>\n<p>Linkkej\u00e4:<\/p>\n<ul>\n<li>Tuni: <a href=\"https:\/\/www.tuni.fi\/it-palvelut\/kasikirja?search=zoom&amp;page=4817\">kirjautuminen Zoomiin ja Zoom-sovellus<\/a>.<\/li>\n<li>Tuni: <a href=\"https:\/\/www.tuni.fi\/it-palvelut\/kasikirja?search=zoom&amp;page=12538\">Zoom-ohjeet kokouksen osallistujille<\/a>.<\/li>\n<li>Zoom.us: Zoom-sovelluksen <a href=\"https:\/\/tuni.zoom.us\/download\">lataussivu Tuni-k\u00e4yt\u00e4jille<\/a>.<\/li>\n<li>JAMK: <a href=\"https:\/\/oppimateriaalit.jamk.fi\/zoom\/tyokalut\/materiaalin-esittaminen-ja-jakaminen\/\">n\u00e4yt\u00f6n jakaminen<\/a>.<\/li>\n<li>JAMK: <a href=\"https:\/\/oppimateriaalit.jamk.fi\/zoom\/tyokalut\/osallistujien-ja-istunnon-vetajien-tyokalut-kokouksen-aikana\/\">viittaaminen kokouksessa<\/a>.<\/li>\n<li>Zoom.us: <a href=\"https:\/\/support.zoom.us\/hc\/en-us\">ohjeet<\/a>.<\/li>\n<li>Zoom.us: <a href=\"https:\/\/support.zoom.us\/hc\/en-us\/articles\/201362023-System-requirements-for-Windows-macOS-and-Linux\">sovelluksen laitteistovaatimukset<\/a>.<\/li>\n<li>reviews.org: <a href=\"https:\/\/www.reviews.org\/internet-service\/how-much-data-does-zoom-use\/\">laskelmia<\/a> datan k\u00e4yt\u00f6st\u00e4 Zoom-kokouksissa.<\/li>\n<\/ul>\n<h2><a name=\"tulokset\"><\/a>Tulokset<\/h2>\n<p>Yksitt\u00e4isten tenttien tulokset l\u00f6ytyv\u00e4t WETOssa <em>Olio-ohjelmoinnin perusteet I 2020<\/em> | <em>Tentit<\/em> -kohdan alikohtien <em>Grading<\/em>-v\u00e4lilehdilt\u00e4.<\/p>\n<p>WETOn <em>Olio-ohjelmoinnin perusteet I <\/em>| <em>Tentit<\/em> -kohdan <em>Grades<\/em>-v\u00e4lilehden <em>Tentit<\/em>-sarakkeessa n\u00e4kyy loppu- ja uusintatenttien suurin pistem\u00e4\u00e4r\u00e4 vain, jos ainakin yhdess\u00e4 tentiss\u00e4 pisteit\u00e4 on ollut v\u00e4hint\u00e4\u00e4n 12. Jos pisteet ovat j\u00e4\u00e4neet alle hyv\u00e4ksymisrajan, pistem\u00e4\u00e4r\u00e4 on <em>Unspecified<\/em>.<\/p>\n<p>Huomaa, ett\u00e4 n\u00e4ihin pisteisiin ei ole laskettu mukaan viikkoharjoituksista annettavia hyvityspisteit\u00e4. Ota yhteys kurssin vastuuopettajaan, mik\u00e4li ep\u00e4ilet arvostelussa tapahtuneen virheen tai haluat tarkemia tietoja tenttisi arvostelusta.<\/p>\n<p><strong>Lopputentti 12.3.2020<\/strong><\/p>\n<ul>\n<li>Ilmoittautuneita 126 kpl, saapuneita 103 kpl, saapumatta 13 kpl, hyv\u00e4ksyttyj\u00e4 88 kpl (85 %), hyl\u00e4ttyj\u00e4 15 kpl, luopuneita 0 kpl.<\/li>\n<li>Keskiarvo 17 pistett\u00e4 ja mediaani 18 pistett\u00e4.<\/li>\n<\/ul>\n<p><strong>Uusintatentti 20.5.2020<\/strong><\/p>\n<ul>\n<li>Ilmoittautuneita 24 kpl, saapuneita 24 kpl, saapumatta 0 kpl, hyv\u00e4ksyttyj\u00e4 24 kpl (100 %), hyl\u00e4ttyj\u00e4 0 kpl, luopuneita 0 kpl.<\/li>\n<li>Keskiarvo 22 pistett\u00e4 ja mediaani 24 pistett\u00e4.<\/li>\n<\/ul>\n<p><strong>Uusintatentti 22.5.2020<\/strong><\/p>\n<ul>\n<li>Ilmoittautuneita 29 kpl, saapuneita 26 kpl, saapumatta 3 kpl, hyv\u00e4ksyttyj\u00e4 26 kpl (100 %), hyl\u00e4ttyj\u00e4 0 kpl, luopuneita 0 kpl.<\/li>\n<li>Keskiarvo 20 pistett\u00e4 ja mediaani 22 pistett\u00e4.<\/li>\n<\/ul>\n<p><strong>Uusintatentti 10.6.2020<\/strong><\/p>\n<ul>\n<li>Ilmoittautuneita 8 kpl, saapuneita 8 kpl, saapumatta 0 kpl, hyv\u00e4ksyttyj\u00e4 8 kpl (100 %), hyl\u00e4ttyj\u00e4 0 kpl, luopuneita 0 kpl.<\/li>\n<li>Keskiarvo 20 pistett\u00e4 ja mediaani 21 pistett\u00e4.<\/li>\n<\/ul>\n<p><strong>Uusintatentti 16.6.2020<\/strong><\/p>\n<ul>\n<li>Ilmoittautuneita 11 kpl, saapuneita 8 kpl, saapumatta 3 kpl, hyv\u00e4ksyttyj\u00e4 7 kpl (88 %), hyl\u00e4ttyj\u00e4 1 kpl, luopuneita 0 kpl.<\/li>\n<li>Keskiarvo 16 pistett\u00e4 ja mediaani 14 pistett\u00e4.<\/li>\n<\/ul>\n","protected":false},"excerpt":{"rendered":"<p>Tentit ovat s\u00e4hk\u00f6isi\u00e4. Tentist\u00e4 on kerrottu lis\u00e4\u00e4 infokalvoilta. Parasta harjoittelua tenttiin on harjoitusten tekeminen. Tenttiin voi valmistautua my\u00f6s tekem\u00e4ll\u00e4 mallitentin. Tentteihin ilmoittaudutaan eLomakkeella. Ota yhteytt\u00e4 kurssin vastuuopettajaan, jos et p\u00e4\u00e4se lomakkeelle. Saat ilmoittautumisen j\u00e4lkeen yliopiston s\u00e4hk\u00f6postiisi viestin, jossa on antamasi tiedot ja linkki, jonka kautta voit perua ilmoittautumisesi. ELomake ei osaa p\u00e4ivitt\u00e4\u00e4 ilmoittautumistasi. Tietojen p\u00e4ivitt\u00e4minen &hellip; <a href=\"https:\/\/coursepages2.tuni.fi\/tiea2-1a\/kevat-2020\/tentit\/\" class=\"more-link\">Jatka artikkeliin <span class=\"screen-reader-text\">Tentit<\/span><\/a><\/p>\n","protected":false},"author":6,"featured_media":0,"parent":373,"menu_order":3,"comment_status":"closed","ping_status":"closed","template":"","meta":{"footnotes":""},"class_list":["post-642","page","type-page","status-publish","hentry"],"_links":{"self":[{"href":"https:\/\/coursepages2.tuni.fi\/tiea2-1a\/wp-json\/wp\/v2\/pages\/642","targetHints":{"allow":["GET"]}}],"collection":[{"href":"https:\/\/coursepages2.tuni.fi\/tiea2-1a\/wp-json\/wp\/v2\/pages"}],"about":[{"href":"https:\/\/coursepages2.tuni.fi\/tiea2-1a\/wp-json\/wp\/v2\/types\/page"}],"author":[{"embeddable":true,"href":"https:\/\/coursepages2.tuni.fi\/tiea2-1a\/wp-json\/wp\/v2\/users\/6"}],"replies":[{"embeddable":true,"href":"https:\/\/coursepages2.tuni.fi\/tiea2-1a\/wp-json\/wp\/v2\/comments?post=642"}],"version-history":[{"count":33,"href":"https:\/\/coursepages2.tuni.fi\/tiea2-1a\/wp-json\/wp\/v2\/pages\/642\/revisions"}],"predecessor-version":[{"id":726,"href":"https:\/\/coursepages2.tuni.fi\/tiea2-1a\/wp-json\/wp\/v2\/pages\/642\/revisions\/726"}],"up":[{"embeddable":true,"href":"https:\/\/coursepages2.tuni.fi\/tiea2-1a\/wp-json\/wp\/v2\/pages\/373"}],"wp:attachment":[{"href":"https:\/\/coursepages2.tuni.fi\/tiea2-1a\/wp-json\/wp\/v2\/media?parent=642"}],"curies":[{"name":"wp","href":"https:\/\/api.w.org\/{rel}","templated":true}]}}