{"id":373,"date":"2020-01-05T23:56:45","date_gmt":"2020-01-05T21:56:45","guid":{"rendered":"https:\/\/coursepages.uta.fi\/tiea2-1a\/?page_id=373"},"modified":"2020-09-04T00:39:21","modified_gmt":"2020-09-03T21:39:21","slug":"kevat-2020","status":"publish","type":"page","link":"https:\/\/coursepages2.tuni.fi\/tiea2-1a\/kevat-2020\/","title":{"rendered":"Kev\u00e4t 2020"},"content":{"rendered":"<h1>Ajankohtaista<\/h1>\n<p><strong>4.9.2020<\/strong><\/p>\n<p>Nelj\u00e4s er\u00e4 arvosanoja on julkaistu. L\u00f6yd\u00e4t arvosanat WETOn <em>Arvosanat<\/em>-kohdasta. Ota yhteys kurssin vastuuopettajaan s\u00e4hk\u00f6postitse (jorma.laurikkala@tuni.fi), mik\u00e4li ep\u00e4ilet arvostelussa tapahtuneen virheen tai nimesi puuttuu listalta, vaikka kaikki osasuoritukset ovat kunnossa. Suoritusp\u00e4iv\u00e4m\u00e4\u00e4r\u00e4ksi on merkitty ensimm\u00e4isen hyv\u00e4ksytysti suoritetun<br \/>\ntentin p\u00e4iv\u00e4m\u00e4\u00e4r\u00e4. (0.39)<\/p>\n<p><strong>14.6.2020<\/strong><\/p>\n<p>Nelj\u00e4s uusintatentti on tarkistettu. Kurssisivuilla on tulosten <a href=\"https:\/\/coursepages2.tuni.fi\/tiea2-1a\/kevat-2020\/tentit#tulokset\">yhteenveto<\/a>. Tenttipisteet l\u00f6ytyv\u00e4t WETOsta. T\u00e4m\u00e4 tentti oli kurssin viimeinen tentti. (12.16)<\/p>\n<p><strong>14.6.2020<\/strong><\/p>\n<p>Kolmas uusintatentti on tarkistettu. Kurssisivuilla on tulosten <a href=\"https:\/\/coursepages2.tuni.fi\/tiea2-1a\/kevat-2020\/tentit#tulokset\">yhteenveto<\/a>. Tenttipisteet l\u00f6ytyv\u00e4t WETOsta. (0.17)<\/p>\n<p><strong>10.6.2020<\/strong><\/p>\n<p>Nelj\u00e4nteen uusintaan voi taas ilmoittautua. Lomake meni vastuuopettajan k\u00e4mmin vuoksi kiinni liian aikaisin. (18.58)<\/p>\n<p><strong>5.6.2020<\/strong><\/p>\n<p>Kolmas uusintatentti on keskiviikkona 10.6. klo 17\u201320 ja nelj\u00e4s uusintatentti maanantaina 15.6. klo 17\u201320. Linkit ilmoittautumislomakkeille l\u00f6ytyv\u00e4t <a href=\"https:\/\/coursepages2.tuni.fi\/tiea2-1a\/kevat-2020\/tentit\/#uusinnat\">t\u00e4\u00e4lt\u00e4<\/a>. Ohjeita on p\u00e4ivitetty odostushuoneen osalta. Sit\u00e4 ei k\u00e4ytet\u00e4 kahdessa viimeisess\u00e4 uusinnassa. (2.51)<\/p>\n<p><strong>2.6.2020<\/strong><\/p>\n<p><a href=\"https:\/\/coursepages2.tuni.fi\/tiea2-1a\/kevat-2020\/harjoitukset\/tehtavat\/\">Lis\u00e4harjoitukset<\/a> on julkaistu ja harjoitusten WETO-palautus on avattu.\u00a0Kurssin vastuuopettaja on l\u00e4hett\u00e4nyt viestin opiskelijoille, jotka voivat saavuttaa 40 %:n rajan lis\u00e4teht\u00e4vi\u00e4 tekem\u00e4ll\u00e4. (0.51)<\/p>\n<p><strong>22.5.2020<\/strong><\/p>\n<p>Kolmas er\u00e4 arvosanoja on julkaistu. L\u00f6yd\u00e4t arvosanat WETOn <em>Arvosanat<\/em>-kohdasta. Ota yhteys kurssin vastuuopettajaan s\u00e4hk\u00f6postitse (jorma.laurikkala@tuni.fi), mik\u00e4li ep\u00e4ilet arvostelussa tapahtuneen virheen tai nimesi puuttuu listalta, vaikka kaikki osasuoritukset ovat kunnossa. Suoritusp\u00e4iv\u00e4m\u00e4\u00e4r\u00e4ksi on merkitty ensimm\u00e4isen hyv\u00e4ksytysti suoritetun<br \/>\ntentin p\u00e4iv\u00e4m\u00e4\u00e4r\u00e4. (16.18)<\/p>\n<p>Toinen uusintatentti on tarkistettu. Kurssisivuilla on tulosten <a href=\"https:\/\/coursepages2.tuni.fi\/tiea2-1a\/kevat-2020\/tentit#tulokset\">yhteenveto<\/a>. Tenttipisteet l\u00f6ytyv\u00e4t WETOsta. (15.15)<\/p>\n<p>Toinen er\u00e4 arvosanoja on julkaistu. L\u00f6yd\u00e4t arvosanat WETOn <em>Arvosanat<\/em>-kohdasta. Ota yhteys kurssin vastuuopettajaan s\u00e4hk\u00f6postitse (jorma.laurikkala@tuni.fi), mik\u00e4li ep\u00e4ilet arvostelussa tapahtuneen virheen tai nimesi puuttuu listalta, vaikka kaikki osasuoritukset ovat kunnossa. Suoritusp\u00e4iv\u00e4m\u00e4\u00e4r\u00e4ksi on merkitty ensimm\u00e4isen hyv\u00e4ksytysti suoritetun<br \/>\ntentin p\u00e4iv\u00e4m\u00e4\u00e4r\u00e4. (12.50)<\/p>\n<p><strong>21.5.2020<\/strong><\/p>\n<p>Ensimm\u00e4inen uusintatentti on tarkistettu. Kurssisivuilla on tulosten <a href=\"https:\/\/coursepages2.tuni.fi\/tiea2-1a\/kevat-2020\/tentit#tulokset\">yhteenveto<\/a>. Tenttipisteet l\u00f6ytyv\u00e4t WETOsta. (8.24)<\/p>\n<p><strong>16.5.2020<\/strong><\/p>\n<p>Ensi viikon uusintatentteihin ilmoittautuminen on avattu. Lomakelinkit ovat <a href=\"https:\/\/coursepages2.tuni.fi\/tiea2-1a\/kevat-2020\/tentit\/#uusinnat\">t\u00e4\u00e4ll\u00e4<\/a>. \u00c4l\u00e4 ilmoittaudu molempiin tentteihin. Ilmoittautuminen ei avautunut vuorokauden vaihteessa, koska vastuuopettajan torkut meniv\u00e4t pitkiksi. (23.04)<\/p>\n<p><strong>15.5.2020<\/strong><\/p>\n<p>Ensimm\u00e4inen er\u00e4 arvosanoja on julkaistu. L\u00f6yd\u00e4t arvosanat WETOn <em>Arvosanat<\/em>-kohdasta. Ota yhteys kurssin vastuuopettajaan s\u00e4hk\u00f6postitse (jorma.laurikkala@tuni.fi), mik\u00e4li ep\u00e4ilet arvostelussa tapahtuneen virheen tai nimesi puuttuu listalta, vaikka kaikki osasuoritukset ovat kunnossa. Suoritusp\u00e4iv\u00e4m\u00e4\u00e4r\u00e4ksi on merkitty lopputentin p\u00e4iv\u00e4m\u00e4\u00e4r\u00e4. (17.52)<\/p>\n<p>Ensi viikolla on kaksi uusintaa ja kes\u00e4kuussa ainakin yksi uusinta. Uusinnoista on kerrottu tarkemmin <a href=\"https:\/\/coursepages2.tuni.fi\/tiea2-1a\/kevat-2020\/tentit\/#uusinnat\">t\u00e4\u00e4ll\u00e4<\/a>. Uusinnan j\u00e4rjest\u00e4mist\u00e4 ei ole yritetty aiemmin t\u00e4ll\u00e4 tavalla. Siksi tiedossa voi olla monenlaista s\u00e4\u00e4t\u00f6\u00e4 ellei jopa katastrofin poikasta ainakin aluksi. Ensi viikon tenttien ilmoittautumiset avautuvat my\u00f6h\u00e4\u00e4n t\u00e4n\u00e4\u00e4n tai aikaisin huomenna. (13.24)<\/p>\n<p>Kuudennet ja seitsem\u00e4nnet harjoitukset on tarkistettu. Harjoituksista on saatavilla koottu <a href=\"https:\/\/coursepages2.tuni.fi\/tiea2-1a\/kevat-2020\/harjoitukset\/tarkistus\/palaute\/\">palaute<\/a>. Kokonaispisteet voi tarkistaa WETOn <em>Viikkoharjoitukset<\/em>-kohdan <em>Grading<\/em>-v\u00e4lilehdelt\u00e4.<\/p>\n<p><strong>11.5.2020<\/strong><\/p>\n<p>Lopputentti on tarkistettu. Kurssisivuilla on tulosten <a href=\"https:\/\/coursepages2.tuni.fi\/tiea2-1a\/kevat-2020\/tentit\/\">yhteenveto<\/a>. Uusinnasta tulee erillinen tiedote. Tenttipisteet l\u00f6ytyv\u00e4t WETOsta. (3.30)<\/p>\n<p><strong>12.3.2020<\/strong><\/p>\n<p>Luupista kerrottiin juuri, ett\u00e4 Skopje-exculla oli ollut mukana kurssilaisia. He eiv\u00e4t voi valitettavasti osallistua tenttiin, koska infektioalueille suuntautuvalta ulkomaanmatkalta palaavien yliopistolaisten tulee olla omaehtoisessa karanteenissa yliopiston ohjeistuksen mukaan (https:\/\/intra.tuni.fi\/content\/news\/12678). Slovenia on valitettavan l\u00e4hell\u00e4 Euroopan pahimpaa infektioaluetta Pohjois-Italiaa. Yliopistolla on lis\u00e4ksi totettu altistuminen (https:\/\/www.aamulehti.fi\/a\/acc1fdaa-7ec6-4b0a-a888-82abfd22bee9). Eli ollaan varovaisia. Uusintoja kyll\u00e4 j\u00e4rjestet\u00e4\u00e4n. (14.30)<\/p>\n<p><strong>11.3.2020<\/strong><\/p>\n<p><span style=\"background-color: #ffff99\">Huomenna on tentti<\/span>. Opintop\u00e4\u00e4llikk\u00f6 antoi luvan tentin j\u00e4rjest\u00e4miseen, koska sit\u00e4 on jaettu pienempiin tiloihin. \u00c4l\u00e4 tule tenttiin, jos sinulla on hengitystie-infektio (katso <a href=\"https:\/\/intra.tuni.fi\/content\/news\/12678\">https:\/\/intra.tuni.fi\/content\/news\/12678<\/a>). J\u00e4\u00e4 kotiin, jos sinulla on esimerkiksi pahempi nuha. Uusintatenttej\u00e4 j\u00e4rjestet\u00e4\u00e4n v\u00e4hint\u00e4\u00e4n kaksi kappaletta. <span style=\"background-color: #ffff99\">Vastuuopettaja siirt\u00e4\u00e4 osan luokan ML40 valinneista tenttij\u00f6ist\u00e4 luokkaan ML50. Siirretyille tulee erillinen viesti.<\/span> (14.52)<\/p>\n<p><strong>10.3.2020<\/strong><\/p>\n<p>Lopputenttiin <a href=\"https:\/\/coursepages2.tuni.fi\/tiea2-1a\/kevat-2020\/tentit\/\">ilmoittautuminen<\/a> on avattu. Ilmoittautuminen on auki torstaihin 12.3. klo 12.00 (keskip\u00e4iv\u00e4) saakka. (0.19)<\/p>\n<p><strong>9.3.2020<\/strong><\/p>\n<p>Seitsem\u00e4nnen (viimeisen) harjoituksen mallivastaukset on julkaistu. (22.19)<\/p>\n<p><strong>6.3.2020<\/strong><\/p>\n<p>Viidennen harjoituksen pisteet voi tarkistaa WETOsta. Harjoituksesta on saatavilla koottu <a href=\"https:\/\/coursepages2.tuni.fi\/tiea2-1a\/kevat-2020\/harjoitukset\/tarkistus\/palaute\/\">palaute<\/a>. (22.40)<\/p>\n<p><strong>4.3.2020<\/strong><\/p>\n<p>Seitsem\u00e4nnen harjoituksen WETO-palautus on avattu. Kerro mahdollisista teknisist\u00e4 ongelmista kurssin vastuuopettajalle esimerkiksi s\u00e4hk\u00f6postilla. (20.43)<\/p>\n<p>Kuudennen harjoituksen mallivastaukset on julkaistu. (14.23)<\/p>\n<p><strong>21.2.2020<\/strong><\/p>\n<p>Nelj\u00e4nnen harjoituksen pisteet voi tarkistaa WETOsta. Harjoituksesta on saatavilla koottu <a href=\"https:\/\/coursepages2.tuni.fi\/tiea2-1a\/kevat-2020\/harjoitukset\/tarkistus\/palaute\/\">palaute<\/a>. (20.11)<\/p>\n<p><strong>20.2.2020<\/strong><\/p>\n<p>Seitsem\u00e4nnet (viimeiset) <a href=\"https:\/\/coursepages2.tuni.fi\/tiea2-1a\/kevat-2020\/harjoitukset\/tehtavat\/\">viikkoharjoitukset<\/a> on julkaistu. Palautusaikaa on jatkettu erityisesti hiihtoloman vuoksi. Palauta vastauksesi WETO-j\u00e4rjestelm\u00e4\u00e4n viimeist\u00e4\u00e4n sunnuntaina 8.3. klo 23.55. Hyv\u00e4ksytyist\u00e4 ratkaisuista ja l\u00e4sn\u00e4oloista ker\u00e4ttyjen pisteiden summan tulee olla v\u00e4hint\u00e4\u00e4n 40 % (23 pistett\u00e4) teht\u00e4vien ja l\u00e4sn\u00e4olopisteiden kokonaislukum\u00e4\u00e4rien summasta (50 + 7 = 57). Hyvityspisteiden rajat ovat: 60 % (35 pistett\u00e4), 70 % (40 pistett\u00e4), 80 % (46 pistett\u00e4) ja 85 % (49 pistett\u00e4). Voit tehd\u00e4 my\u00f6hemmin julkaistavia lis\u00e4teht\u00e4vi\u00e4 (korkeintaan 8 kpl), jos aiot suorittaa kurssin, mutta pisteesi ovat alle 40 % -rajan t\u00e4m\u00e4n harjoituksen j\u00e4lkeen. Kurssin vastuuopettaja ottaa yhteytt\u00e4 opiskelijoihin, jotka voivat saavuttaa 40 %:n rajan lis\u00e4teht\u00e4vi\u00e4 tekem\u00e4ll\u00e4. (22.34)<\/p>\n<p>Kuudennen harjoituksen WETO-palautus on avattu. Harjoitusten palautuksen takaraja on sunnuntaina 23.2. klo 23.55. Viimeisen teht\u00e4v\u00e4n tarkistus on hyvin suuntaa-antavaa, koska teht\u00e4v\u00e4n automaattia ei saa paremmaksi j\u00e4rkev\u00e4n ty\u00f6m\u00e4\u00e4r\u00e4n puitteissa. Kerro mahdollisista teknisist\u00e4 ongelmista kurssin vastuuopettajalle esimerkiksi s\u00e4hk\u00f6postilla. (4.29)<\/p>\n<p><strong>19.2.2020<\/strong><\/p>\n<p><span style=\"background-color: #ffff99\">IT-palveluista tulikin nopea vastaus jo t\u00e4n\u00e4\u00e4n. Kadoksissa ollut palvelin ei onneksi ollut alhaalla lopullisesti, kuten vastuuopettaja ehti jo pel\u00e4t\u00e4, vaan palvelimelle oli tullut vain v\u00e4liaikainen hikka. Materiaali on taas saatavilla entiseen tapaan. Harjoitusten palautuksen takaraja on sunnuntaina 23.2. klo 23.55, koska se sinne ehdittiin venytt\u00e4\u00e4. Vastuuopettaja pahoittelee teknisi\u00e4 vaikeuksia ja s\u00e4\u00e4t\u00e4mist\u00e4. El\u00e4m\u00e4 on vain toisinaan t\u00e4llaist\u00e4 ihmeellisess\u00e4 IT-maailmassa.<\/span> (17.19)<\/p>\n<p>Luentorungon ja esimerkit tarjoava palvelin meni yll\u00e4tt\u00e4en alas t\u00e4n\u00e4\u00e4n noin klo 15.30. Vastuuopettaja siirt\u00e4\u00e4 materiaalit t\u00e4n\u00e4\u00e4n uuteen paikkaan ja viestii, kun ne ovat taas saatavilla. Kuudennen harjoituksen <a href=\"https:\/\/coursepages2.tuni.fi\/tiea2-1a\/kevat-2020\/harjoitukset\/tehtavat\/\">teht\u00e4v\u00e4nanto<\/a> on saatavilla jo. Harjoitusten palautuksen takarajaa jatketaan sunnuntaihin 23.2. klo 23.55 saakka. (16.30)<\/p>\n<p>Viimeisen viikkoharjoituksen ensimm\u00e4inen harjoitusryhm\u00e4 pidet\u00e4\u00e4n normaalisti t\u00e4m\u00e4n viikon perjantaina 21.2. klo 8.30\u201310. Ilmarin ja Albertin ryhm\u00e4t ovat hiihtoloman j\u00e4lkeen tiistaina 3.3. klo 12\u201314 (Ilmari, ML40) ja keskiviikkona 4.3. klo 14\u201316 (Albert, ML40). Hiihtolomaviikolla ei ole kontaktiopetusta. (15.17)<\/p>\n<p><a href=\"https:\/\/www.sis.uta.fi\/~oope\/oope1\/kevat-2020\/tentit\/info\/\">Tentti-infokalvot<\/a> on julkaistu. (10.06)<\/p>\n<p><strong>18.2.2020<\/strong><\/p>\n<p>Luentorungon viimeinen luku on <a href=\"https:\/\/coursepages2.tuni.fi\/tiea2-1a\/kevat-2020\/luennot\/\">julkaistu<\/a>. (16.10)<\/p>\n<p>Viidennen harjoituksen mallivastaukset on julkaistu. Kuudenteen teht\u00e4v\u00e4\u00e4n on annettu my\u00f6s sanakirjaa ja tietovirtoja hy\u00f6dynt\u00e4v\u00e4t vastaukset. (15.10)<\/p>\n<p>Luentorungon luku 21 on <a href=\"https:\/\/coursepages2.tuni.fi\/tiea2-1a\/kevat-2020\/luennot\/\">julkaistu<\/a>. (10.06)<\/p>\n<p><strong>16.2.2020<\/strong><\/p>\n<p>Ensimm\u00e4isen, toisen ja kolmannen harjoituksen pisteet voi tarkistaa WETOsta. Harjoituksista on saatavilla koottu <a href=\"https:\/\/coursepages2.tuni.fi\/tiea2-1a\/kevat-2020\/harjoitukset\/tarkistus\/palaute\/\">palaute<\/a>. (19.50)<\/p>\n<p><strong>13.2.2020<\/strong><\/p>\n<p>Viidennen viikkoharjoituksen palautusaikaa on jatkettu WETOssa perjantaihin klo 23.55 saakka ja teht\u00e4v\u00e4nanto on p\u00e4ivitetty, koska vastuuopettaja k\u00e4pelsi ja tiedotti kurssisivulla ja postilistalla takarajaksi vahingossa klo 23.55. (21.58)<\/p>\n<p>Kuudennet <a href=\"https:\/\/coursepages2.tuni.fi\/tiea2-1a\/kevat-2020\/harjoitukset\/tehtavat\/\">viikkoharjoitukset<\/a> on julkaistu. Palautusaikaa on jatkettu. Palauta vastauksesi viimeist\u00e4\u00e4n ensi viikon torstaina 20.2. klo 23.55. Kaikki opettajien tarkistamat teht\u00e4v\u00e4t arvioidaan hyv\u00e4n ohjelmointitavan osalta. Vastuuopettaja tiedottaa, kun WETO on avattu ratkaisujen palautusta varten. (21.13)<\/p>\n<p><strong>11.2.2020<\/strong><\/p>\n<p>Viidennen harjoituksen WETO-palautus on avattu. Viimeisen teht\u00e4v\u00e4n tarkistus on suuntaa-antavaa. Kerro mahdollisista teknisist\u00e4 ongelmista kurssin vastuuopettajalle esimerkiksi s\u00e4hk\u00f6postilla. (17.13)<\/p>\n<p>Teht\u00e4v\u00e4n 5.7 metodin n\u00e4kyvyysm\u00e4\u00e4reeksi on vaihdettu public. Alkuper\u00e4inen n\u00e4kyvyysm\u00e4\u00e4re (private) oli luonteva valinta kapseloinnin n\u00e4k\u00f6kulmasta. K\u00e4yt\u00e4nt\u00f6 kuitenkin yliajoi nyt teorian, koska automaattisten testien virittely on kertaluokkaa nopeampaa suoraan saatavilla olevalle metodille. (17.00)<\/p>\n<p>Luentorungon luvut 19 ja 20 on <a href=\"https:\/\/coursepages2.tuni.fi\/tiea2-1a\/kevat-2020\/luennot\/\">julkaistu<\/a>. (3.46)<\/p>\n<p><strong>10.2.2020<\/strong><\/p>\n<p>Luentorungon 16. luvun loppuun on lis\u00e4tty luennoilla luvatut lis\u00e4sivut. Samalla on tehty muutoksia sivulta 16.16 alkaen. (21.18)<\/p>\n<p><strong>8.2.2020<\/strong><\/p>\n<p>Teht\u00e4v\u00e4n 5.7 esimerkki\u00e4 on korjattu ja laajennettu. (23.44)<\/p>\n<p>Nelj\u00e4nnen harjoituksen mallivastaukset on julkaistu. (17.15)<\/p>\n<p><strong>7.2.2020<\/strong><\/p>\n<p>Kymmenennen luennon <a href=\"https:\/\/www.sis.uta.fi\/~oope\/oope1\/kevat-2020\/luennot\/luento10\/esimerkit\/\">esimerkkiohjelman<\/a> Kissa-luokkaan on lis\u00e4tty valintaoperaattoria avaava kommentti. (2.59)<\/p>\n<p>Viidennet <a href=\"https:\/\/coursepages2.tuni.fi\/tiea2-1a\/kevat-2020\/harjoitukset\/tehtavat\/\">viikkoharjoitukset<\/a> on julkaistu. Palautusaikaa on jatkettu. Palauta vastauksesi viimeist\u00e4\u00e4n ensi viikon perjantaina 14.2. klo 23.55. Kaikki opettajien tarkistamat teht\u00e4v\u00e4t arvioidaan hyv\u00e4n ohjelmointitavan osalta. Vastuuopettaja tiedottaa, kun WETO on avattu ratkaisujen palautusta varten. (2.28)<\/p>\n<p><strong>5.2.2020<\/strong><\/p>\n<p>Luentorungon luku 18 on <a href=\"https:\/\/coursepages2.tuni.fi\/tiea2-1a\/kevat-2020\/luennot\/\">julkaistu<\/a>. (11.32)<\/p>\n<p><strong>4.2.2020<\/strong><\/p>\n<p>Nelj\u00e4nnen harjoituksen WETO-palautus on avattu. Viimeisen teht\u00e4v\u00e4n tarkistus on suuntaa-antavaa. Kuudennen teht\u00e4v\u00e4\u00e4n palautettava tiedosto on nimelt\u00e4\u00e4n vanhentuvat.zip. Kerro mahdollisista teknisist\u00e4 ongelmista kurssin vastuuopettajalle esimerkiksi s\u00e4hk\u00f6postilla. (23.03)<\/p>\n<p>Luentorungon luvut 16 ja 17 on <a href=\"https:\/\/coursepages2.tuni.fi\/tiea2-1a\/kevat-2020\/luennot\/\">julkaistu<\/a>. (4.54)<\/p>\n<p><strong>31.1.2020<\/strong><\/p>\n<p>Kolmannen harjoituksen mallivastaukset on julkaistu. (15.00)<\/p>\n<p><strong>30.1.2020<\/strong><\/p>\n<p>Nelj\u00e4nnet <a href=\"https:\/\/coursepages2.tuni.fi\/tiea2-1a\/kevat-2020\/harjoitukset\/tehtavat\/\">viikkoharjoitukset<\/a> on julkaistu. Palauta vastauksesi viimeist\u00e4\u00e4n ensi viikon torstaina 6.2. klo 12.00 (keskip\u00e4iv\u00e4). Kaikki opettajien tarkistamat teht\u00e4v\u00e4t arvioidaan hyv\u00e4n ohjelmointitavan osalta. Vastuuopettaja tiedottaa, kun WETO on avattu ratkaisujen palautusta varten. (1.58)<\/p>\n<p><strong>29.1.2020<\/strong><\/p>\n<p>Kolmannen harjoituksen WETO-palautus on avattu ja samalla <strong>palautusaikaa on jatkettu perjantaihin 31.1. klo 12.00 (keskip\u00e4iv\u00e4) saakka<\/strong>. Vastuuopettaja lupasi luennoilla lis\u00e4aikaa huomiseen klo 23.55 saakka, mutta koska WETOn virittelyyn meni ajateltua enemm\u00e4n aikaa, on takarajaa jatkettu pitemm\u00e4lle. Vaikka WETOssa on my\u00f6s viimeiseen teht\u00e4v\u00e4\u00e4n liittyv\u00e4\u00e4 tarkistusta, on vastuu kaiken teht\u00e4v\u00e4ss\u00e4 pyydetyn tekemisest\u00e4 opiskelijalla, kuten muissakin teht\u00e4viss\u00e4. Kerro mahdollisista teknisist\u00e4 ongelmista kurssin vastuuopettajalle esimerkiksi s\u00e4hk\u00f6postilla. (21.03)<\/p>\n<p><strong>28.1.2020<\/strong><\/p>\n<p>Luentorungon luku 15 on <a href=\"https:\/\/coursepages2.tuni.fi\/tiea2-1a\/kevat-2020\/luennot\/\">julkaistu<\/a>. (21.34)<\/p>\n<p>Luentorungon sivuille 12.1.10, 12.2.4, 12.2.5 ja 14.20 on lis\u00e4tty kommentteja. Sivuilla 14.16, 14.17 ja 14.20 metodien yleinen kommentti on nyt rivimuodossa tilan s\u00e4\u00e4st\u00e4miseksi. Lukujen 12 ja 14 esimerkkien tunnuksiin on lis\u00e4tty \u00e4\u00e4kk\u00f6si\u00e4. (13.07)<\/p>\n<p>Luentorungon luvut 12 (osa 2), 13 ja 14 on <a href=\"https:\/\/coursepages2.tuni.fi\/tiea2-1a\/kevat-2020\/luennot\/\">julkaistu<\/a>. (2.37)<\/p>\n<p><strong>23.1.2020<\/strong><\/p>\n<p>Toisen harjoituksen mallivastaukset on julkaistu. (23.55)<\/p>\n<p><strong>22.1.2020<\/strong><\/p>\n<p>Kolmannet <a href=\"https:\/\/coursepages2.tuni.fi\/tiea2-1a\/kevat-2020\/harjoitukset\/tehtavat\/\">viikkoharjoitukset<\/a> on julkaistu. Palauta vastauksesi viimeist\u00e4\u00e4n ensi viikon torstaina 30.1. klo 12.00 (keskip\u00e4iv\u00e4). Kaikki opettajien tarkistamat teht\u00e4v\u00e4t arvioidaan hyv\u00e4n ohjelmointitavan osalta. Vastuuopettaja tiedottaa, kun WETO on avattu ratkaisujen palautusta varten. (20.58)<\/p>\n<p>Vastuuopettaja huomasi juuri, ett\u00e4 teht\u00e4v\u00e4n 2.5 (Valtionjohtaja) automaattitarkistaja oli j\u00e4\u00e4nyt k\u00e4\u00e4nt\u00e4m\u00e4tt\u00e4 p\u00e4\u00e4lle. Teht\u00e4v\u00e4t on arvioitu automaattisesti ja kaikille nyt WETOn hylk\u00e4\u00e4m\u00e4n ratkaisun palauttaneille (16 kpl) on l\u00e4hetetty erillinen viesti. Vastuuopettaja pahoittelee mokaansa. (16.36)<\/p>\n<p>Luentorungon sivuja 10.6 ja 11.12 on korjattu. Sivulla 10.6. on poistettu\u00a0<em>onkoIso<\/em>-metodin otsikosta abstract-m\u00e4\u00e4re. Sivun 11.12 ensimm\u00e4ist\u00e4 kohtaa on p\u00e4ivitetty ajantasalle. (14.59)<\/p>\n<p>Kuudennen luennon <em>myohaista_sidontaa<\/em>-esimerkkihakemistoon p\u00e4\u00e4see taas. (14.32)<\/p>\n<p>Verkkopalveluissa on <a href=\"https:\/\/intra.tuni.fi\/content\/news\/11551\">k\u00e4ytt\u00f6katkoja huomenna<\/a> klo 17\u201322.<\/p>\n<p>Luentorungon luvut 11 ja 12 (osa 1) on <a href=\"https:\/\/coursepages2.tuni.fi\/tiea2-1a\/kevat-2020\/luennot\/\">julkaistu<\/a>. (11.59)<\/p>\n<p><strong>21.1.2020<\/strong><\/p>\n<p>Toisen harjoituksen WETO-palautus on avattu. WETOssa on uutena jekkuna viimeisen teht\u00e4v\u00e4n (oma &#8221;projekti&#8221;) suuntaa-antavaa tarkistusta. Kerro mahdollisista teknisist\u00e4 ongelmista kurssin vastuuopettajalle esimerkiksi s\u00e4hk\u00f6postilla. (20.12)<\/p>\n<p>Luentorungon luvut 9 (osa 2) ja 10 on <a href=\"https:\/\/coursepages2.tuni.fi\/tiea2-1a\/kevat-2020\/luennot\/\">julkaistu<\/a>. Luvun 9.1 sivunumerointi on p\u00e4ivitetty. (0.41)<\/p>\n<p><strong>17.1.2020<\/strong><\/p>\n<p>Ensimm\u00e4isen harjoituksen mallivastaukset on julkaistu WETOssa. (0.11)<\/p>\n<p><strong>16.1.2020<\/strong><\/p>\n<p>Toiset <a href=\"https:\/\/coursepages2.tuni.fi\/tiea2-1a\/kevat-2020\/harjoitukset\/tehtavat\/\">viikkoharjoitukset<\/a> on julkaistu. Palautusaikaa on jatkettu. Palauta vastauksesi viimeist\u00e4\u00e4n ensi viikon torstaina 23.1. klo 23.55. Kaikki opettajien tarkistamat teht\u00e4v\u00e4t arvioidaan hyv\u00e4n ohjelmointitavan osalta. Vastuuopettaja tiedottaa, kun WETO on avattu ratkaisujen palautusta varten. (21.06)<\/p>\n<p><strong>15.1.2020<\/strong><\/p>\n<p>Varmuuden maksimoimiseksi vanhoille opiskelijoille tiedoksi <em>In<\/em>-luokasta: WETO ei en\u00e4\u00e4 k\u00e4\u00e4nn\u00e4 palautuksia automaattisesti <em>In<\/em>-luokan kanssa. T\u00e4m\u00e4n lukuvuoden kurssilla sy\u00f6tteiden lukemiseen k\u00e4ytet\u00e4\u00e4n <em>In<\/em>-luokan asemasta Javan omaa <em>Scanner<\/em>-luokkaa, josta on kerrottu tarkemmin Lausekielinen ohjelmointi II -kurssin luentorungon <a href=\"https:\/\/www.sis.uta.fi\/~laki2\/syksy-2019\/luennot\/luento04\/\">luvussa 1.2<\/a>. Kaikille kurssilaisille: muistakaa lukea teht\u00e4v\u00e4dokumentin infolaatikko :-). (16.18)<\/p>\n<p>Ensimm\u00e4isten harjoitusten perusteella ryhmiss\u00e4 on viel\u00e4 tilaa. Ohjattuun ryhm\u00e4\u00e4n mahtunee ainakin kahdeksan opiskelijaa, jos osa tulee paikalle oman kannettavan kanssa. Tiistain ja keskiviikon ryhmiin mahtuu muutama opiskelija. L\u00e4het\u00e4 postia kurssin vastuuopettajalle, jos haluat viel\u00e4 vapaana olevan ryhm\u00e4paikan. Kerro postissa mitk\u00e4 ryhm\u00e4t k\u00e4visiv\u00e4t sinulle. Paikat menev\u00e4t nopeimmille. (15.16)<\/p>\n<p>Luupin koodauspaja on t\u00e4n\u00e4\u00e4n klo 16\u201318 mikroluokassa ML40. Jatkossa mikroluokat voi tarkistaa tapahtumakalenterista (<a href=\"https:\/\/www.luuppi.fi\/tapahtumat\" target=\"_blank\" rel=\"noopener noreferrer\">https:\/\/www.luuppi.fi\/tapahtumat<\/a>). (14.51)<\/p>\n<p>Rakentaja on siiretty oikealle paikalle luentorungon sivulla 9.5 annetussa esimerkiss\u00e4 ja sivuilla 7.12 ja 9.3 olleet kirjoitusvirheet on korjattu. Esimerkkikoodi k\u00e4\u00e4ntyi vastuuopettajan koneella uudelleen testaten ongelmitta. Vastuuopettaja yritt\u00e4\u00e4 selvitell\u00e4 miksi luentosalin koneella tuli virhett\u00e4 <em>Testi<\/em>-luokkaan liittyen. Luultavasti vika oli opettajassa. (14.37)<\/p>\n<p>Luentorungon luvut 7, 8 ja 9 (osa 1) on <a href=\"https:\/\/coursepages2.tuni.fi\/tiea2-1a\/kevat-2020\/luennot\/\">julkaistu<\/a>.(11.34)<\/p>\n<p><strong>14.1.2020<\/strong><\/p>\n<p>WETO (https:\/\/wetodev.sis.uta.fi\/weto5\/) ja ensimm\u00e4isen harjoituksen WETO-palautus on avattu. Tarkista aluksi, ett\u00e4 osoite on oikea, jos et huomaa linkki\u00e4 kurssin sivuille. WETO pyyt\u00e4\u00e4 sinua rekister\u00f6itym\u00e4\u00e4n kurssille. Vastaa t\u00e4h\u00e4n kysymykseen \u201dRegister\u201d. Kerro mahdollisista teknisist\u00e4 ongelmista kurssin vastuuopettajalle esimerkiksi s\u00e4hk\u00f6postilla. (23.17)<\/p>\n<p>Luentorungon luvut 5 ja 6 on <a href=\"https:\/\/coursepages2.tuni.fi\/tiea2-1a\/kevat-2020\/luennot\/\">julkaistu<\/a>.(1.15)<\/p>\n<p><strong>8.1.2020<\/strong><\/p>\n<p>Ensimm\u00e4iset <a href=\"https:\/\/coursepages2.tuni.fi\/tiea2-1a\/kevat-2020\/harjoitukset\/tehtavat\/\">viikkoharjoitukset<\/a> on julkaistu. Palauta vastauksesi viimeist\u00e4\u00e4n ensi viikon torstaina 16.1. klo 12.00 (keskip\u00e4iv\u00e4). Vastuuopettaja tiedottaa, kun WETO on avattu ratkaisujen palautusta varten. Automaattisesta tarkistuksesta ja erityisesti WETOn tekemist\u00e4 oletuksista attribuuttien ja niiden aksessoreiden suhteen on kerrottu kurssisivujen <em>Harjoitukset <\/em>| <em>Tarkistus<\/em> | <em>Automaattinen<\/em> -kohdassa. Tutustu my\u00f6s yleisempi\u00e4 ohjeita sis\u00e4lt\u00e4v\u00e4\u00e4n <em>Harjoitukset <\/em>| <em>Tarkistus<\/em> -kohtaan. (22.19)<\/p>\n<p>Luentorungon lukujen 3 ja 4 koodiesimerkkien tunnuksiin on lis\u00e4tty \u00e4\u00e4kk\u00f6set ja<em> Kissa<\/em>-luokan vakio on nimetty uudelleen. <em>Kissa.java<\/em>&#8211; ja <em>KissaTesti.java<\/em>-tiedostojen l\u00e4hdekoodi on p\u00e4ivitetty vastavalla tavalla. (17.18)<\/p>\n<p>Luentorungon luvut 3 ja 4 on <a href=\"https:\/\/coursepages2.tuni.fi\/tiea2-1a\/kevat-2020\/luennot\/\">julkaistu<\/a>.(11.53)<\/p>\n<p><strong>7.1.2020<\/strong><\/p>\n<p>Ensimm\u00e4inen luento klo 10\u201312 (B1100).<\/p>\n<p><strong>6.1.2020<\/strong><\/p>\n<p>Kurssiesite ja ensimm\u00e4isen luentokerran kattava osa luentorunkoa (luvut 1 ja 2) on <a href=\"https:\/\/coursepages2.tuni.fi\/tiea2-1a\/kevat-2020\/luennot\/\">julkaistu<\/a>. (20.08)<\/p>\n<p>Harjoitusryhmiin ilmoittautumisen sis\u00e4lt\u00e4v\u00e4 <a href=\"https:\/\/coursepages2.tuni.fi\/tiea2-1a\/kevat-2020\/ilmoittautuminen\/\">lomake<\/a> on avattu. Lomake sulkeutuu torstaina 9.1. klo 18.00. Ohjeiden lukeminen on suotavaa ainakin, jos et ole mukana Lausekielinen ohjelmointi II -kurssilla. Lomake on t\u00e4ytett\u00e4v\u00e4, vaikka et osallistuisi harjoitusryhmiin. Mahdolliset ongelmat voi raportoida osoitteeseen <em>jorma.laurikkala@tuni.fi<\/em>. (2.39)<\/p>\n<p><strong>5.1.2020<\/strong><\/p>\n<p>Kaikki NettiOpsun ja avoimen yliopiston j\u00e4rjestelm\u00e4n kautta ilmoittautuneet opiskelijat on valittu kurssille.<\/p>\n","protected":false},"excerpt":{"rendered":"<p>Ajankohtaista 4.9.2020 Nelj\u00e4s er\u00e4 arvosanoja on julkaistu. L\u00f6yd\u00e4t arvosanat WETOn Arvosanat-kohdasta. Ota yhteys kurssin vastuuopettajaan s\u00e4hk\u00f6postitse (jorma.laurikkala@tuni.fi), mik\u00e4li ep\u00e4ilet arvostelussa tapahtuneen virheen tai nimesi puuttuu listalta, vaikka kaikki osasuoritukset ovat kunnossa. Suoritusp\u00e4iv\u00e4m\u00e4\u00e4r\u00e4ksi on merkitty ensimm\u00e4isen hyv\u00e4ksytysti suoritetun tentin p\u00e4iv\u00e4m\u00e4\u00e4r\u00e4. (0.39) 14.6.2020 Nelj\u00e4s uusintatentti on tarkistettu. Kurssisivuilla on tulosten yhteenveto. Tenttipisteet l\u00f6ytyv\u00e4t WETOsta. T\u00e4m\u00e4 tentti oli &hellip; <a href=\"https:\/\/coursepages2.tuni.fi\/tiea2-1a\/kevat-2020\/\" class=\"more-link\">Jatka artikkeliin <span class=\"screen-reader-text\">Kev\u00e4t 2020<\/span><\/a><\/p>\n","protected":false},"author":6,"featured_media":0,"parent":0,"menu_order":0,"comment_status":"closed","ping_status":"closed","template":"","meta":{"footnotes":""},"class_list":["post-373","page","type-page","status-publish","hentry"],"_links":{"self":[{"href":"https:\/\/coursepages2.tuni.fi\/tiea2-1a\/wp-json\/wp\/v2\/pages\/373","targetHints":{"allow":["GET"]}}],"collection":[{"href":"https:\/\/coursepages2.tuni.fi\/tiea2-1a\/wp-json\/wp\/v2\/pages"}],"about":[{"href":"https:\/\/coursepages2.tuni.fi\/tiea2-1a\/wp-json\/wp\/v2\/types\/page"}],"author":[{"embeddable":true,"href":"https:\/\/coursepages2.tuni.fi\/tiea2-1a\/wp-json\/wp\/v2\/users\/6"}],"replies":[{"embeddable":true,"href":"https:\/\/coursepages2.tuni.fi\/tiea2-1a\/wp-json\/wp\/v2\/comments?post=373"}],"version-history":[{"count":132,"href":"https:\/\/coursepages2.tuni.fi\/tiea2-1a\/wp-json\/wp\/v2\/pages\/373\/revisions"}],"predecessor-version":[{"id":720,"href":"https:\/\/coursepages2.tuni.fi\/tiea2-1a\/wp-json\/wp\/v2\/pages\/373\/revisions\/720"}],"wp:attachment":[{"href":"https:\/\/coursepages2.tuni.fi\/tiea2-1a\/wp-json\/wp\/v2\/media?parent=373"}],"curies":[{"name":"wp","href":"https:\/\/api.w.org\/{rel}","templated":true}]}}