{"id":40,"date":"2018-01-08T21:51:35","date_gmt":"2018-01-08T19:51:35","guid":{"rendered":"https:\/\/coursepages.uta.fi\/tiea2-1\/?page_id=40"},"modified":"2018-01-15T14:36:20","modified_gmt":"2018-01-15T12:36:20","slug":"ilmoittautuminen","status":"publish","type":"page","link":"https:\/\/coursepages2.tuni.fi\/tiea2-1\/kevat-2018\/ilmoittautuminen\/","title":{"rendered":"Ilmoittautuminen"},"content":{"rendered":"<p>Kaikkien kurssilaisten tulee ilmoittautua s\u00e4hk\u00f6isesti kahdessa vaiheessa. Ensin on ilmoittauduttava NettiOpsussa (sulkeutui 1.1.2018) ja t\u00e4m\u00e4n j\u00e4lkeen on t\u00e4ytett\u00e4v\u00e4 perjantaihin 12.1.2018 klo 12.00 (keskip\u00e4iv\u00e4) menness\u00e4 erillinen lis\u00e4tietolomake, jolla tiedustellaan taustatietoja, harjoitusryhm\u00e4valintaa ja kurssisuorituksen laajuutta. Edelliseen poikkeuksena ovat Tampereen avoimen yliopiston opiskelijat, jotka ilmoittautuvat ensimm\u00e4isess\u00e4 vaiheessa NettiOpsun sijasta avoimen yliopiston j\u00e4rjestelm\u00e4n kautta. My\u00f6s avoimen yliopiston opiskelijoiden tulee suorittaa ilmoittautumisen toinen vaihe eli t\u00e4ytt\u00e4\u00e4 lis\u00e4tietolomake.<\/p>\n<p>Lis\u00e4tietolomakkeelle kirjaudutaan peruspalvelutunnuksella.<\/p>\n<p><span style=\"background-color: #ffff99\">Ota yhteytt\u00e4 kurssin vastuuopettajaan, jos unohdit ilmoittautua NettiOpsussa tai t\u00e4ytt\u00e4\u00e4 lomakkeen<\/span>.<\/p>\n<p>Et voi muuttaa lomakkeen tietoja ilmoittautumisen j\u00e4lkeen. Muista siis laittaa yl\u00f6s valitsemasi harjoitusryhm\u00e4 ja tallenna lomakkeen t\u00e4yt\u00f6n j\u00e4lkeen saamasi s\u00e4hk\u00f6posti. Ota yhteytt\u00e4 vastuuopettajaan, mik\u00e4li haluat vaihtaa harjoitusryhm\u00e4\u00e4 tai perua ilmoittautumisesi.<\/p>\n<p>Kuhunkin harjoitusryhm\u00e4saliin mahtuu noin 30 henkil\u00f6\u00e4. Jos ryhm\u00e4\u00e4n ilmoittautuu huomattavasti enemm\u00e4n opiskelijoita, niin kurssin vastuuopettaja siirt\u00e4\u00e4 ryhm\u00e4\u00e4n viimeksi ilmoittautuneet heille toiseksi parhaiten sopiviin ryhmiin. Jos jokin ryhmist\u00e4 j\u00e4\u00e4 selv\u00e4sti vajaaksi, on mahdollista, ett\u00e4 kyseinen ryhm\u00e4 lakkautetaan ja siihen ilmoittautuneet opiskelijat siirret\u00e4\u00e4n heille toiseksi parhaiten sopiviin ryhmiin.<\/p>\n<p>Ilmoittautumisen peruminen on t\u00e4rke\u00e4\u00e4, jos et aloita kurssia tai keskeyt\u00e4t kurssin. Ilman perumista k\u00e4ytt\u00e4m\u00e4t\u00f6n kurssipaikka n\u00e4kyy opintorekisteriss\u00e4 siten, ett\u00e4 arvosanaksesi kirjataan hyl\u00e4tty. Voit halutessasi perua ilmoittautumisesi kurssille erillisell\u00e4 my\u00f6hemmin julkaistavalla lomakkeella. My\u00f6s t\u00e4lle lomakkeelle kirjaudutaan peruspalvelutunnuksella.<\/p>\n<p>&nbsp;<\/p>\n","protected":false},"excerpt":{"rendered":"<p>Kaikkien kurssilaisten tulee ilmoittautua s\u00e4hk\u00f6isesti kahdessa vaiheessa. Ensin on ilmoittauduttava NettiOpsussa (sulkeutui 1.1.2018) ja t\u00e4m\u00e4n j\u00e4lkeen on t\u00e4ytett\u00e4v\u00e4 perjantaihin 12.1.2018 klo 12.00 (keskip\u00e4iv\u00e4) menness\u00e4 erillinen lis\u00e4tietolomake, jolla tiedustellaan taustatietoja, harjoitusryhm\u00e4valintaa ja kurssisuorituksen laajuutta. Edelliseen poikkeuksena ovat Tampereen avoimen yliopiston opiskelijat, jotka ilmoittautuvat ensimm\u00e4isess\u00e4 vaiheessa NettiOpsun sijasta avoimen yliopiston j\u00e4rjestelm\u00e4n kautta. My\u00f6s avoimen yliopiston opiskelijoiden tulee &hellip; <a href=\"https:\/\/coursepages2.tuni.fi\/tiea2-1\/kevat-2018\/ilmoittautuminen\/\" class=\"more-link\">Jatka artikkeliin <span class=\"screen-reader-text\">Ilmoittautuminen<\/span><\/a><\/p>\n","protected":false},"author":6,"featured_media":0,"parent":29,"menu_order":0,"comment_status":"closed","ping_status":"closed","template":"","meta":{"footnotes":""},"class_list":["post-40","page","type-page","status-publish","hentry"],"_links":{"self":[{"href":"https:\/\/coursepages2.tuni.fi\/tiea2-1\/wp-json\/wp\/v2\/pages\/40","targetHints":{"allow":["GET"]}}],"collection":[{"href":"https:\/\/coursepages2.tuni.fi\/tiea2-1\/wp-json\/wp\/v2\/pages"}],"about":[{"href":"https:\/\/coursepages2.tuni.fi\/tiea2-1\/wp-json\/wp\/v2\/types\/page"}],"author":[{"embeddable":true,"href":"https:\/\/coursepages2.tuni.fi\/tiea2-1\/wp-json\/wp\/v2\/users\/6"}],"replies":[{"embeddable":true,"href":"https:\/\/coursepages2.tuni.fi\/tiea2-1\/wp-json\/wp\/v2\/comments?post=40"}],"version-history":[{"count":5,"href":"https:\/\/coursepages2.tuni.fi\/tiea2-1\/wp-json\/wp\/v2\/pages\/40\/revisions"}],"predecessor-version":[{"id":89,"href":"https:\/\/coursepages2.tuni.fi\/tiea2-1\/wp-json\/wp\/v2\/pages\/40\/revisions\/89"}],"up":[{"embeddable":true,"href":"https:\/\/coursepages2.tuni.fi\/tiea2-1\/wp-json\/wp\/v2\/pages\/29"}],"wp:attachment":[{"href":"https:\/\/coursepages2.tuni.fi\/tiea2-1\/wp-json\/wp\/v2\/media?parent=40"}],"curies":[{"name":"wp","href":"https:\/\/api.w.org\/{rel}","templated":true}]}}