{"id":5,"date":"2017-06-22T10:58:06","date_gmt":"2017-06-22T07:58:06","guid":{"rendered":"https:\/\/coursepages.uta.fi\/nordwit1\/?page_id=5"},"modified":"2018-01-31T13:38:32","modified_gmt":"2018-01-31T11:38:32","slug":"paasivu","status":"publish","type":"page","link":"https:\/\/coursepages2.tuni.fi\/nordwit1\/","title":{"rendered":"P\u00e4\u00e4sivu"},"content":{"rendered":"<p><strong><img loading=\"lazy\" decoding=\"async\" class=\"alignnone size-full wp-image-55 alignright\" src=\"https:\/\/coursepages2.tuni.fi\/nordwit1\/wp-content\/uploads\/sites\/73\/2017\/09\/Nordiwt-logo-1.png\" alt=\"\" width=\"224\" height=\"132\" \/><\/strong><\/p>\n<p><strong>Research Course and Workshop for Masters Students, Doctoral Students and Postdoctoral Researchers<\/strong><\/p>\n<p><strong>RESEARHCING GENDER, WORK AND TRANSFORMING ORGANIZATIONS: <\/strong><strong>Methodologies, theories and practices <\/strong><\/p>\n<p><strong>(5\u20137,5 ECTS) <\/strong><\/p>\n<p>&nbsp;<\/p>\n<p><strong>Time: 18th-20th April 2018 (<a href=\"https:\/\/coursepages2.tuni.fi\/nordwit1\/program\/\">Programme<\/a>)<br \/>\n<\/strong><\/p>\n<p><strong>Fees: <\/strong>No fees but the participants pay their travels, accommodation and meals<\/p>\n<p><strong>University of Tampere, Faculty of Social Sciences, Gender Studies<\/strong><\/p>\n<p>&nbsp;<\/p>\n<p><strong>Organisers:<\/strong> <a href=\"http:\/\/www.gender.uu.se\/nordwit\/\">Nordwit CoE<\/a>, University of Tampere, Gender Studies<\/p>\n<p>Tiina Suopaj\u00e4rvi, Marja Vehvil\u00e4inen, P\u00e4ivi Korvaj\u00e4rvi, Minna Leinonen<\/p>\n<p><strong>Teachers:<\/strong> <a href=\"https:\/\/www.alexandria.unisg.ch\/persons\/Julia_Nentwich\">Julia Nentwich<\/a>, <a href=\"http:\/\/www.uta.fi\/yky\/en\/contact\/personnel\/tiinasuopajarvi\/index.html\">Tiina Suopaj\u00e4rvi<\/a>, <a href=\"http:\/\/www.uta.fi\/yky\/yhteystiedot\/henkilokunta\/minnaleinonen\/index.html\">Minna Leinonen<\/a>, <a href=\"https:\/\/katalog.uu.se\/profile\/?id=N14-1447\">Gabriele Griffin<\/a>, <a href=\"https:\/\/dk.linkedin.com\/in\/rebeccalund1234\">Rebecca Lund<\/a>, <a href=\"http:\/\/www.uta.fi\/yky\/en\/contact\/personnel\/marjavehvilainen\/index.html\">Marja Vehvil\u00e4inen<\/a><\/p>\n<p>&nbsp;<\/p>\n<p>The course participants will study feminist theories, methods and practices focusing on gender, work and transforming organisations in, for example, but not limited to, the following themes:<\/p>\n<ul>\n<li>Methodologies of studying (and promoting) gender and sexual equality in research and innovation, in and outside of academia, in more or less technically mediated work;<\/li>\n<li>Tackling the gender paradox \u2013 such as, the increasing number of women, and the persistent gender and sexual inequalities in knowledge intensive sector \u2013 through action research<\/li>\n<li>The intersections of femininities and masculinities\/gender politics, and enhancing\/hindering the promotion of gender and sexual equality in research and innovation sector<\/li>\n<\/ul>\n<p>This will happen through the discussions of research processes and concrete empirical studies presented by both the course teachers and course participants. Teachers will unpack their studies by presenting their theoretical, methodological and empirical concerns and perceptions, and articulating how their studies have been generated. The course participants will familiarize with these studies beforehand as part of the course readings.<\/p>\n<p>The course participants are invited to bring their own studies into the discussions focusing especially on the connections between theories, methodologies and empirical questions related to the course theme.<\/p>\n<p>The course is meant for Masters Students, Doctoral Students, and Postdoctoral Researchers. The maximum number of all participants is 25.<\/p>\n<p>The maximum of ten doctoral students and post doctoral researchers will have an opportunity to present their (work-in-progress) papers. Papers with research topics related to the course theme are prioritized. These participants will send their papers (max 15 pages) in advance to the organizers, and will have around one-hour time slot to be used for discussing their paper.<\/p>\n<p>&nbsp;<\/p>\n<p><strong>Credits:<\/strong> Participants get 5-7,5 credits:<\/p>\n<p>5 ECTS for Masters Students: A learning diary (3000 words minimum) based on the lectures and seminars, participants\u2019 papers, and selected readings (400-500 pages), and active participation in the course.<\/p>\n<p>7,5 ECTS are given for active participation, including readings and the course participants\u2019 papers, and a research paper in\/after the course (4000-5000 words, graded pass\/fail).<\/p>\n<p><strong>\u00a0<\/strong><\/p>\n<p><strong>Important dates:<\/strong><\/p>\n<p>Send your application: 1st December 2017<\/p>\n<p>Notice of acceptance: 22nd December 2017<\/p>\n<p>Readings delivered:\u00a0 The first week of March 2018<\/p>\n<p>Send your full paper to be presented in the course: 31st March 2018<\/p>\n<p>Learning diaries &amp; research papers: 15th May 2018<\/p>\n<p><strong>\u00a0<\/strong><\/p>\n","protected":false},"excerpt":{"rendered":"<p>Research Course and Workshop for Masters Students, Doctoral Students and Postdoctoral Researchers RESEARHCING GENDER, WORK AND TRANSFORMING ORGANIZATIONS: Methodologies, theories and practices (5\u20137,5 ECTS) &nbsp; Time: 18th-20th April 2018 (Programme) Fees: No fees but the participants pay their travels, accommodation and meals University of Tampere, Faculty of Social Sciences, Gender Studies &nbsp; Organisers: Nordwit CoE, &hellip; <a href=\"https:\/\/coursepages2.tuni.fi\/nordwit1\/\" class=\"more-link\">Continue reading <span class=\"screen-reader-text\">P\u00e4\u00e4sivu<\/span><\/a><\/p>\n","protected":false},"author":1,"featured_media":0,"parent":0,"menu_order":0,"comment_status":"closed","ping_status":"closed","template":"","meta":{"footnotes":""},"class_list":["post-5","page","type-page","status-publish","hentry"],"_links":{"self":[{"href":"https:\/\/coursepages2.tuni.fi\/nordwit1\/wp-json\/wp\/v2\/pages\/5","targetHints":{"allow":["GET"]}}],"collection":[{"href":"https:\/\/coursepages2.tuni.fi\/nordwit1\/wp-json\/wp\/v2\/pages"}],"about":[{"href":"https:\/\/coursepages2.tuni.fi\/nordwit1\/wp-json\/wp\/v2\/types\/page"}],"author":[{"embeddable":true,"href":"https:\/\/coursepages2.tuni.fi\/nordwit1\/wp-json\/wp\/v2\/users\/1"}],"replies":[{"embeddable":true,"href":"https:\/\/coursepages2.tuni.fi\/nordwit1\/wp-json\/wp\/v2\/comments?post=5"}],"version-history":[{"count":35,"href":"https:\/\/coursepages2.tuni.fi\/nordwit1\/wp-json\/wp\/v2\/pages\/5\/revisions"}],"predecessor-version":[{"id":99,"href":"https:\/\/coursepages2.tuni.fi\/nordwit1\/wp-json\/wp\/v2\/pages\/5\/revisions\/99"}],"wp:attachment":[{"href":"https:\/\/coursepages2.tuni.fi\/nordwit1\/wp-json\/wp\/v2\/media?parent=5"}],"curies":[{"name":"wp","href":"https:\/\/api.w.org\/{rel}","templated":true}]}}