{"id":5,"date":"2017-06-22T10:58:06","date_gmt":"2017-06-22T07:58:06","guid":{"rendered":"https:\/\/coursepages.uta.fi\/mtty1\/?page_id=5"},"modified":"2025-08-21T11:41:26","modified_gmt":"2025-08-21T08:41:26","slug":"paasivu","status":"publish","type":"page","link":"https:\/\/coursepages2.tuni.fi\/mtty1\/","title":{"rendered":"P\u00e4\u00e4sivu"},"content":{"rendered":"<hr \/>\n<p><strong>Suoritusohjeet ja vaatimukset<br \/>\n<\/strong><\/p>\n<p>MATH.210 Opintojen ohjattu suunnittelu (2 op) on matematiikan ja tilastollisen data-analyysin kandidaattiohjelman yhteisiin opintoihin kuuluva opintojakso. Opintojakson alussa opiskelija laatii henkil\u00f6kohtaisen opintosuunnitelman (<a href=\"https:\/\/www.tuni.fi\/opiskelijanopas\/kasikirja\/uni\/4653\/4704?page=2271\">HOPS<\/a>in), jota h\u00e4n p\u00e4ivitt\u00e4\u00e4 s\u00e4\u00e4nn\u00f6llisesti opintojen edetess\u00e4. Orientaatioviikon aikana\u00a0opiskelijat saavat ohjeet 1. lukuvuoden opintojensa suunnitteluun.<\/p>\n<p>Ensimm\u00e4inen tapaaminen opettajatuutorin kanssa on yleens\u00e4 viimeist\u00e4\u00e4n 1. lukuvuoden toisen opetusperiodin alussa. Opettaja kutsuu opiskelijan t\u00e4h\u00e4n tapaamiseen, jossa keskustellaan opintoihin ja niiden aloitukseen liittyvist\u00e4 asioista sek\u00e4 tehd\u00e4\u00e4n (tai tarkistetaan) ensimm\u00e4isen lukuvuoden opintosuunnitelma. Opiskelijaa, joka ei ole saanut kutsua tapaamiseen, kehotetaan ottamaan yhteytt\u00e4 opettajatuutoriin tai ohjausvastaavaan.<\/p>\n<p>Kandidaatin tutkinnon opintosuunnitelma tehd\u00e4\u00e4n Sisussa. Tehdyst\u00e4 suunnitelmasta k\u00e4yd\u00e4\u00e4n tarvittaessa <span style=\"float: none;background-color: transparent;color: #000000;font-family: sans-serif;font-size: 16px;font-style: normal;font-variant: normal;font-weight: 400;letter-spacing: normal;line-height: 20.8px;text-align: left;text-decoration: none;text-indent: 0px\">keskustelu <\/span>opettajatuutorin kanssa.<\/p>\n<p>Suoritusmerkinn\u00e4n MATH.210-kurssista saa kandidaattiseminaarin j\u00e4lkeen, kun opintosuunnitelma on p\u00e4ivitetty Sisuun lukuvuosittain.<\/p>\n<p><strong>HOPS-lomakkeet<br \/>\n<\/strong>Ennen Sisu-j\u00e4rjestelm\u00e4n k\u00e4ytt\u00f6\u00f6nottoa HOPS tehtiin excel-lomakkeella, josta ilmenee tutkinnon rakenne. Lomakkeita ei en\u00e4\u00e4 t\u00e4ytet\u00e4, mutta ne voivat auttaa\u00a0<span style=\"font-size: 16px\">opintosuunnitelman rakenteen\u00a0<\/span><span style=\"font-size: 16px\">hahmottamisessa.\u00a0<\/span><\/p>\n<p><a href=\"https:\/\/intra.tuni.fi\/handbook?page=3125\">P\u00e4ivitetyt lomakkeet<\/a><\/p>\n<p><strong><br \/>\nHOPS Sisussa<\/strong><\/p>\n<p><a href=\"https:\/\/www.tuni.fi\/opiskelijanopas\/tampereen-yliopiston-opiskelijan-opas\/opintojen-suunnittelu-ja-sisu-info\">Yliopiston yleiset Sisun HOPS-ohjeet<\/a><\/p>\n<h3><strong><br \/>\nO<\/strong><b>pettajatuutorit yhteystietoineen<\/b><\/h3>\n<p>Tutkinto-ohjelmamme ohjausvastaavana toimii Jarkko Isotalo.<\/p>\n<p>&nbsp;<\/p>\n<p><strong>Matematiikan kandidaattiohjelman opintopolut:<\/strong><\/p>\n<p>Vuonna 2025 aloittaneiden opiskelijoiden opettajatuutorina toimivat Marja Kankaanrinta ja Terhi Kaarakka.<\/p>\n<p>&nbsp;<\/p>\n<p><strong>Tilastollisen data-analyysin opintopolulla<\/strong> opettajatuutoreina toimivat <span style=\"font-size: 16px\">Jarkko Isotalo ja\u00a0<\/span><span style=\"font-size: 16px\">Jyrki Ollikainen.<\/span><\/p>\n<p>&nbsp;<\/p>\n<p><strong>Matematiikan maisteriohjelmat<\/strong><\/p>\n<p>Yleisen matematiikan opintosuunnan opettajatuutori on Kerkko Luosto.<\/p>\n<p>Matematiikan aineenopettajan opintosuunnan opettajatuutori on Terhi Kaarakka.<\/p>\n<p>Tietotekniikan matematiikan opintosuunnan opettajatuutori on Marja Kankaanrinta.<\/p>\n<p>&nbsp;<\/p>\n<p><strong>Computing Sciences -maisteriohjelman Statistical Data Analytics -opintosuunta ja entinen CBDA-maisteriohjelma:<\/strong><\/p>\n<p>Ohjausvastaava: Jaakko Peltonen<br \/>\nOpettajatuutorit:<\/p>\n<p>Jarkko Isotalo\u00a0\u00a0\u00a0 \u00a0 \u00a0\u00a0\u00a0 \u00a0 \u00a0 \u00a0 \u00a0\u00a0 \u00a0 \u00a0 \u00a0 \u00a0 \u00a0 \u00a0 \u00a0 \u00a0 \u00a0 \u00a0 \u00a0\u00a0 \u00a0\u00a0\u00a0\u00a0\u00a0\u00a0\u00a0\u00a0\u00a0\u00a0\u00a0\u00a0\u00a0\u00a0\u00a0\u00a0\u00a0\u00a0\u00a0\u00a0\u00a0\u00a0\u00a0\u00a0\u00a0\u00a0\u00a0\u00a0\u00a0\u00a0\u00a0\u00a0\u00a0\u00a0\u00a0\u00a0\u00a0\u00a0\u00a0\u00a0\u00a0\u00a0\u00a0\u00a0\u00a0\u00a0\u00a0\u00a0\u00a0\u00a0\u00a0\u00a0\u00a0\u00a0\u00a0\u00a0\u00a0\u00a0\u00a0\u00a0\u00a0\u00a0\u00a0\u00a0\u00a0\u00a0\u00a0\u00a0\u00a0\u00a0\u00a0\u00a0\u00a0\u00a0\u00a0\u00a0\u00a0\u00a0\u00a0\u00a0\u00a0\u00a0\u00a0\u00a0\u00a0\u00a0\u00a0\u00a0\u00a0\u00a0\u00a0\u00a0\u00a0\u00a0\u00a0 Jyrki Ollikainen<br \/>\nHyon-Jung Kim-Ollila<br \/>\nArto Luoma<\/p>\n<table style=\"height: 327px\" width=\"672\">\n<tbody>\n<tr>\n<td>Opettaja<\/td>\n<td>S\u00e4hk\u00f6posti<\/td>\n<td>Ty\u00f6huone<\/td>\n<td>Puh.<\/td>\n<\/tr>\n<tr>\n<td>Mattila Mika<\/td>\n<td>mika.mattila@tuni.fi<\/td>\n<td><\/td>\n<td>050 447 8625<\/td>\n<\/tr>\n<tr>\n<td>Isotalo Jarkko<\/td>\n<td>jarkko.isotalo@tuni.fi<\/td>\n<td>Tietotalo TC 338B<\/td>\n<td>050 437 7565<\/td>\n<\/tr>\n<tr>\n<td>Kim-Ollila Hyon<\/td>\n<td>hyon.kim-ollila@tuni.fi<\/td>\n<td><\/td>\n<td><\/td>\n<\/tr>\n<tr>\n<td>Luosto Kerkko<\/td>\n<td>kerkko.luosto@tuni.fi<\/td>\n<td><\/td>\n<td>050 318 5908<\/td>\n<\/tr>\n<tr>\n<td>Luoma Arto<\/td>\n<td>arto.luoma@tuni.fi<\/td>\n<td><\/td>\n<td><\/td>\n<\/tr>\n<tr>\n<td>Ollikainen Jyrki<\/td>\n<td>jyrki.ollikainen@tuni.fi<\/td>\n<td>Tietotalo TC 338A<\/td>\n<td>050 318 5889<\/td>\n<\/tr>\n<tr>\n<td>Peltonen Jaakko<\/td>\n<td>jaakko.peltonen@tuni.fi<\/td>\n<td><\/td>\n<td><\/td>\n<\/tr>\n<tr>\n<td>Kaarakka Terhi<\/td>\n<td>terhi.kaarakka@tuni.fi<\/td>\n<td><\/td>\n<td>040 198 1994<\/td>\n<\/tr>\n<tr>\n<td>Kankaanrinta Marja<\/td>\n<td>marja.kankaanrinta@tuni.fi<\/td>\n<td><\/td>\n<td>050 473 2395<\/td>\n<\/tr>\n<tr>\n<td><\/td>\n<td><\/td>\n<td><\/td>\n<td><\/td>\n<\/tr>\n<\/tbody>\n<\/table>\n","protected":false},"excerpt":{"rendered":"<p>Suoritusohjeet ja vaatimukset MATH.210 Opintojen ohjattu suunnittelu (2 op) on matematiikan ja tilastollisen data-analyysin kandidaattiohjelman yhteisiin opintoihin kuuluva opintojakso. Opintojakson alussa opiskelija laatii henkil\u00f6kohtaisen opintosuunnitelman (HOPSin), jota h\u00e4n p\u00e4ivitt\u00e4\u00e4 s\u00e4\u00e4nn\u00f6llisesti opintojen edetess\u00e4. Orientaatioviikon aikana\u00a0opiskelijat saavat ohjeet 1. lukuvuoden opintojensa suunnitteluun. Ensimm\u00e4inen tapaaminen opettajatuutorin kanssa on yleens\u00e4 viimeist\u00e4\u00e4n 1. lukuvuoden toisen opetusperiodin alussa. Opettaja kutsuu opiskelijan &hellip; <a href=\"https:\/\/coursepages2.tuni.fi\/mtty1\/\" class=\"more-link\">Jatka artikkeliin <span class=\"screen-reader-text\">P\u00e4\u00e4sivu<\/span><\/a><\/p>\n","protected":false},"author":1,"featured_media":0,"parent":0,"menu_order":0,"comment_status":"closed","ping_status":"closed","template":"","meta":{"footnotes":""},"class_list":["post-5","page","type-page","status-publish","hentry"],"_links":{"self":[{"href":"https:\/\/coursepages2.tuni.fi\/mtty1\/wp-json\/wp\/v2\/pages\/5","targetHints":{"allow":["GET"]}}],"collection":[{"href":"https:\/\/coursepages2.tuni.fi\/mtty1\/wp-json\/wp\/v2\/pages"}],"about":[{"href":"https:\/\/coursepages2.tuni.fi\/mtty1\/wp-json\/wp\/v2\/types\/page"}],"author":[{"embeddable":true,"href":"https:\/\/coursepages2.tuni.fi\/mtty1\/wp-json\/wp\/v2\/users\/1"}],"replies":[{"embeddable":true,"href":"https:\/\/coursepages2.tuni.fi\/mtty1\/wp-json\/wp\/v2\/comments?post=5"}],"version-history":[{"count":69,"href":"https:\/\/coursepages2.tuni.fi\/mtty1\/wp-json\/wp\/v2\/pages\/5\/revisions"}],"predecessor-version":[{"id":149,"href":"https:\/\/coursepages2.tuni.fi\/mtty1\/wp-json\/wp\/v2\/pages\/5\/revisions\/149"}],"wp:attachment":[{"href":"https:\/\/coursepages2.tuni.fi\/mtty1\/wp-json\/wp\/v2\/media?parent=5"}],"curies":[{"name":"wp","href":"https:\/\/api.w.org\/{rel}","templated":true}]}}