{"id":297,"date":"2017-09-18T16:01:20","date_gmt":"2017-09-18T13:01:20","guid":{"rendered":"https:\/\/coursepages.uta.fi\/mtttp5\/?page_id=297"},"modified":"2018-09-24T16:14:35","modified_gmt":"2018-09-24T13:14:35","slug":"oikopolkuja","status":"publish","type":"page","link":"https:\/\/coursepages2.tuni.fi\/mtttp5\/syksy-2018\/oikopolkuja\/","title":{"rendered":"Oikopolkuja materiaaleihin"},"content":{"rendered":"<p>&nbsp;<\/p>\n<hr \/>\n<p><a href=\"http:\/\/www.sis.uta.fi\/tilasto\/mtttp5\/syksy2018\/kaikki_luentokalvot.pdf\">Kaikki luentokalvot<\/a>, (p\u00e4ivitet\u00e4\u00e4n luentojen j\u00e4lkeen kerran viikossa)<br \/>\n<a href=\"http:\/\/www.sis.uta.fi\/tilasto\/mtttp5\/syksy2018\/luentorunko.pdf\">Luentorunko<\/a><br \/>\n<a href=\"http:\/\/www.sis.uta.fi\/tilasto\/mtttp5\/syksy2018\/kaavat.pdf\">Kaavakokoelma<\/a><br \/>\n<a href=\"http:\/\/www.sis.uta.fi\/tilasto\/mtttp5\/syksy2018\/N(0_1).pdf\">Normaalijakauman taulukko<\/a><br \/>\n<a href=\"http:\/\/www.sis.uta.fi\/tilasto\/mtttp5\/syksy2018\/studentin_t.pdf\">Studentin t-jakauman taulukko<\/a><\/p>\n","protected":false},"excerpt":{"rendered":"<p>&nbsp; Kaikki luentokalvot, (p\u00e4ivitet\u00e4\u00e4n luentojen j\u00e4lkeen kerran viikossa) Luentorunko Kaavakokoelma Normaalijakauman taulukko Studentin t-jakauman taulukko<\/p>\n","protected":false},"author":31,"featured_media":0,"parent":34,"menu_order":6,"comment_status":"closed","ping_status":"closed","template":"","meta":{"footnotes":""},"class_list":["post-297","page","type-page","status-publish","hentry"],"_links":{"self":[{"href":"https:\/\/coursepages2.tuni.fi\/mtttp5\/wp-json\/wp\/v2\/pages\/297","targetHints":{"allow":["GET"]}}],"collection":[{"href":"https:\/\/coursepages2.tuni.fi\/mtttp5\/wp-json\/wp\/v2\/pages"}],"about":[{"href":"https:\/\/coursepages2.tuni.fi\/mtttp5\/wp-json\/wp\/v2\/types\/page"}],"author":[{"embeddable":true,"href":"https:\/\/coursepages2.tuni.fi\/mtttp5\/wp-json\/wp\/v2\/users\/31"}],"replies":[{"embeddable":true,"href":"https:\/\/coursepages2.tuni.fi\/mtttp5\/wp-json\/wp\/v2\/comments?post=297"}],"version-history":[{"count":13,"href":"https:\/\/coursepages2.tuni.fi\/mtttp5\/wp-json\/wp\/v2\/pages\/297\/revisions"}],"predecessor-version":[{"id":770,"href":"https:\/\/coursepages2.tuni.fi\/mtttp5\/wp-json\/wp\/v2\/pages\/297\/revisions\/770"}],"up":[{"embeddable":true,"href":"https:\/\/coursepages2.tuni.fi\/mtttp5\/wp-json\/wp\/v2\/pages\/34"}],"wp:attachment":[{"href":"https:\/\/coursepages2.tuni.fi\/mtttp5\/wp-json\/wp\/v2\/media?parent=297"}],"curies":[{"name":"wp","href":"https:\/\/api.w.org\/{rel}","templated":true}]}}