{"id":763,"date":"2019-02-08T13:53:29","date_gmt":"2019-02-08T11:53:29","guid":{"rendered":"https:\/\/coursepages.uta.fi\/mtttp1\/?page_id=763"},"modified":"2019-06-13T11:15:11","modified_gmt":"2019-06-13T08:15:11","slug":"harjoitukset","status":"publish","type":"page","link":"https:\/\/coursepages2.tuni.fi\/mtttp1\/kevat-2019\/harjoitukset\/","title":{"rendered":"Harjoitukset"},"content":{"rendered":"<hr \/>\n<h2>Laskuharjoitusten sek\u00e4 SPSS-harjoitusten teht\u00e4v\u00e4t, ratkaisut ja ohjeet<\/h2>\n<p><strong>Viikko 11<\/strong> <a href=\"http:\/\/www.sis.uta.fi\/tilasto\/mtttp1\/kevat2019\/harj1.pdf\">Harjoitus 1<\/a>, <a href=\"http:\/\/www.sis.uta.fi\/tilasto\/mtttp1\/kevat2019\/h1_ratk.pdf\">ratkaisut<\/a><\/p>\n<p><strong>Viikko 12<\/strong> <a href=\"http:\/\/www.sis.uta.fi\/tilasto\/mtttp1\/kevat2019\/harj2.pdf\">Harjoitus 2<\/a>, <a href=\"http:\/\/www.sis.uta.fi\/tilasto\/mtttp1\/kevat2019\/h2_ratk.pdf\">ratkaisut<\/a>,\u00a0<span class=\"title11\"><a href=\"http:\/\/www.sis.uta.fi\/tilasto\/mtttp1\/kevat2019\/mh1.pdf\">SPSS-harjoitus 1<\/a>, <a href=\"http:\/\/www.sis.uta.fi\/tilasto\/mtttp1\/kevat2019\/mh1ohj.pdf\">SPSS-ohjeet<\/a><\/span><\/p>\n<p><strong>Viikko 13 <\/strong><a href=\"http:\/\/www.sis.uta.fi\/tilasto\/mtttp1\/kevat2019\/harj3.pdf\">Harjoitus 3<\/a>, <a href=\"http:\/\/www.sis.uta.fi\/tilasto\/mtttp1\/kevat2019\/h3_ratk.pdf\">ratkaisut<\/a><\/p>\n<p><strong>Viikko 14<\/strong> <a href=\"http:\/\/www.sis.uta.fi\/tilasto\/mtttp1\/kevat2019\/harj4.pdf\">Harjoitus 4<\/a>, <a href=\"http:\/\/www.sis.uta.fi\/tilasto\/mtttp1\/kevat2019\/h4_ratk.pdf\">ratkaisut<\/a>, <a href=\"http:\/\/www.sis.uta.fi\/tilasto\/mtttp1\/kevat2019\/mh2.pdf\"><span class=\"title11\">SPSS-harjoitus 2<\/span><\/a><span class=\"title11\">, <a href=\"http:\/\/www.sis.uta.fi\/tilasto\/mtttp1\/kevat2019\/mh2ohj.pdf\">SPSS-ohjeet<\/a><\/span><\/p>\n<p><strong>Viikko 15<\/strong> <a href=\"http:\/\/www.sis.uta.fi\/tilasto\/mtttp1\/kevat2019\/harj5.pdf\">Harjoitus 5<\/a>, <a href=\"http:\/\/www.sis.uta.fi\/tilasto\/mtttp1\/kevat2019\/h5_ratk.pdf\">ratkaisut<\/a>, <span class=\"title11\"><a href=\"http:\/\/www.sis.uta.fi\/tilasto\/mtttp1\/kevat2019\/mh3.pdf\">SPSS-harjoitus 3<\/a>, <a href=\"http:\/\/www.sis.uta.fi\/tilasto\/mtttp1\/kevat2019\/mh3ohj.pdf\">SPSS-ohjeet<\/a><\/span><\/p>\n","protected":false},"excerpt":{"rendered":"<p>Laskuharjoitusten sek\u00e4 SPSS-harjoitusten teht\u00e4v\u00e4t, ratkaisut ja ohjeet Viikko 11 Harjoitus 1, ratkaisut Viikko 12 Harjoitus 2, ratkaisut,\u00a0SPSS-harjoitus 1, SPSS-ohjeet Viikko 13 Harjoitus 3, ratkaisut Viikko 14 Harjoitus 4, ratkaisut, SPSS-harjoitus 2, SPSS-ohjeet Viikko 15 Harjoitus 5, ratkaisut, SPSS-harjoitus 3, SPSS-ohjeet<\/p>\n","protected":false},"author":31,"featured_media":0,"parent":724,"menu_order":4,"comment_status":"closed","ping_status":"closed","template":"","meta":{"footnotes":""},"class_list":["post-763","page","type-page","status-publish","hentry"],"_links":{"self":[{"href":"https:\/\/coursepages2.tuni.fi\/mtttp1\/wp-json\/wp\/v2\/pages\/763","targetHints":{"allow":["GET"]}}],"collection":[{"href":"https:\/\/coursepages2.tuni.fi\/mtttp1\/wp-json\/wp\/v2\/pages"}],"about":[{"href":"https:\/\/coursepages2.tuni.fi\/mtttp1\/wp-json\/wp\/v2\/types\/page"}],"author":[{"embeddable":true,"href":"https:\/\/coursepages2.tuni.fi\/mtttp1\/wp-json\/wp\/v2\/users\/31"}],"replies":[{"embeddable":true,"href":"https:\/\/coursepages2.tuni.fi\/mtttp1\/wp-json\/wp\/v2\/comments?post=763"}],"version-history":[{"count":13,"href":"https:\/\/coursepages2.tuni.fi\/mtttp1\/wp-json\/wp\/v2\/pages\/763\/revisions"}],"predecessor-version":[{"id":836,"href":"https:\/\/coursepages2.tuni.fi\/mtttp1\/wp-json\/wp\/v2\/pages\/763\/revisions\/836"}],"up":[{"embeddable":true,"href":"https:\/\/coursepages2.tuni.fi\/mtttp1\/wp-json\/wp\/v2\/pages\/724"}],"wp:attachment":[{"href":"https:\/\/coursepages2.tuni.fi\/mtttp1\/wp-json\/wp\/v2\/media?parent=763"}],"curies":[{"name":"wp","href":"https:\/\/api.w.org\/{rel}","templated":true}]}}