{"id":724,"date":"2019-02-07T16:30:43","date_gmt":"2019-02-07T14:30:43","guid":{"rendered":"https:\/\/coursepages.uta.fi\/mtttp1\/?page_id=724"},"modified":"2019-05-28T14:27:44","modified_gmt":"2019-05-28T11:27:44","slug":"kevat-2019","status":"publish","type":"page","link":"https:\/\/coursepages2.tuni.fi\/mtttp1\/kevat-2019\/","title":{"rendered":"Kev\u00e4t 2019, periodi IV"},"content":{"rendered":"<hr \/>\n<p class=\"title11\"><strong>28.05.2019<\/strong><\/p>\n<p class=\"title11\">Tenttien tulokset n\u00e4et Opiskelijan ty\u00f6p\u00f6yd\u00e4lt\u00e4, jolta t\u00e4ll\u00e4 hetkell\u00e4 l\u00f6ytyy tenttien 29.4. ja 3.5. tulokset.<\/p>\n<p class=\"title11\"><strong>13.03.2019<\/strong><\/p>\n<p class=\"title11\">SPSS-ryhm\u00e4jako tehty, ks. t\u00e4st\u00e4 (linkki poistettu).<\/p>\n<p class=\"title11\"><strong>05.03.2019<\/strong><\/p>\n<p class=\"title11\">Kurssille hyv\u00e4ksyttyjen SPSS-ryhm\u00e4toiveen antaminen t\u00e4ss\u00e4 (linkki poistettu) viimeist\u00e4\u00e4n ti 12.3.<\/p>\n<p class=\"title11\"><strong>28.02.2019<\/strong><\/p>\n<p class=\"title11\">Kurssille hyv\u00e4ksyttyjen laskuharjoitusryhm\u00e4\u00e4n ilmoittautuminen t\u00e4ss\u00e4 (linkki poistettu).<\/p>\n<p class=\"title11\"><strong>27.02.2019<\/strong><\/p>\n<p class=\"title11\">Ensimm\u00e4inen luento ma 4.3. klo 13-15, ls. D10a, toisen luennon paikka my\u00f6s ls. D10a, ks.\u00a0<a href=\"https:\/\/www10.uta.fi\/opas\/opetusohjelma\/marjapuuro.htm?id=38649\" target=\"_blank\" rel=\"noopener\">Opetusohjelma<\/a>.<\/p>\n<p class=\"title11\"><strong>07.02.2019<\/strong><\/p>\n<p class=\"title11\">Ilmoittautuminen kurssille, ks.\u00a0<a href=\"https:\/\/www10.uta.fi\/opas\/opetusohjelma\/marjapuuro.htm?id=38649\" target=\"_blank\" rel=\"noopener\">Opetusohjelma<\/a>. Kurssille voidaan ottaa kaikki mukaan haluavat opiskelijat.<\/p>\n<p class=\"title11\">Opetuksen tukena k\u00e4ytet\u00e4\u00e4n Moodle -oppimisymp\u00e4rist\u00f6\u00e4, jossa annetaan mm. ohjeita laskuharjoitusteht\u00e4viin liittyen ja jossa voi tehd\u00e4 harjoitusty\u00f6h\u00f6n liittyvi\u00e4 tarkastuksia. My\u00f6s keskustelu on mahdollista.\u00a0 Keskusteluun osallistuminen ja sen seuraaminen on vapaaehtoista. Kurssille hyv\u00e4ksyt kirjataan automaattisesti Moodle-alueelle.<\/p>\n<p class=\"title11\">Kurssille hyv\u00e4ksyttyjen laskuharjoitusryhm\u00e4\u00e4n ilmoittatuminen t\u00e4m\u00e4n sivuston kautta my\u00f6hemmin.\u00a0SPSS-harjoituksiin ilmoittautuminen my\u00f6hemmin opetuksen alettua.<\/p>\n<p class=\"title11\">Opetukseen liittyv\u00e4 tentti ma 29.4.2019 , ks. tarkemmin Kurssi-info.<\/p>\n<p class=\"title11\">Kaikki lukuvuoden tenttimahdollisuudet n\u00e4kyv\u00e4t\u00a0<a href=\"https:\/\/www10.uta.fi\/nettiopsu\/tentti\/tentti.htm?action=jakso&amp;jaksoId=38905\" target=\"_blank\" rel=\"noopener\">NettiOpsussa.<\/a><\/p>\n<p class=\"title11\"><strong>07.02.2019<\/strong><\/p>\n<p class=\"title11\">T\u00e4ll\u00e4 sivulla julkaistaan kev\u00e4\u00e4n 2019 periodin IV toteutusta koskevat ajankohtaistiedot ja ohjeet.<\/p>\n<p class=\"title11\">My\u00f6s kaikki tarpeellinen oppimateriaali ja info tulee aikanaan l\u00f6ytym\u00e4\u00e4n t\u00e4m\u00e4n sivuston kautta.<\/p>\n","protected":false},"excerpt":{"rendered":"<p>28.05.2019 Tenttien tulokset n\u00e4et Opiskelijan ty\u00f6p\u00f6yd\u00e4lt\u00e4, jolta t\u00e4ll\u00e4 hetkell\u00e4 l\u00f6ytyy tenttien 29.4. ja 3.5. tulokset. 13.03.2019 SPSS-ryhm\u00e4jako tehty, ks. t\u00e4st\u00e4 (linkki poistettu). 05.03.2019 Kurssille hyv\u00e4ksyttyjen SPSS-ryhm\u00e4toiveen antaminen t\u00e4ss\u00e4 (linkki poistettu) viimeist\u00e4\u00e4n ti 12.3. 28.02.2019 Kurssille hyv\u00e4ksyttyjen laskuharjoitusryhm\u00e4\u00e4n ilmoittautuminen t\u00e4ss\u00e4 (linkki poistettu). 27.02.2019 Ensimm\u00e4inen luento ma 4.3. klo 13-15, ls. D10a, toisen luennon paikka my\u00f6s ls. &hellip; <a href=\"https:\/\/coursepages2.tuni.fi\/mtttp1\/kevat-2019\/\" class=\"more-link\">Jatka artikkeliin <span class=\"screen-reader-text\">Kev\u00e4t 2019, periodi IV<\/span><\/a><\/p>\n","protected":false},"author":31,"featured_media":0,"parent":0,"menu_order":0,"comment_status":"closed","ping_status":"closed","template":"","meta":{"footnotes":""},"class_list":["post-724","page","type-page","status-publish","hentry"],"_links":{"self":[{"href":"https:\/\/coursepages2.tuni.fi\/mtttp1\/wp-json\/wp\/v2\/pages\/724","targetHints":{"allow":["GET"]}}],"collection":[{"href":"https:\/\/coursepages2.tuni.fi\/mtttp1\/wp-json\/wp\/v2\/pages"}],"about":[{"href":"https:\/\/coursepages2.tuni.fi\/mtttp1\/wp-json\/wp\/v2\/types\/page"}],"author":[{"embeddable":true,"href":"https:\/\/coursepages2.tuni.fi\/mtttp1\/wp-json\/wp\/v2\/users\/31"}],"replies":[{"embeddable":true,"href":"https:\/\/coursepages2.tuni.fi\/mtttp1\/wp-json\/wp\/v2\/comments?post=724"}],"version-history":[{"count":15,"href":"https:\/\/coursepages2.tuni.fi\/mtttp1\/wp-json\/wp\/v2\/pages\/724\/revisions"}],"predecessor-version":[{"id":829,"href":"https:\/\/coursepages2.tuni.fi\/mtttp1\/wp-json\/wp\/v2\/pages\/724\/revisions\/829"}],"wp:attachment":[{"href":"https:\/\/coursepages2.tuni.fi\/mtttp1\/wp-json\/wp\/v2\/media?parent=724"}],"curies":[{"name":"wp","href":"https:\/\/api.w.org\/{rel}","templated":true}]}}