{"id":62,"date":"2017-11-10T11:37:39","date_gmt":"2017-11-10T09:37:39","guid":{"rendered":"https:\/\/coursepages.uta.fi\/mttta1\/?page_id=62"},"modified":"2018-12-20T11:08:30","modified_gmt":"2018-12-20T09:08:30","slug":"oheiskirjallisuutta","status":"publish","type":"page","link":"https:\/\/coursepages2.tuni.fi\/mttta1\/oheiskirjallisuutta\/","title":{"rendered":"Oheiskirjallisuutta"},"content":{"rendered":"<hr \/>\n<h2>Poimintoja opiskelun tueksi sopivista kirjoista<\/h2>\n<p>Agresti, A. &amp; Finlay, B., Statistical Methods for the Social Sciences, 3rd ed., Prentice Hall, 1997.<\/p>\n<p>Sek\u00e4 perus- ett\u00e4 aineopintotasoisten menetelmien esittely\u00e4 (ilman matemaattista johtamista) soveltajan n\u00e4k\u00f6kylmasta katsottuna.<\/p>\n<p>Clarke, G.M. &amp; Cooke, D., A Basic course in Statistics, 5th ed., Hodder Arnold, 2005.<\/p>\n<p>Tilastotieteen perusk\u00e4sitteist\u00f6n ja analyysien esittely\u00e4, joka on tasoltaan osittain aineopintotasoista. Paljon kuvia, soveltavia esimerkkej\u00e4 ja teht\u00e4vi\u00e4.<\/p>\n<p>Heikkil\u00e4, T. ,Tilastollinen tutkimus, 4. painos, Edita, 2002.<\/p>\n<p>Tiivis yleisteos, jossa tilastotieteen perusasiat ja tilastollisen tutkimuksen tekeminen on selitetty yksinkertaisesti ja melko lyhyesti. My\u00f6s joitakin perusopintojen j\u00e4lkeen tulevia asioita on k\u00e4sitelty lyhyesti. Kirja sis\u00e4lt\u00e4\u00e4 hyv\u00e4t ohjeet SPSS:n k\u00e4yt\u00f6st\u00e4 ja SPSS -esimerkkej\u00e4 tulkintoineen. Kirja niille, jotka kaipaavat asioiden &#8221;v\u00e4\u00e4nt\u00e4mist\u00e4 rautalangasta&#8221;.<\/p>\n<p>Helenius, H. ,Tilastollisten menetelmien perustiedot. Statcon Oy, 1995.<\/p>\n<p>Melko laaja teos, jossa tilastotieteen perusasiat k\u00e4sitell\u00e4\u00e4n perusteellisesti. Sis\u00e4lt\u00e4\u00e4 paljon esimerkkej\u00e4. Kirjasta on varmasti hy\u00f6ty\u00e4 my\u00f6hemminkin opiskelussa. Kirja niille, jotka kaipaavat tieteellist\u00e4, selke\u00e4\u00e4 asioiden k\u00e4sittely\u00e4.<\/p>\n<p>Lepp\u00e4l\u00e4, R., <a href=\"http:\/\/www.uta.fi\/sis\/reports\/index\/R55_2017.pdf\">Ohjeita tilastollisen tutkimuksen toteuttamiseksi IBM SPSS Statistics -ohjelmiston avulla<\/a>, Tampereen yliopisto, Informaatiotieteiden yksik\u00f6n raportteja 55\/2017.<\/p>\n<p>Moore, D., The Basic Practice of Statistics, 5th ed. Freeman, 2010.<\/p>\n<p>Perusopintojen asioita k\u00e4yt\u00e4nn\u00f6nl\u00e4heisesti, ilman johtamista.<\/p>\n<h2>Lis\u00e4lukemistoa<\/h2>\n<p>Devore, J. &amp; Peck, R., Statistics, The Exploration and Analysis of Data. West Publishing Company, 2005.<br \/>\nFreund, J., Modern Elementary Statistics. Prentice-Hall, 2004.<br \/>\nGr\u00f6nroos, M., Johdatus Tilastotieteeseen &#8211; Kuvailu, mallit ja p\u00e4\u00e4ttely, Finn Lectura, 2004.<br \/>\nKarjalainen, L., Tilastomatematiikka, 8. painos, Pii-kirjat, 2004.<br \/>\nLarson, R. &amp; Farber, B., Elementary statistics:Picturing the World, Prentice-Hall, 2006.<br \/>\nLiski, E. &amp; Puntanen, S., Tilastotieteen peruskurssi I &amp; II, Tampereen yliopisto, 1987<br \/>\nMellin, I., Johdatus tilastotieteeseen, 2. kirja, tilastotieteen johdantokurssi. Helsingin yliopisto, 1996<br \/>\nMoore, D. &amp; Notz, W., Statistics: Concepts and Controversies, 8th ed. Macmillan, 2013.<br \/>\nMoore, D. &amp; McCabe G., Introduction to the Practice of Statistics, 5th Edition. Freeman, 2005.<br \/>\nNewbold, P., Carlson, W. &amp; Thorne, B., Statistics for Business and Economics. Pearson.<br \/>\nSiegel, A., Statistics and Data Analysis An Introduction, 2nd ed., John Wiley &amp; Sons, 1998.<br \/>\nWeiss, N., Elementary Statistics, 6th ed., Addison Wesley, 2004.<br \/>\nWeiss, N., Introductory Statistics, 7th ed., Addison Wesley, 2004.<br \/>\nYates, D. &amp; Moore, D. &amp; McCabe G., The Practice of Statistics, 2nd ed., Freeman, 2003.<\/p>\n","protected":false},"excerpt":{"rendered":"<p>Poimintoja opiskelun tueksi sopivista kirjoista Agresti, A. &amp; Finlay, B., Statistical Methods for the Social Sciences, 3rd ed., Prentice Hall, 1997. Sek\u00e4 perus- ett\u00e4 aineopintotasoisten menetelmien esittely\u00e4 (ilman matemaattista johtamista) soveltajan n\u00e4k\u00f6kylmasta katsottuna. Clarke, G.M. &amp; Cooke, D., A Basic course in Statistics, 5th ed., Hodder Arnold, 2005. Tilastotieteen perusk\u00e4sitteist\u00f6n ja analyysien esittely\u00e4, joka on &hellip; <a href=\"https:\/\/coursepages2.tuni.fi\/mttta1\/oheiskirjallisuutta\/\" class=\"more-link\">Jatka artikkeliin <span class=\"screen-reader-text\">Oheiskirjallisuutta<\/span><\/a><\/p>\n","protected":false},"author":31,"featured_media":0,"parent":0,"menu_order":6,"comment_status":"closed","ping_status":"closed","template":"","meta":{"footnotes":""},"class_list":["post-62","page","type-page","status-publish","hentry"],"_links":{"self":[{"href":"https:\/\/coursepages2.tuni.fi\/mttta1\/wp-json\/wp\/v2\/pages\/62","targetHints":{"allow":["GET"]}}],"collection":[{"href":"https:\/\/coursepages2.tuni.fi\/mttta1\/wp-json\/wp\/v2\/pages"}],"about":[{"href":"https:\/\/coursepages2.tuni.fi\/mttta1\/wp-json\/wp\/v2\/types\/page"}],"author":[{"embeddable":true,"href":"https:\/\/coursepages2.tuni.fi\/mttta1\/wp-json\/wp\/v2\/users\/31"}],"replies":[{"embeddable":true,"href":"https:\/\/coursepages2.tuni.fi\/mttta1\/wp-json\/wp\/v2\/comments?post=62"}],"version-history":[{"count":5,"href":"https:\/\/coursepages2.tuni.fi\/mttta1\/wp-json\/wp\/v2\/pages\/62\/revisions"}],"predecessor-version":[{"id":343,"href":"https:\/\/coursepages2.tuni.fi\/mttta1\/wp-json\/wp\/v2\/pages\/62\/revisions\/343"}],"wp:attachment":[{"href":"https:\/\/coursepages2.tuni.fi\/mttta1\/wp-json\/wp\/v2\/media?parent=62"}],"curies":[{"name":"wp","href":"https:\/\/api.w.org\/{rel}","templated":true}]}}