{"id":55,"date":"2017-11-10T11:35:57","date_gmt":"2017-11-10T09:35:57","guid":{"rendered":"https:\/\/coursepages.uta.fi\/mttta1\/?page_id=55"},"modified":"2019-02-12T15:21:57","modified_gmt":"2019-02-12T13:21:57","slug":"luennot","status":"publish","type":"page","link":"https:\/\/coursepages2.tuni.fi\/mttta1\/kevat-2019\/luennot\/","title":{"rendered":"Luennot"},"content":{"rendered":"<hr \/>\n<h2>K\u00e4sitellyt asiat, suunnitelmat, luentokalvot<\/h2>\n<p><strong>10.01.2019<\/strong><\/p>\n<ul>\n<li><span class=\"title11\"><span class=\"blue1TXT\">Kurssin esittely ja kertausta\u00a0tunnetuiksi oletetuista asioista, <a href=\"http:\/\/www.sis.uta.fi\/tilasto\/mttta1\/kevat2019\/luento_10_1_2019.pdf\">luentokalvot<\/a>.<\/span><\/span><\/li>\n<\/ul>\n<p><strong>15.01.2019<br \/>\n<\/strong><\/p>\n<ul>\n<li><span class=\"title11\"><span class=\"blue1TXT\">Yksisuuntainen varianssianalyysi <a href=\"http:\/\/www.sis.uta.fi\/tilasto\/mttta1\/kevat2019\/luentorunko.pdf#page=11\">luentorunko<\/a> sivut 10 &#8211; 13, <a href=\"http:\/\/www.sis.uta.fi\/tilasto\/mttta1\/kevat2019\/luento_15_1_2019.pdf\">luentokalvot<\/a>.<\/span><\/span><\/li>\n<\/ul>\n<p><strong><span class=\"title11\">17.01.2019<br \/>\n<\/span><\/strong><\/p>\n<ul>\n<li><span class=\"title11\"><span class=\"blue1TXT\">Yksisuuntainen varianssianalyysi <a href=\"http:\/\/www.sis.uta.fi\/tilasto\/mttta1\/kevat2019\/luentorunko.pdf#page=15\">luentorunko<\/a> sivut 14 &#8211; 18,\u00a0kaksisuuntainen varianssianalyysi <a href=\"http:\/\/www.sis.uta.fi\/tilasto\/mttta1\/kevat2019\/luentorunko.pdf#page=19\">luentorunko<\/a> sivut 18 &#8211; 22, <a href=\"http:\/\/www.sis.uta.fi\/tilasto\/mttta1\/kevat2019\/luento_17_1_2019.pdf\">luentokalvot<\/a>.<\/span><\/span><\/li>\n<\/ul>\n<p><strong><span class=\"title11\">22.01.2019<br \/>\n<\/span><\/strong><\/p>\n<ul>\n<li><span class=\"title11\">\u03c7<\/span><span class=\"title11\"><sup>2<\/sup><\/span><span class=\"title11\">&#8211;<\/span><span class=\"title11\">yhteensopivuustesti, <a href=\"http:\/\/www.sis.uta.fi\/tilasto\/mttta1\/kevat2019\/luentorunko.pdf#page=24\">luentorunko<\/a> sivut 23 &#8211; 27, <a href=\"http:\/\/www.sis.uta.fi\/tilasto\/mttta1\/kevat2019\/luento_22_1_2019.pdf\">luentokalvot<\/a>.<\/span><\/li>\n<\/ul>\n<p><strong><span class=\"title11\">24.01.2019 <\/span><\/strong><\/p>\n<ul>\n<li><span class=\"title11\"><span class=\"blue1TXT\">\u03c7<sup>2<\/sup>-yhteensopivuustesti, \u03c7<sup>2<\/sup>&#8211; riippumattomuustesti, <a href=\"http:\/\/www.sis.uta.fi\/tilasto\/mttta1\/kevat2019\/luentorunko.pdf#page=28\">luentorunko<\/a> sivut 27 &#8211; 30, <a href=\"http:\/\/www.sis.uta.fi\/tilasto\/mttta1\/kevat2019\/luento_24_1_2019.pdf\">luentokalvot<\/a>.<\/span><\/span><strong><span class=\"title11\"><br \/>\n<\/span><\/strong><\/li>\n<\/ul>\n<p><strong>29.01.2019 <\/strong><\/p>\n<ul>\n<li><span class=\"title11\"><span class=\"blue1TXT\">\u03c7<sup>2<\/sup>&#8211; riippumattomuustesti, kertausta <a href=\"http:\/\/www.sis.uta.fi\/tilasto\/mttta1\/kevat2019\/luentorunko.pdf#page=28\">luentorunko<\/a> sivut 27 &#8211; 30, menetelmien valinnasta, johdanto regressioanalyysiin, <a href=\"http:\/\/www.sis.uta.fi\/tilasto\/mttta1\/kevat2019\/luento_29_1_2019.pdf\">luentokalvot<\/a>.<\/span><\/span><strong><br \/>\n<\/strong><\/li>\n<\/ul>\n<p><strong><span class=\"title11\">31.01.2019 <\/span><\/strong><\/p>\n<ul>\n<li><span class=\"title11\">Yhden selitt\u00e4j\u00e4n regressioanalyysi,\u00a0<\/span><span class=\"title11\"><span class=\"blue1TXT\"><a href=\"http:\/\/www.sis.uta.fi\/tilasto\/mttta1\/kevat2019\/luentorunko.pdf#page=32\">luentorunko<\/a> sivut 31 &#8211; 34<\/span><\/span><span class=\"title11\">, <a href=\"http:\/\/www.sis.uta.fi\/tilasto\/mttta1\/kevat2019\/luento_31_1_2019.pdf\">luentokalvot<\/a>.<\/span><strong><span class=\"title11\"><br \/>\n<\/span><\/strong><\/li>\n<\/ul>\n<p><strong>05.02.2019 <\/strong><\/p>\n<ul>\n<li><span class=\"title11\">Yhden selitt\u00e4j\u00e4n regressioanalyysist\u00e4 <span class=\"blue1TXT\"><a href=\"http:\/\/www.sis.uta.fi\/tilasto\/mttta1\/kevat2019\/luentorunko.pdf#page=35\">luentorunko<\/a> sivut 34 &#8211; 40<\/span>, <a href=\"http:\/\/www.sis.uta.fi\/tilasto\/mttta1\/kevat2019\/luento_5_2_2019.pdf\">luentokalvot<\/a>.<\/span><strong><br \/>\n<\/strong><\/li>\n<\/ul>\n<p><strong><span class=\"title11\">07.02.2019 <\/span><\/strong><\/p>\n<p style=\"padding-left: 30px\"><span class=\"title11\"><span class=\"blue1TXT\">Yhden selitt\u00e4j\u00e4n regressioanalyysist\u00e4,\u00a0residuaalitarkasteluja, kahden selitt\u00e4j\u00e4n regressioanalyysist\u00e4,\u00a0 <a href=\"http:\/\/www.sis.uta.fi\/tilasto\/mttta1\/kevat2019\/luentorunko.pdf#page=41\">luentorunko<\/a> sivut 40 &#8211; 42, <a href=\"http:\/\/www.sis.uta.fi\/tilasto\/mttta1\/kevat2019\/luento_7_2_2019.pdf\">luentokalvot<\/a>.<\/span><\/span><strong><span class=\"title11\"><br \/>\n<\/span><\/strong><\/p>\n<p><strong><span class=\"title11\">12.02.2019 <\/span><\/strong><\/p>\n<ul>\n<li><span class=\"title11\"><span class=\"blue1TXT\">Useamman selitt\u00e4j\u00e4n regressioanalyysi <a href=\"http:\/\/www.sis.uta.fi\/tilasto\/mttta1\/kevat2019\/luentorunko.pdf#page=41\">luentorunko<\/a> sivut 40 &#8211; 45, mallin valinnasta, <a href=\"http:\/\/www.sis.uta.fi\/tilasto\/mttta1\/kevat2019\/luento_12_2_2019.pdf\">luentokalvot<\/a>.<\/span><\/span><strong><span class=\"title11\"><br \/>\n<\/span><\/strong><\/li>\n<\/ul>\n<p><strong><span class=\"title11\">14.02.2019 <\/span><\/strong><\/p>\n<ul>\n<li><span class=\"title11\"><span class=\"blue1TXT\">Regressiomallin valinnasta, dummy-muuttuja regressioanalyysiss\u00e4, luentorunko\u00a0sivut 46 &#8211; 53,\u00a0<a href=\"http:\/\/www.sis.uta.fi\/tilasto\/mttta1\/kevat2019\/luento_14_2_2019.pdf\">luentokalvot<\/a>.<\/span><\/span><\/li>\n<\/ul>\n<p>Muuta materiaali, ks. <a href=\"https:\/\/coursepages2.tuni.fi\/mttta1\/kevat-2019\/oikopolkuja\/\">Oikopolkuja materiaaleihin<\/a><\/p>\n","protected":false},"excerpt":{"rendered":"<p>K\u00e4sitellyt asiat, suunnitelmat, luentokalvot 10.01.2019 Kurssin esittely ja kertausta\u00a0tunnetuiksi oletetuista asioista, luentokalvot. 15.01.2019 Yksisuuntainen varianssianalyysi luentorunko sivut 10 &#8211; 13, luentokalvot. 17.01.2019 Yksisuuntainen varianssianalyysi luentorunko sivut 14 &#8211; 18,\u00a0kaksisuuntainen varianssianalyysi luentorunko sivut 18 &#8211; 22, luentokalvot. 22.01.2019 \u03c72&#8211;yhteensopivuustesti, luentorunko sivut 23 &#8211; 27, luentokalvot. 24.01.2019 \u03c72-yhteensopivuustesti, \u03c72&#8211; riippumattomuustesti, luentorunko sivut 27 &#8211; 30, luentokalvot. 29.01.2019 &hellip; <a href=\"https:\/\/coursepages2.tuni.fi\/mttta1\/kevat-2019\/luennot\/\" class=\"more-link\">Jatka artikkeliin <span class=\"screen-reader-text\">Luennot<\/span><\/a><\/p>\n","protected":false},"author":31,"featured_media":0,"parent":44,"menu_order":3,"comment_status":"closed","ping_status":"closed","template":"","meta":{"footnotes":""},"class_list":["post-55","page","type-page","status-publish","hentry"],"_links":{"self":[{"href":"https:\/\/coursepages2.tuni.fi\/mttta1\/wp-json\/wp\/v2\/pages\/55","targetHints":{"allow":["GET"]}}],"collection":[{"href":"https:\/\/coursepages2.tuni.fi\/mttta1\/wp-json\/wp\/v2\/pages"}],"about":[{"href":"https:\/\/coursepages2.tuni.fi\/mttta1\/wp-json\/wp\/v2\/types\/page"}],"author":[{"embeddable":true,"href":"https:\/\/coursepages2.tuni.fi\/mttta1\/wp-json\/wp\/v2\/users\/31"}],"replies":[{"embeddable":true,"href":"https:\/\/coursepages2.tuni.fi\/mttta1\/wp-json\/wp\/v2\/comments?post=55"}],"version-history":[{"count":41,"href":"https:\/\/coursepages2.tuni.fi\/mttta1\/wp-json\/wp\/v2\/pages\/55\/revisions"}],"predecessor-version":[{"id":389,"href":"https:\/\/coursepages2.tuni.fi\/mttta1\/wp-json\/wp\/v2\/pages\/55\/revisions\/389"}],"up":[{"embeddable":true,"href":"https:\/\/coursepages2.tuni.fi\/mttta1\/wp-json\/wp\/v2\/pages\/44"}],"wp:attachment":[{"href":"https:\/\/coursepages2.tuni.fi\/mttta1\/wp-json\/wp\/v2\/media?parent=55"}],"curies":[{"name":"wp","href":"https:\/\/api.w.org\/{rel}","templated":true}]}}