{"id":5,"date":"2017-06-22T10:58:06","date_gmt":"2017-06-22T07:58:06","guid":{"rendered":"https:\/\/coursepages.uta.fi\/mttta1\/?page_id=5"},"modified":"2018-12-20T10:20:50","modified_gmt":"2018-12-20T08:20:50","slug":"paasivu","status":"publish","type":"page","link":"https:\/\/coursepages2.tuni.fi\/mttta1\/","title":{"rendered":"P\u00e4\u00e4sivu"},"content":{"rendered":"<hr \/>\n<h1>Ajankohtaista<\/h1>\n<p><strong>20.12.2018<\/strong><\/p>\n<p>Kev\u00e4\u00e4n 2019 periodin III kurssin materiaali kohdassa <a href=\"https:\/\/coursepages2.tuni.fi\/mttta1\/kevat-2019\/\">Kev\u00e4t 2019, periodi III<\/a>.<\/p>\n<p><strong>20.12.2018<\/strong><\/p>\n<p>Sivusto sis\u00e4lt\u00e4\u00e4 kev\u00e4\u00e4n 2019 MTTTA1:n infoa ja materiaalia. Muutokset mahdollisia. Sivusto on viel\u00e4 puutteellinen. Puuttuvia tietoja t\u00e4ydennet\u00e4\u00e4n ennen opetuksen alkua.<\/p>\n<p>Opintojaksojen MTTTP1 ja MTTTP5 asiat oletetaan tunnetuiksi, mutta kurssille voi osallistua, vaikka n\u00e4it\u00e4 ei olisi suoritettukaan.<\/p>\n<p>&nbsp;<\/p>\n","protected":false},"excerpt":{"rendered":"<p>Ajankohtaista 20.12.2018 Kev\u00e4\u00e4n 2019 periodin III kurssin materiaali kohdassa Kev\u00e4t 2019, periodi III. 20.12.2018 Sivusto sis\u00e4lt\u00e4\u00e4 kev\u00e4\u00e4n 2019 MTTTA1:n infoa ja materiaalia. Muutokset mahdollisia. Sivusto on viel\u00e4 puutteellinen. Puuttuvia tietoja t\u00e4ydennet\u00e4\u00e4n ennen opetuksen alkua. Opintojaksojen MTTTP1 ja MTTTP5 asiat oletetaan tunnetuiksi, mutta kurssille voi osallistua, vaikka n\u00e4it\u00e4 ei olisi suoritettukaan. &nbsp;<\/p>\n","protected":false},"author":31,"featured_media":0,"parent":34,"menu_order":1,"comment_status":"closed","ping_status":"closed","template":"","meta":{"footnotes":""},"class_list":["post-5","page","type-page","status-publish","hentry"],"_links":{"self":[{"href":"https:\/\/coursepages2.tuni.fi\/mttta1\/wp-json\/wp\/v2\/pages\/5","targetHints":{"allow":["GET"]}}],"collection":[{"href":"https:\/\/coursepages2.tuni.fi\/mttta1\/wp-json\/wp\/v2\/pages"}],"about":[{"href":"https:\/\/coursepages2.tuni.fi\/mttta1\/wp-json\/wp\/v2\/types\/page"}],"author":[{"embeddable":true,"href":"https:\/\/coursepages2.tuni.fi\/mttta1\/wp-json\/wp\/v2\/users\/31"}],"replies":[{"embeddable":true,"href":"https:\/\/coursepages2.tuni.fi\/mttta1\/wp-json\/wp\/v2\/comments?post=5"}],"version-history":[{"count":21,"href":"https:\/\/coursepages2.tuni.fi\/mttta1\/wp-json\/wp\/v2\/pages\/5\/revisions"}],"predecessor-version":[{"id":327,"href":"https:\/\/coursepages2.tuni.fi\/mttta1\/wp-json\/wp\/v2\/pages\/5\/revisions\/327"}],"up":[{"embeddable":true,"href":"https:\/\/coursepages2.tuni.fi\/mttta1\/wp-json\/wp\/v2\/pages\/34"}],"wp:attachment":[{"href":"https:\/\/coursepages2.tuni.fi\/mttta1\/wp-json\/wp\/v2\/media?parent=5"}],"curies":[{"name":"wp","href":"https:\/\/api.w.org\/{rel}","templated":true}]}}