{"id":5,"date":"2017-06-22T10:58:06","date_gmt":"2017-06-22T07:58:06","guid":{"rendered":"https:\/\/coursepages.uta.fi\/mttmp3\/?page_id=5"},"modified":"2018-03-05T08:10:32","modified_gmt":"2018-03-05T06:10:32","slug":"paasivu","status":"publish","type":"page","link":"https:\/\/coursepages2.tuni.fi\/mttmp3\/","title":{"rendered":"P\u00e4\u00e4sivu"},"content":{"rendered":"<h2>Ilmoittautuminen harjoitusryhmiin<\/h2>\n<p>Kurssille ilmoittautumisen lis\u00e4ksi valitaan my\u00f6s <a href=\"https:\/\/www.sis.uta.fi\/tilt\/groupselect.php?cfg=mttmp3_2018\">harjoitusryhm\u00e4<\/a>.<\/p>\n<h2>Kurssin sis\u00e4lt\u00f6<\/h2>\n<p>Matriisilaskentaa, lineaariset yht\u00e4l\u00f6ryhm\u00e4t, determinantit, vektorilaskentaa, analyyttist\u00e4 geometriaa.<\/p>\n<h2>Kirjallisuus<\/h2>\n<p>Kurssilla on\u00a0<a href=\"https:\/\/coursepages2.tuni.fi\/mttmp3\/wp-content\/uploads\/sites\/80\/2017\/11\/LA1Amoniste.pdf\">luentomoniste<\/a>.<\/p>\n<p>Oheislukemistona suositellaan mm. teoksia<\/p>\n<div><strong>Anton, H.<\/strong>, Elementary linear algebra<\/div>\n<div><strong>Lay, D. C.<\/strong>, Linear algebra and its applications<\/div>\n<h2>Esitiedot<\/h2>\n<p>MTTMY1 Matematiikan perusk\u00e4sitteit\u00e4.<\/p>\n<h2>Kurssin suorittaminen<\/h2>\n<p>Kurssi suoritetaan loppukokeella ja viikkoharjoituksilla. Harjoituspakko on 40 %. Loppukokeeseen ei tarvitse ilmoittautua. Loppukokeeseen voi osallistua vain, jos on tehnyt riitt\u00e4v\u00e4n m\u00e4\u00e4r\u00e4n harjoituksia. Harjoituksista saa loppukokeessa enimmill\u00e4\u00e4n\u00a03 pistett\u00e4.<\/p>\n<p>Kurssin voi my\u00f6s tentti\u00e4. Loppukokeen j\u00e4lkeen pidett\u00e4viss\u00e4 tenteiss\u00e4 ei ole harjoituspakkoa mutta harjoituspisteit\u00e4k\u00e4\u00e4n ei lasketa.<\/p>\n<p><em>Matematiikan loppukokeissa ja tenteiss\u00e4 taulukkokirjat, laskimet\u00a0tai muu ylim\u00e4\u00e4r\u00e4inen materiaali eiv\u00e4t ole sallittuja. Lineaarialgebra 1A:n tenteiss\u00e4\u00a0ei\u00a0laskimesta olisikaan oleellista hy\u00f6ty\u00e4.<\/em><\/p>\n<p><strong>Loppukoe<\/strong>\u00a0on ti 6.3. klo 14-17,<strong> ls. D11<\/strong> \u00a0(harjoitushyvitys ja -pakko, huomaa ls. D11!).<\/p>\n<p><em><strong>HUOM. Loppukokeeseen ei tarvitse erikseen ilmoittautua,\u00a0harjoitusaktiivisuus riitt\u00e4\u00e4.<\/strong>\u00a0<\/em><em><br \/>\n<\/em><\/p>\n<p><strong>Tentit<\/strong><\/p>\n<p>Ilmoittautuminen NettiOpsun kautta ilmoittautumisajan puitteissa.<br \/>\nAvoimen yliopiston opiskelijat ilmoittautuvat tentteihin NettiRekan kautta.<\/p>\n<p>to\u00a0\u00a0\u00a0 15.03.2018\u00a0\u00a0\u00a0\u00a0 klo 16-20<\/p>\n<p>pe\u00a0\u00a0 06.04.2018\u00a0\u00a0\u00a0\u00a0 klo 10-14<\/p>\n<p>to\u00a0\u00a0\u00a0 07.06.2018\u00a0\u00a0\u00a0\u00a0 klo 16-20<\/p>\n<h2>Viikkoharjoitusteht\u00e4v\u00e4t<\/h2>\n<p>Teht\u00e4v\u00e4t julkaistaan t\u00e4ll\u00e4 sivulla.<\/p>\n<p><a href=\"https:\/\/coursepages2.tuni.fi\/mttmp3\/wp-content\/uploads\/sites\/80\/2018\/01\/Harj18_1.pdf\">Harjoitus 1<\/a> \u00a0<a href=\"https:\/\/coursepages2.tuni.fi\/mttmp3\/wp-content\/uploads\/sites\/80\/2018\/01\/Harj18_2.pdf\">Harjoitus 2<\/a>\u00a0\u00a0<a href=\"https:\/\/coursepages2.tuni.fi\/mttmp3\/wp-content\/uploads\/sites\/80\/2018\/01\/Harj18_3.pdf\">Harjoitus 3<\/a>\u00a0\u00a0<a href=\"https:\/\/coursepages2.tuni.fi\/mttmp3\/wp-content\/uploads\/sites\/80\/2018\/01\/Harj18_4.pdf\">Harjoitus 4<\/a>\u00a0\u00a0<a href=\"https:\/\/coursepages2.tuni.fi\/mttmp3\/wp-content\/uploads\/sites\/80\/2018\/02\/harj18_5.pdf\">Harjoitus 5<\/a>\u00a0\u00a0<a href=\"https:\/\/coursepages2.tuni.fi\/mttmp3\/wp-content\/uploads\/sites\/80\/2018\/02\/harj18_6.pdf\">Harjoitus 6<\/a><\/p>\n<p>Sairauden tai muun p\u00e4tev\u00e4n syyn vuoksi teht\u00e4vien ratkaisut voi toimittaa s-postilla Pentti Haukkaselle. Ratkaisuja ei korjata, mutta harjoituspisteet kirjataan yl\u00f6s.<\/p>\n<p>Opiskelijoiden toimittamia harjoitusteht\u00e4vien\u00a0ratkaisuja:<\/p>\n<p><a href=\"https:\/\/coursepages2.tuni.fi\/mttmp3\/wp-content\/uploads\/sites\/80\/2018\/02\/Ratk1.pdf\">Ratk1<\/a>\u00a0 <a href=\"https:\/\/coursepages2.tuni.fi\/mttmp3\/wp-content\/uploads\/sites\/80\/2018\/02\/Ratk2.pdf\">Ratk2<\/a>\u00a0 <a href=\"https:\/\/coursepages2.tuni.fi\/mttmp3\/wp-content\/uploads\/sites\/80\/2018\/02\/Ratk3.pdf\">Ratk3<\/a>\u00a0 <a href=\"https:\/\/coursepages2.tuni.fi\/mttmp3\/wp-content\/uploads\/sites\/80\/2018\/02\/Ratk4-1.pdf\">Ratk4<\/a>\u00a0 <a href=\"https:\/\/coursepages2.tuni.fi\/mttmp3\/wp-content\/uploads\/sites\/80\/2018\/02\/Ratk5.pdf\">Ratk5<\/a>\u00a0 <a href=\"https:\/\/coursepages2.tuni.fi\/mttmp3\/wp-content\/uploads\/sites\/80\/2018\/02\/Ratk6.pdf\">Ratk6<\/a><br \/>\n<a href=\"https:\/\/coursepages2.tuni.fi\/mttmp3\/wp-content\/uploads\/sites\/80\/2018\/03\/teht7c.jpg\">Ratk1_7c<\/a><\/p>\n<h2>Ty\u00f6paja<\/h2>\n<p>Osallistumista <a href=\"https:\/\/www10.uta.fi\/opas\/opetusohjelma\/marjapuuro.htm?id=36966\">ty\u00f6pajaan<\/a> suositellaan. Ty\u00f6pajaan osallistumisesta saa kustakin kerrasta ylim\u00e4\u00e4r\u00e4isen harjoitusrastin (maksimissaan yksi rasti \/ viikko). N\u00e4it\u00e4 rasteja ei kuitenkaan lasketa mukaan v\u00e4likoesuorituksen edellytyksen\u00e4 olevaan 40% prosentin rajaan.<\/p>\n<h2>Matemaattisia ohjelmistoja<\/h2>\n<p><a href=\"https:\/\/sage.sis.uta.fi\/home\/pub\/12\">Sage<\/a><\/p>\n<p><a href=\"http:\/\/www.wolframalpha.com\/\">Wolfram|Alpha<\/a>.\u00a0<a href=\"http:\/\/www.wolframalpha.com\/examples\/Matrices.html\">Esimerkkej\u00e4 matriisilaskennasta<\/a>.<\/p>\n<p><a href=\"http:\/\/www.mathworks.se\/products\/matlab\/index.html\">MATLAB<\/a><\/p>\n<p><a href=\"http:\/\/www.gnu.org\/software\/octave\/\">Octave<\/a>. Sill\u00e4 pystyy suorittamaan l\u00e4hes samaa koodia kuin perus-Matlabilla. Octave on vapaasti saatavilla.<\/p>\n","protected":false},"excerpt":{"rendered":"<p>Ilmoittautuminen harjoitusryhmiin Kurssille ilmoittautumisen lis\u00e4ksi valitaan my\u00f6s harjoitusryhm\u00e4. Kurssin sis\u00e4lt\u00f6 Matriisilaskentaa, lineaariset yht\u00e4l\u00f6ryhm\u00e4t, determinantit, vektorilaskentaa, analyyttist\u00e4 geometriaa. Kirjallisuus Kurssilla on\u00a0luentomoniste. Oheislukemistona suositellaan mm. teoksia Anton, H., Elementary linear algebra Lay, D. C., Linear algebra and its applications Esitiedot MTTMY1 Matematiikan perusk\u00e4sitteit\u00e4. Kurssin suorittaminen Kurssi suoritetaan loppukokeella ja viikkoharjoituksilla. Harjoituspakko on 40 %. Loppukokeeseen ei tarvitse &hellip; <a href=\"https:\/\/coursepages2.tuni.fi\/mttmp3\/\" class=\"more-link\">Jatka artikkeliin <span class=\"screen-reader-text\">P\u00e4\u00e4sivu<\/span><\/a><\/p>\n","protected":false},"author":1,"featured_media":0,"parent":0,"menu_order":0,"comment_status":"closed","ping_status":"closed","template":"","meta":{"footnotes":""},"class_list":["post-5","page","type-page","status-publish","hentry"],"_links":{"self":[{"href":"https:\/\/coursepages2.tuni.fi\/mttmp3\/wp-json\/wp\/v2\/pages\/5","targetHints":{"allow":["GET"]}}],"collection":[{"href":"https:\/\/coursepages2.tuni.fi\/mttmp3\/wp-json\/wp\/v2\/pages"}],"about":[{"href":"https:\/\/coursepages2.tuni.fi\/mttmp3\/wp-json\/wp\/v2\/types\/page"}],"author":[{"embeddable":true,"href":"https:\/\/coursepages2.tuni.fi\/mttmp3\/wp-json\/wp\/v2\/users\/1"}],"replies":[{"embeddable":true,"href":"https:\/\/coursepages2.tuni.fi\/mttmp3\/wp-json\/wp\/v2\/comments?post=5"}],"version-history":[{"count":35,"href":"https:\/\/coursepages2.tuni.fi\/mttmp3\/wp-json\/wp\/v2\/pages\/5\/revisions"}],"predecessor-version":[{"id":87,"href":"https:\/\/coursepages2.tuni.fi\/mttmp3\/wp-json\/wp\/v2\/pages\/5\/revisions\/87"}],"wp:attachment":[{"href":"https:\/\/coursepages2.tuni.fi\/mttmp3\/wp-json\/wp\/v2\/media?parent=5"}],"curies":[{"name":"wp","href":"https:\/\/api.w.org\/{rel}","templated":true}]}}