{"id":421,"date":"2017-11-08T20:13:11","date_gmt":"2017-11-08T18:13:11","guid":{"rendered":"https:\/\/coursepages.uta.fi\/mtta1-latex\/?page_id=421"},"modified":"2021-03-23T21:29:46","modified_gmt":"2021-03-23T19:29:46","slug":"mathjax","status":"publish","type":"page","link":"https:\/\/coursepages2.tuni.fi\/mtta1-latex\/mathjax\/","title":{"rendered":"MathJax"},"content":{"rendered":"<p><strong>T\u00e4m\u00e4n sivun ohjeet koskevat MathJaxin versiota 2.7.<\/strong><\/p>\n<p><a href=\"https:\/\/www.mathjax.org\/\" target=\"_blank\" rel=\"noopener noreferrer\">MathJax<\/a> on JavaScript-kirjasto, jolla voi esitt\u00e4\u00e4 matemaattisia kaavoja verkkosivuilla. Kaavat kirjoitetaan LaTeX- tai <a href=\"https:\/\/www.w3.org\/Math\/\" target=\"_blank\" rel=\"noopener noreferrer\">MathML<\/a>-koodina, ja MathJax esitt\u00e4\u00e4 ne ensisijaisesti aitoina fontteina \u2013 ei siis\u00a0kuvatiedostoina.<\/p>\n<p>Esimerkiksi kirjoittamalla sivun muokkaustilassa <code>&#92;&#40;&#92;&#115;&#105;&#110;&#94;&#50;&#92;&#97;&#108;&#112;&#104;&#97;&#43;&#92;&#99;&#111;&#115;&#94;&#50;&#92;&#97;&#108;&#112;&#104;&#97;&#61;&#49;&#92;&#41;<\/code>\u00a0saadaan tulokseksi yht\u00e4l\u00f6 <img loading=\"lazy\" decoding=\"async\" src=\"https:\/\/coursepages2.tuni.fi\/mtta1-latex\/wp-content\/ql-cache\/quicklatex.com-882e7488db922681bef10c5591783715_l3.png\" class=\"ql-img-inline-formula quicklatex-auto-format\" alt=\"&#92;&#115;&#105;&#110;&#94;&#50;&#92;&#97;&#108;&#112;&#104;&#97;&#43;&#92;&#99;&#111;&#115;&#94;&#50;&#92;&#97;&#108;&#112;&#104;&#97;&#61;&#49;\" title=\"Rendered by QuickLaTeX.com\" height=\"17\" width=\"144\" style=\"vertical-align: 0px;\"\/>.<\/p>\n<p>Numeroituja kaavarivej\u00e4 voi tehd\u00e4 LaTeXin ymp\u00e4rist\u00f6ll\u00e4 <a href=\"https:\/\/coursepages2.tuni.fi\/mtta1-latex\/matematiikka\/kaavaymparistot\/\"><code>equation<\/code><\/a>:<br \/>\n<a name=\"id2510066671\"><\/a><\/p>\n<p class=\"ql-center-displayed-equation\" style=\"line-height: 50px;\"><span class=\"ql-left-eqno\"> (1) <\/span><span class=\"ql-right-eqno\"> &nbsp; <\/span><img loading=\"lazy\" decoding=\"async\" src=\"https:\/\/coursepages2.tuni.fi\/mtta1-latex\/wp-content\/ql-cache\/quicklatex.com-3d8a64efa25c6b63830ef35721e55f0d_l3.png\" height=\"50\" width=\"361\" class=\"ql-img-displayed-equation quicklatex-auto-format\" alt=\"&#92;&#98;&#101;&#103;&#105;&#110;&#123;&#101;&#113;&#117;&#97;&#116;&#105;&#111;&#110;&#42;&#125; &#92;&#111;&#105;&#110;&#116;&#95;&#67;&#40;&#76;&#92;&#44;&#100;&#120;&#43;&#77;&#92;&#44;&#100;&#121;&#41;&#32;&#61;&#32;&#92;&#105;&#105;&#110;&#116;&#95;&#68;&#92;&#108;&#101;&#102;&#116;&#40;&#92;&#102;&#114;&#97;&#99;&#123;&#92;&#112;&#97;&#114;&#116;&#105;&#97;&#108;&#32;&#77;&#125;&#123;&#92;&#112;&#97;&#114;&#116;&#105;&#97;&#108;&#32;&#120;&#125; &#45;&#32;&#92;&#102;&#114;&#97;&#99;&#123;&#92;&#112;&#97;&#114;&#116;&#105;&#97;&#108;&#32;&#76;&#125;&#123;&#92;&#112;&#97;&#114;&#116;&#105;&#97;&#108;&#32;&#121;&#125;&#92;&#114;&#105;&#103;&#104;&#116;&#41;&#92;&#44;&#100;&#120;&#92;&#44;&#100;&#121;&#46; &#92;&#101;&#110;&#100;&#123;&#101;&#113;&#117;&#97;&#116;&#105;&#111;&#110;&#42;&#125;\" title=\"Rendered by QuickLaTeX.com\"\/><\/p>\n<p>My\u00f6s viittaukset kaavariveihin komennoilla <code>\\label<\/code>, <code>\\ref<\/code> ja <code>\\eqref<\/code> toimivat. MathJax tekee viittauksesta automaattisesti linkin kuten LaTeXin makropaketti hyperref. Esimerkiksi viittaus yht\u00e4l\u00f6\u00f6n\u00a0(<a href=\"#id2510066671\">1<\/a>).<\/p>\n<p>Suunnilleen kaikki LaTeXin matematiikkatilan sek\u00e4 makropakettien amsmath ja amssymb komennot ja ymp\u00e4rist\u00f6t ovat k\u00e4ytett\u00e4viss\u00e4 MathJaxissa. T\u00e4ydellinen lista l\u00f6ytyy <a href=\"https:\/\/docs.mathjax.org\/en\/v2.7-latest\/tex.html#supported-latex-commands\" target=\"_blank\" rel=\"noopener noreferrer\">MathJaxin k\u00e4ytt\u00f6ohjeista<\/a>.<\/p>\n<h2>K\u00e4ytt\u00f6\u00f6notto<\/h2>\n<p>MathJax otetaan k\u00e4ytt\u00f6\u00f6n lis\u00e4\u00e4m\u00e4ll\u00e4 seuraavat m\u00e4\u00e4ritykset HTML-dokumentin head-elementtiin:<\/p>\n<pre style=\"background-color: #f8f8f8;border: 1px solid #aaa;padding: 0.5em 0.6em 0.6em 0.7em\">&lt;script type=\"text\/x-mathjax-config\"&gt;\r\nMathJax.Hub.Config({\r\n  TeX: { \r\n    equationNumbers: { autoNumber: \"AMS\" },\r\n    TagSide: \"left\",\r\n    TagIndent: \"0em\"\r\n  }\r\n});\r\n&lt;\/script&gt;\r\n&lt;script type=\"text\/javascript\" async\r\n src=\"https:\/\/cdnjs.cloudflare.com\/ajax\/libs\/mathjax\/2.7.7\/MathJax.js?\r\n config=TeX-AMS-MML_HTMLorMML\"&gt;&lt;\/script&gt;\r\n<\/pre>\n<p>Yleens\u00e4 MathJax ladataan osoitteesta https:\/\/cdnjs.cloudflare.com\/ajax\/libs\/mathjax\/2.7.7\/MathJax.js, mutta sen voi asentaa my\u00f6s <a href=\"https:\/\/docs.mathjax.org\/en\/v2.7-latest\/installation.html#installation\" target=\"_blank\" rel=\"noopener noreferrer\">paikalliselle palvelimelle<\/a>.<\/p>\n<h2>Ratkaisuja ongelmiin<\/h2>\n<p><span style=\"font-size: 1em\">MathJax ei oletusarvoisesti k\u00e4yt\u00e4 dollarin merkkej\u00e4 matematiikkatilan merkkein\u00e4. Tarvittaessa ne saa k\u00e4ytt\u00f6\u00f6n seuraavilla asetuksilla:<\/span><\/p>\n<pre style=\"background-color: #f8f8f8;border: 1px solid #aaa;padding: 0.5em 0.6em 0.6em 0.7em\">&lt;script type=\"text\/x-mathjax-config\"&gt;\r\nMathJax.Hub.Config({\r\n  tex2jax: {\r\n    inlineMath: [['&#36;','&#36;'],['&#92;&#40;&#39;&#44;&#39;&#92;&#41;']],\r\n    processEscapes: true\r\n  }\r\n});\r\n&lt;\/script&gt;\r\n<\/pre>\n<p>Jos dollarin merkki\u00e4 tarvitaan t\u00e4m\u00e4n j\u00e4lkeen muussa merkityksess\u00e4, sen voi kirjoittaa muodossa <code>\\&#36;<\/code>. Ongelmia voivat aiheuttaa lis\u00e4ksi merkit <code>&lt;<\/code>, <code>&gt;<\/code> ja <code>&amp;<\/code>, joilla on erityismerkitys HTML:ss\u00e4. N\u00e4m\u00e4 voi tarvittaessa korvata HTML-entiteeteill\u00e4 <code>&amp;lt;<\/code>, <code>&amp;gt;<\/code> ja <code>&amp;amp;<\/code>. My\u00f6s komentoja <code>\\lt<\/code> ja <code>\\gt<\/code> voi k\u00e4ytt\u00e4\u00e4.<\/p>\n<p>Pitkien kaavojen automaattinen rivitys ei ole MathJaxissa oletusarvoisesti k\u00e4yt\u00f6ss\u00e4. Automaattisen rivityksen toiminta on viel\u00e4 sen verran puutteellista, ett\u00e4 suositeltavampi tapa on jakaa pitk\u00e4t kaavat osiin tai katkoa ne LaTeXin rivinvaihtokomennolla <code>\\\\<\/code>. Komennot <code>\\allowbreak<\/code> ja <code>\\linebreak<\/code> eiv\u00e4t toimi MathJaxissa.<\/p>\n<p>MathJax lataa matemaattisissa kaavoissa k\u00e4ytett\u00e4v\u00e4t fontit palvelimelta, kun niit\u00e4 tarvitaan. Sivujen avautumista voi nopeuttaa ja kaavojen ulkoasua joissain tapauksissa parantaa, jos fontit on asennettu valmiiksi sille tietokoneelle, jolla sivuja luetaan. Katso <a href=\"https:\/\/docs.mathjax.org\/en\/v2.7-latest\/font-support.html\" target=\"_blank\" rel=\"noopener noreferrer\">ohjeet<\/a>.<\/p>\n","protected":false},"excerpt":{"rendered":"<p>T\u00e4m\u00e4n sivun ohjeet koskevat MathJaxin versiota 2.7. MathJax on JavaScript-kirjasto, jolla voi esitt\u00e4\u00e4 matemaattisia kaavoja verkkosivuilla. Kaavat kirjoitetaan LaTeX- tai MathML-koodina, ja MathJax esitt\u00e4\u00e4 ne ensisijaisesti aitoina fontteina \u2013 ei siis\u00a0kuvatiedostoina. Esimerkiksi kirjoittamalla sivun muokkaustilassa &#92;&#40;&#92;&#115;&#105;&#110;&#94;&#50;&#92;&#97;&#108;&#112;&#104;&#97;&#43;&#92;&#99;&#111;&#115;&#94;&#50;&#92;&#97;&#108;&#112;&#104;&#97;&#61;&#49;&#92;&#41;\u00a0saadaan tulokseksi yht\u00e4l\u00f6 . Numeroituja kaavarivej\u00e4 voi tehd\u00e4 LaTeXin ymp\u00e4rist\u00f6ll\u00e4 equation: (1) &nbsp; My\u00f6s viittaukset kaavariveihin komennoilla \\label, \\ref ja &hellip; <a href=\"https:\/\/coursepages2.tuni.fi\/mtta1-latex\/mathjax\/\" class=\"more-link\">Jatka artikkeliin <span class=\"screen-reader-text\">MathJax<\/span><\/a><\/p>\n","protected":false},"author":38,"featured_media":0,"parent":0,"menu_order":10,"comment_status":"closed","ping_status":"closed","template":"","meta":{"footnotes":""},"class_list":["post-421","page","type-page","status-publish","hentry"],"_links":{"self":[{"href":"https:\/\/coursepages2.tuni.fi\/mtta1-latex\/wp-json\/wp\/v2\/pages\/421","targetHints":{"allow":["GET"]}}],"collection":[{"href":"https:\/\/coursepages2.tuni.fi\/mtta1-latex\/wp-json\/wp\/v2\/pages"}],"about":[{"href":"https:\/\/coursepages2.tuni.fi\/mtta1-latex\/wp-json\/wp\/v2\/types\/page"}],"author":[{"embeddable":true,"href":"https:\/\/coursepages2.tuni.fi\/mtta1-latex\/wp-json\/wp\/v2\/users\/38"}],"replies":[{"embeddable":true,"href":"https:\/\/coursepages2.tuni.fi\/mtta1-latex\/wp-json\/wp\/v2\/comments?post=421"}],"version-history":[{"count":25,"href":"https:\/\/coursepages2.tuni.fi\/mtta1-latex\/wp-json\/wp\/v2\/pages\/421\/revisions"}],"predecessor-version":[{"id":783,"href":"https:\/\/coursepages2.tuni.fi\/mtta1-latex\/wp-json\/wp\/v2\/pages\/421\/revisions\/783"}],"wp:attachment":[{"href":"https:\/\/coursepages2.tuni.fi\/mtta1-latex\/wp-json\/wp\/v2\/media?parent=421"}],"curies":[{"name":"wp","href":"https:\/\/api.w.org\/{rel}","templated":true}]}}