{"id":38,"date":"2023-09-29T14:21:05","date_gmt":"2023-09-29T11:21:05","guid":{"rendered":"https:\/\/coursepages2.tuni.fi\/jo223\/?page_id=38"},"modified":"2023-09-29T14:21:05","modified_gmt":"2023-09-29T11:21:05","slug":"nelja-nakoalaa-talousjournalismiin-9-11-2023-klo-12-00-15-00-paatalo-d205-d10b","status":"publish","type":"page","link":"https:\/\/coursepages2.tuni.fi\/jo223\/nelja-nakoalaa-talousjournalismiin-9-11-2023-klo-12-00-15-00-paatalo-d205-d10b\/","title":{"rendered":"Nelj\u00e4 n\u00e4k\u00f6alaa talousjournalismiin 9.11.2023  klo 12.00\u201315.00, P\u00e4\u00e4talo D205 D10b"},"content":{"rendered":"<p><strong>Vastaavat ja vastattavat: Nelj\u00e4 n\u00e4k\u00f6alaa talousjournalismiin <\/strong>(p\u00e4ivitetty 29.9.)<\/p>\n<p>Journalistiikan seminaari 9.11.2023 \u00a0klo 12.00\u201315.00, P\u00e4\u00e4talo D205 D10b<\/p>\n<p>&nbsp;<\/p>\n<p><strong>Alustajat \/ keskustelijat<\/strong><\/p>\n<ul>\n<li><em>Mika Maliranta<\/em>, professori, Labore-tutkimuslaitoksen johtaja<\/li>\n<li><em>Veera Luoma-aho<\/em>, Helsingin Sanomien talouden ja politiikan esihenkil\u00f6<\/li>\n<li><em>Carl-Gustav Lind\u00e9n<\/em>, professori, Bergenin yliopisto<\/li>\n<li><em>Juha Vikman<\/em>, laskentaekonomi, <em>Paljastavat luvut<\/em> -kirjan toinen tekij\u00e4<\/li>\n<\/ul>\n<p>&nbsp;<\/p>\n<p>&nbsp;<\/p>\n<p><strong>12.00 Avaussanat <\/strong><\/p>\n<p>Viestint\u00e4tieteiden yksik\u00f6n p\u00e4\u00e4llikk\u00f6 <em>Iiris Ruoho<\/em><\/p>\n<p><strong>MOOC-hankkeen esittely <\/strong><\/p>\n<p><em>Marko Ala-Fossi, Matti Apunen, Matti Sommarberg.<\/em><\/p>\n<p><strong>12.15 Mit\u00e4 journalismi voisi oppia taloustieteelt\u00e4?<\/strong><\/p>\n<p>Miten ilmaistaan ep\u00e4varmuutta ja lasketaan arvo ei-n\u00e4kyv\u00e4lle? Miten journalismi suoriutuu ekonomistin n\u00e4k\u00f6kulmasta?<\/p>\n<p><em>Mika Maliranta<\/em><\/p>\n<p><strong>12.45 J\u00e4ik\u00f6 talous politiikan jalkoihin?<\/strong><\/p>\n<p>Kun talous ja politiikka mediassa yhdistettiin, onko vahvemmalla se, joka ker\u00e4\u00e4 enemm\u00e4n klikkej\u00e4 ja kiivailua?<\/p>\n<p><em>Veera Luoma-aho<\/em><\/p>\n<p><strong>13.10 Yritystiedon heikot lenkit<\/strong><\/p>\n<p>Miten journalistia voidaan harhauttaa talousinformaation jakelussa? Mitk\u00e4 ovat journalistien perisynnit?<\/p>\n<p><em>Juha Vikman<\/em><\/p>\n<p><strong>Huoltotauko (5 min)<\/strong><\/p>\n<p><strong>13.35 Miten ChatGPT muuttaa talousjournalismin professiota?<\/strong><\/p>\n<p>Koneoppiminen ja kielimallit ovat <em>general purpose technology<\/em> -vallankumous. Mik\u00e4 rooli j\u00e4\u00e4 journalistille, kun algoritmit murskaavat numeroita?<\/p>\n<p><em>Carl-Gustav Lind\u00e9n<\/em><\/p>\n<p><strong>14.00 Talousjournalismin korjaussarja: Paneelikeskustelu <\/strong><\/p>\n<p>Kaikki alustajat. Moderointi: M<em>atti Apunen \/ Matti Virtanen <\/em><\/p>\n<p><strong>15.00 Yhteenveto ja seminaarin p\u00e4\u00e4t\u00f6s<\/strong><\/p>\n<p>&nbsp;<\/p>\n","protected":false},"excerpt":{"rendered":"<p>Vastaavat ja vastattavat: Nelj\u00e4 n\u00e4k\u00f6alaa talousjournalismiin (p\u00e4ivitetty 29.9.) Journalistiikan seminaari 9.11.2023 \u00a0klo 12.00\u201315.00, P\u00e4\u00e4talo D205 D10b &nbsp; Alustajat \/ keskustelijat Mika Maliranta, professori, Labore-tutkimuslaitoksen johtaja Veera Luoma-aho, Helsingin Sanomien talouden ja politiikan esihenkil\u00f6 Carl-Gustav Lind\u00e9n, professori, Bergenin yliopisto Juha Vikman, laskentaekonomi, Paljastavat luvut -kirjan toinen tekij\u00e4 &nbsp; &nbsp; 12.00 Avaussanat Viestint\u00e4tieteiden yksik\u00f6n p\u00e4\u00e4llikk\u00f6 Iiris Ruoho &hellip; <a href=\"https:\/\/coursepages2.tuni.fi\/jo223\/nelja-nakoalaa-talousjournalismiin-9-11-2023-klo-12-00-15-00-paatalo-d205-d10b\/\" class=\"more-link\">Jatka artikkeliin <span class=\"screen-reader-text\">Nelj\u00e4 n\u00e4k\u00f6alaa talousjournalismiin 9.11.2023  klo 12.00\u201315.00, P\u00e4\u00e4talo D205 D10b<\/span><\/a><\/p>\n","protected":false},"author":80,"featured_media":0,"parent":0,"menu_order":0,"comment_status":"closed","ping_status":"closed","template":"","meta":{"footnotes":""},"class_list":["post-38","page","type-page","status-publish","hentry"],"_links":{"self":[{"href":"https:\/\/coursepages2.tuni.fi\/jo223\/wp-json\/wp\/v2\/pages\/38","targetHints":{"allow":["GET"]}}],"collection":[{"href":"https:\/\/coursepages2.tuni.fi\/jo223\/wp-json\/wp\/v2\/pages"}],"about":[{"href":"https:\/\/coursepages2.tuni.fi\/jo223\/wp-json\/wp\/v2\/types\/page"}],"author":[{"embeddable":true,"href":"https:\/\/coursepages2.tuni.fi\/jo223\/wp-json\/wp\/v2\/users\/80"}],"replies":[{"embeddable":true,"href":"https:\/\/coursepages2.tuni.fi\/jo223\/wp-json\/wp\/v2\/comments?post=38"}],"version-history":[{"count":1,"href":"https:\/\/coursepages2.tuni.fi\/jo223\/wp-json\/wp\/v2\/pages\/38\/revisions"}],"predecessor-version":[{"id":39,"href":"https:\/\/coursepages2.tuni.fi\/jo223\/wp-json\/wp\/v2\/pages\/38\/revisions\/39"}],"wp:attachment":[{"href":"https:\/\/coursepages2.tuni.fi\/jo223\/wp-json\/wp\/v2\/media?parent=38"}],"curies":[{"name":"wp","href":"https:\/\/api.w.org\/{rel}","templated":true}]}}