{"id":5,"date":"2017-06-22T10:58:06","date_gmt":"2017-06-22T07:58:06","guid":{"rendered":"https:\/\/coursepages.uta.fi\/itms05\/?page_id=5"},"modified":"2019-08-12T16:13:36","modified_gmt":"2019-08-12T13:13:36","slug":"paasivu","status":"publish","type":"page","link":"https:\/\/coursepages2.tuni.fi\/itms05\/","title":{"rendered":"P\u00e4\u00e4sivu"},"content":{"rendered":"<h2>Lukeminen kulttuurisesta ja yhteiskunnallisesta n\u00e4k\u00f6kulmasta 5 op<\/h2>\n<p>Vastuuopettaja: Sanna Talja<\/p>\n<h3>Kurssikuvaus<\/h3>\n<p>Verkkokurssi perehdytt\u00e4\u00e4 opiskelijat siihen, mink\u00e4laisista n\u00e4k\u00f6kulmista lukemista kulttuurisena ilmi\u00f6n\u00e4 on tutkimuksellisesti l\u00e4hestytty. Kurssin p\u00e4\u00e4tytty\u00e4 opiskelijat osaavat kyseenalaistaa lukemiseen liitettyj\u00e4 itsest\u00e4\u00e4nselvi\u00e4 oletuksia ja tarkastella lukemista historiallisesti muuttuvana kulttuurisena toimintana.<\/p>\n<p>Kurssilla opetus tapahtuu verkossa ennakkoon valmistellulla lukumateriaalilla. N\u00e4m\u00e4 sis\u00e4lt\u00e4v\u00e4t sek\u00e4 johdantopowerpointteja eli nimenomaan kurssia varten kirjoitettuja tekstej\u00e4 ett\u00e4 artikkeleita ja tutkimuksia. Suoritus tapahtuu tekem\u00e4ll\u00e4 viikkoteht\u00e4v\u00e4t, osallistumalla verkkokeskusteluun sek\u00e4 tekem\u00e4ll\u00e4 lopputy\u00f6.<\/p>\n<p>Kurssin lopuksi opiskelijat tekev\u00e4t itse\u00e4\u00e4n kiinnostavasta aiheesta hieman laajemman lopputy\u00f6n, jonka toteuttamisessa he halutessaan voivat hy\u00f6dynt\u00e4\u00e4 jo aiemmin tekemi\u00e4\u00e4n teht\u00e4vi\u00e4. Lopputy\u00f6 voi perustua tutkimuskirjallisuuteen tai pieneen empiiriseen aineistoon (l\u00e4hinn\u00e4 erityyppiset valmiiksi saatavilla olevat tekstit kuten keskustelupuheenvuorot, hanke- ja strategiadokumentit).<\/p>\n<h3>Sis\u00e4lt\u00f6<\/h3>\n<ol>\n<li>Johdanto<\/li>\n<\/ol>\n<ul>\n<li>johdatus lukemisen tutkimukseen monitieteisen\u00e4 alana<\/li>\n<li>lukemisen tutkimuksen historiaa<\/li>\n<li>k\u00e4sitteiden m\u00e4\u00e4rittely\u00e4<\/li>\n<\/ul>\n<ol start=\"2\">\n<li>Lukukokemukset<\/li>\n<\/ol>\n<ul>\n<li>lukukokemus ja tulkinta<\/li>\n<li>lukemisen sosiaalisuus<\/li>\n<\/ul>\n<ol start=\"3\">\n<li>Erilaiset lukijaryhm\u00e4t<\/li>\n<\/ol>\n<ul>\n<li>lasten ja nuorten lukeminen<\/li>\n<li>tutkijoiden lukeminen<\/li>\n<li>naisten lukeminem<\/li>\n<li>lbgt<\/li>\n<\/ul>\n<ol start=\"4\">\n<li>Muuttuva teksti inkunaabeleista e-kirjoihin<\/li>\n<\/ol>\n<ul>\n<li>k\u00e4sikirjoituksista painotuotteisiin<\/li>\n<li>digitaalinen lukeminen, ditaaliset tekstit ja ymp\u00e4rist\u00f6t<\/li>\n<\/ul>\n<ol start=\"5\">\n<li>Kulttuuripolitiikka<\/li>\n<li>Lukemisen instituutiot<\/li>\n<\/ol>\n<ul>\n<li>kustannustoiminta ja kirjakauppa<\/li>\n<li>kirjasto<\/li>\n<li>koulu<\/li>\n<\/ul>\n<ol start=\"7\">\n<li>Yhteiskunnallinen keskustelu lukemisesta<\/li>\n<\/ol>\n<p>Lopputy\u00f6 n. 12-15 sivua kakkosriviv\u00e4lill\u00e4 sis\u00e4lt\u00e4en kurssipalautteen ja arvioinnin omasta oppimisesta (2 sivua). Opiskelija tekee analyysia lukemiseen liittyv\u00e4st\u00e4 yhteiskunnallisesta keskustelusta joko historiallisesta tai ajankohtaisesta n\u00e4k\u00f6kulmasta. L\u00e4hteen\u00e4 voi k\u00e4ytt\u00e4\u00e4 sek\u00e4 tieteellisi\u00e4 tutkimuksia ett\u00e4 lehtiartikkeleita ja keskustelupuheenvuoroja (blogit, yms)<\/p>\n<p>Lopputy\u00f6n kohteena voi olla esimerkiksi:<\/p>\n<ul>\n<li>lukemisen ja\/tai lukutaitojen mittaaminen<\/li>\n<li>miksi ja miten lukeminen on poliittista<\/li>\n<li>lukeminen ja valta<\/li>\n<li>lukeminen ja identiteetti<\/li>\n<li>eri tekstilajien lukeminen (tieto vs. kauno, eri genret, lehdet vs. kirjat)<\/li>\n<li>lukemista koskevat moraaliset paniikit<\/li>\n<li>lukeminen ja kansalliset arvot<\/li>\n<li>jokin genre, esimerkiksi sarjakuvat, dekkarit, chick lit, tms.<\/li>\n<li>lukemisen edist\u00e4misen eri hankkeet esim. kirjastoissa<\/li>\n<li>lukemisen (v\u00e4itetyt) vaikutukset lukijaan<\/li>\n<\/ul>\n<p>&nbsp;<\/p>\n<p>&nbsp;<\/p>\n<p>&nbsp;<\/p>\n<p>&nbsp;<\/p>\n","protected":false},"excerpt":{"rendered":"<p>Lukeminen kulttuurisesta ja yhteiskunnallisesta n\u00e4k\u00f6kulmasta 5 op Vastuuopettaja: Sanna Talja Kurssikuvaus Verkkokurssi perehdytt\u00e4\u00e4 opiskelijat siihen, mink\u00e4laisista n\u00e4k\u00f6kulmista lukemista kulttuurisena ilmi\u00f6n\u00e4 on tutkimuksellisesti l\u00e4hestytty. Kurssin p\u00e4\u00e4tytty\u00e4 opiskelijat osaavat kyseenalaistaa lukemiseen liitettyj\u00e4 itsest\u00e4\u00e4nselvi\u00e4 oletuksia ja tarkastella lukemista historiallisesti muuttuvana kulttuurisena toimintana. Kurssilla opetus tapahtuu verkossa ennakkoon valmistellulla lukumateriaalilla. N\u00e4m\u00e4 sis\u00e4lt\u00e4v\u00e4t sek\u00e4 johdantopowerpointteja eli nimenomaan kurssia varten kirjoitettuja &hellip; <a href=\"https:\/\/coursepages2.tuni.fi\/itms05\/\" class=\"more-link\">Jatka artikkeliin <span class=\"screen-reader-text\">P\u00e4\u00e4sivu<\/span><\/a><\/p>\n","protected":false},"author":1,"featured_media":0,"parent":0,"menu_order":0,"comment_status":"closed","ping_status":"closed","template":"","meta":{"footnotes":""},"class_list":["post-5","page","type-page","status-publish","hentry"],"_links":{"self":[{"href":"https:\/\/coursepages2.tuni.fi\/itms05\/wp-json\/wp\/v2\/pages\/5","targetHints":{"allow":["GET"]}}],"collection":[{"href":"https:\/\/coursepages2.tuni.fi\/itms05\/wp-json\/wp\/v2\/pages"}],"about":[{"href":"https:\/\/coursepages2.tuni.fi\/itms05\/wp-json\/wp\/v2\/types\/page"}],"author":[{"embeddable":true,"href":"https:\/\/coursepages2.tuni.fi\/itms05\/wp-json\/wp\/v2\/users\/1"}],"replies":[{"embeddable":true,"href":"https:\/\/coursepages2.tuni.fi\/itms05\/wp-json\/wp\/v2\/comments?post=5"}],"version-history":[{"count":7,"href":"https:\/\/coursepages2.tuni.fi\/itms05\/wp-json\/wp\/v2\/pages\/5\/revisions"}],"predecessor-version":[{"id":27,"href":"https:\/\/coursepages2.tuni.fi\/itms05\/wp-json\/wp\/v2\/pages\/5\/revisions\/27"}],"wp:attachment":[{"href":"https:\/\/coursepages2.tuni.fi\/itms05\/wp-json\/wp\/v2\/media?parent=5"}],"curies":[{"name":"wp","href":"https:\/\/api.w.org\/{rel}","templated":true}]}}