{"id":5,"date":"2017-06-22T10:58:06","date_gmt":"2017-06-22T07:58:06","guid":{"rendered":"https:\/\/coursepages.uta.fi\/itaa04\/?page_id=5"},"modified":"2019-08-15T16:35:45","modified_gmt":"2019-08-15T13:35:45","slug":"paasivu","status":"publish","type":"page","link":"https:\/\/coursepages2.tuni.fi\/itaa04\/","title":{"rendered":"P\u00e4\u00e4sivu"},"content":{"rendered":"<h5>ITAA04 Organisaatioiden tiedonhallinta 5 op<\/h5>\n<p>Vastuuopettaja: Sanna Talja, sanna.talja at tuni.fi<\/p>\n<p><strong>Suoritustapa<\/strong><\/p>\n<p>Luento-opetus ja viikkoteht\u00e4v\u00e4t<\/p>\n<p>Kurssi suoritetaan luennoista ja niill\u00e4 k\u00e4ydyist\u00e4 keskusteluista laadittavalla oppimisp\u00e4iv\u00e4kirjalla sek\u00e4 viikkoteht\u00e4vill\u00e4.<\/p>\n<p>Jakson l\u00e4hiopetus k\u00e4sitt\u00e4\u00e4 seitsem\u00e4n luentokertaa. Kurssilla on vierailijoita eri sektoreilta (yksityinen sektori, valtio- ja kuntasektorit, kirjastot, arkistot, yritykset, kunnat, valtionhallinto). Kurssin vierailijat antavat monipuolisen kuvan k\u00e4yt\u00e4nn\u00f6n ty\u00f6st\u00e4 erilaisissa tiedon- ja asiahallinnan teht\u00e4vist\u00e4 sek\u00e4 alan vaatimuksista. Johdattavat luennot tutustuttavat alan perusteht\u00e4viin ja -k\u00e4sitteisiin.<\/p>\n<p>Ohjeet annetaan ensimm\u00e4isell\u00e4 luentokerralla sek\u00e4 kurssin Moodle -sivulla, joka avataan ensimm\u00e4isen\u00e4 luentop\u00e4iv\u00e4n\u00e4.<\/p>\n<p><strong>Sis\u00e4lt\u00f6 (sis\u00e4lt\u00f6 vaihtelee vuosittain)<br \/>\n<\/strong><\/p>\n<ul>\n<li>Organisaatioiden tiedonhallinta: teht\u00e4v\u00e4t ja tavoitteet<\/li>\n<li>Organisaation dokumentoitujen ja dokumentoimattomien tietoresurssien hallinta<\/li>\n<li>Asiakirjahallinnan infrastruktuuri ja prosessit<\/li>\n<li>Asiakirjahallinnan haasteet: arvonm\u00e4\u00e4ritys, eettiset ja lains\u00e4\u00e4d\u00e4nn\u00f6lliset kysymykset<\/li>\n<li>Asiakirjahallinta yrityksiss\u00e4<\/li>\n<li>Asiakirjahallinta kuntasektorilla<\/li>\n<li>Arkistot: tietohallinnon kehitt\u00e4minen kulttuuriperint\u00f6sektorilla<\/li>\n<\/ul>\n<p><strong>Kenelle kurssi on tarkoitettu?<\/strong><\/p>\n<p>Kurssi antaa laajan kuvan tieto- ja asiakirjahallinnon toimenkuvista, uravaihtoehdoista ja -mahdollisuuksista. Tyypillisi\u00e4 tiedohallinnan teht\u00e4vi\u00e4 ovat esimerkiksi tietoasiantuntijan teht\u00e4v\u00e4t yrityksiss\u00e4 ja erilaisissa julkisen palvelun organisaatioissa. Esimerkkej\u00e4 ty\u00f6ymp\u00e4rist\u00f6ist\u00e4 ovat yritysten tietopalvelut, tietoj\u00e4rjestelm\u00e4t ja tukitoiminnot, tietotuotteiden ja verkkopalvelujen suunnittelu, tieteelliset kirjastot, organisaation sis\u00e4isen tiedonkulun kehitt\u00e4misteht\u00e4v\u00e4t sek\u00e4 johto- ja esimiesteht\u00e4v\u00e4t yleisiss\u00e4 kirjastoissa.<\/p>\n<p>Asiakirjahallinta kattaa organisaation toimintaan liittyvien asiakirjojen hallinnan niiden syntyhetkest\u00e4 aina arkistointiin tai h\u00e4vitt\u00e4miseen saakka. Asianhallintaa on esimerkiksi kunnallista p\u00e4\u00e4t\u00f6ksentekoa (hallintomenettely\u00e4) koskevien asioiden rekister\u00f6inti, valmistelu, p\u00e4\u00e4t\u00f6ksenteko ja julkaisu.<\/p>\n<p>Tyypillisi\u00e4 asiakirjahallinnon teht\u00e4vi\u00e4 ovat arkistonhoitoon, kirjaamotoimintaan, tietopalveluun tai asianhallintaan liittyv\u00e4t teht\u00e4v\u00e4t sek\u00e4 n\u00e4iden toimintojen kehitt\u00e4mis-, johto- ja esimiesteht\u00e4v\u00e4t. Ammattinimikkeit\u00e4 ovat mm. arkistonhoitaja, kirjaaja, arkistop\u00e4\u00e4llikk\u00f6, kirjaamop\u00e4\u00e4llikk\u00f6, asianhallintap\u00e4\u00e4llikk\u00f6, asiakirjahallinnan suunnittelija sek\u00e4 tietohallintop\u00e4\u00e4llikk\u00f6.<\/p>\n<p><strong>Palautetta kurssista<\/strong><\/p>\n<p>&#8211; kurssi on ty\u00f6el\u00e4m\u00e4l\u00e4ht\u00f6inen ja toteutuu l\u00e4heisess\u00e4 kontaktissa ty\u00f6el\u00e4m\u00e4\u00e4n, jolloin se tarjoaa ajankohtaista tietoa ty\u00f6- ja toimenkuvista<\/p>\n<p>&#8211; kurssi monipuolisti k\u00e4sityksi\u00e4 tieto- ja asiakirjahallinnon toimenkuvista, uravaihtoehdoista ja -mahdollisuuksista: &#8221;Asiakirjahallinnon alalla on paljon t\u00f6it\u00e4 ja haastetta, organisaatio tarvitsee t\u00e4t\u00e4 osaamista. Siksi opiskelenkin t\u00e4t\u00e4 alaa.&#8221;<\/p>\n<p>&#8211; kurssi antaa selke\u00e4n kuvan tieto- ja asiakirjahallinnon t\u00e4rkeydest\u00e4 miss\u00e4 tahansa organisaatioissa<\/p>\n<p>&#8211; kurssi antaa kuvan dokumentoinnin ja tietoj\u00e4rjestelmien kehitt\u00e4misen haasteista<\/p>\n<p>&#8211; kurssi antaa n\u00e4kemyst\u00e4 siit\u00e4, miten tiedonhallintaa ja -jakamista voidaan kehitt\u00e4\u00e4 mill\u00e4 tahansa ty\u00f6paikalla<\/p>\n<p>&#8211; tieto- ja asiakirjahallinnon sek\u00e4 tietojohtamisen perusasioiden koulutus on merkitt\u00e4v\u00e4\u00e4 monen ammatin kannalta, t\u00e4lle osaamiselle on tarvetta ty\u00f6el\u00e4m\u00e4ss\u00e4<\/p>\n<p>&#8211; kurssi panee miettim\u00e4\u00e4n tiedonhallinnan ja -jakamisen kehitt\u00e4mist\u00e4<\/p>\n","protected":false},"excerpt":{"rendered":"<p>ITAA04 Organisaatioiden tiedonhallinta 5 op Vastuuopettaja: Sanna Talja, sanna.talja at tuni.fi Suoritustapa Luento-opetus ja viikkoteht\u00e4v\u00e4t Kurssi suoritetaan luennoista ja niill\u00e4 k\u00e4ydyist\u00e4 keskusteluista laadittavalla oppimisp\u00e4iv\u00e4kirjalla sek\u00e4 viikkoteht\u00e4vill\u00e4. Jakson l\u00e4hiopetus k\u00e4sitt\u00e4\u00e4 seitsem\u00e4n luentokertaa. Kurssilla on vierailijoita eri sektoreilta (yksityinen sektori, valtio- ja kuntasektorit, kirjastot, arkistot, yritykset, kunnat, valtionhallinto). Kurssin vierailijat antavat monipuolisen kuvan k\u00e4yt\u00e4nn\u00f6n ty\u00f6st\u00e4 erilaisissa tiedon- &hellip; <a href=\"https:\/\/coursepages2.tuni.fi\/itaa04\/\" class=\"more-link\">Jatka artikkeliin <span class=\"screen-reader-text\">P\u00e4\u00e4sivu<\/span><\/a><\/p>\n","protected":false},"author":1,"featured_media":0,"parent":0,"menu_order":0,"comment_status":"closed","ping_status":"closed","template":"","meta":{"footnotes":""},"class_list":["post-5","page","type-page","status-publish","hentry"],"_links":{"self":[{"href":"https:\/\/coursepages2.tuni.fi\/itaa04\/wp-json\/wp\/v2\/pages\/5","targetHints":{"allow":["GET"]}}],"collection":[{"href":"https:\/\/coursepages2.tuni.fi\/itaa04\/wp-json\/wp\/v2\/pages"}],"about":[{"href":"https:\/\/coursepages2.tuni.fi\/itaa04\/wp-json\/wp\/v2\/types\/page"}],"author":[{"embeddable":true,"href":"https:\/\/coursepages2.tuni.fi\/itaa04\/wp-json\/wp\/v2\/users\/1"}],"replies":[{"embeddable":true,"href":"https:\/\/coursepages2.tuni.fi\/itaa04\/wp-json\/wp\/v2\/comments?post=5"}],"version-history":[{"count":7,"href":"https:\/\/coursepages2.tuni.fi\/itaa04\/wp-json\/wp\/v2\/pages\/5\/revisions"}],"predecessor-version":[{"id":27,"href":"https:\/\/coursepages2.tuni.fi\/itaa04\/wp-json\/wp\/v2\/pages\/5\/revisions\/27"}],"wp:attachment":[{"href":"https:\/\/coursepages2.tuni.fi\/itaa04\/wp-json\/wp\/v2\/media?parent=5"}],"curies":[{"name":"wp","href":"https:\/\/api.w.org\/{rel}","templated":true}]}}