{"id":5,"date":"2017-06-22T10:58:06","date_gmt":"2017-06-22T07:58:06","guid":{"rendered":"https:\/\/coursepages.uta.fi\/itaa01\/?page_id=5"},"modified":"2019-08-15T16:40:43","modified_gmt":"2019-08-15T13:40:43","slug":"paasivu","status":"publish","type":"page","link":"https:\/\/coursepages2.tuni.fi\/itaa01\/","title":{"rendered":"P\u00e4\u00e4sivu"},"content":{"rendered":"<div id=\"primary\" class=\"content-area\">\n<article id=\"post-5\" class=\"post-5 page type-page status-publish hentry\">\n<div class=\"entry-content\">\n<h5>ITIAA01 Tiedon organisointi ja informaatioarkkitehtuuri 5 op<\/h5>\n<p>&nbsp;<\/p>\n<p>Vastuuopettaja: Sanna Talja\u00a0\u00a0 sanna.talja at tuni.fi<\/p>\n<p>Kurssi koostuu luennoista ja niihin liittyvist\u00e4 viikkoteht\u00e4vist\u00e4<\/p>\n<p>Suoritus: Oppimisp\u00e4iv\u00e4kirja ja verkkoteht\u00e4v\u00e4t. Tarkemmat ohjeet annetaan kurssin Moodlessa sek\u00e4 ensimm\u00e4isell\u00e4 luentokerralla.<\/p>\n<p>Kurssin suorittaminen ei vaadi l\u00e4sn\u00e4oloa luennoilla, mutta oppimisp\u00e4iv\u00e4kirjan laadinta on luonnollisesti helpompaa, mik\u00e4li on osallistunut luennoille. Teht\u00e4v\u00e4t voi suorittaa joko ryhm\u00e4n\u00e4 tai yksin.<\/p>\n<p>&nbsp;<\/p>\n<p><strong>Kenelle kurssi on tarkoitettu?<\/strong><\/p>\n<p>Kurssi soveltuu erilaisiin informaatioammatteihin (informaatikko, tietoasiantuntija, kirjastonhoitaja) sek\u00e4 verkkopalvelusuunnitteluun t\u00e4ht\u00e4\u00e4ville. Tiedon organisoinnin problematiikka koskee kaikkia tiedon ja toiminnan aloja. Avoimet verkkopalvelut ja -ymp\u00e4rist\u00f6t ovat tehneet tiedon organisoinnista asian, johon kaikki jollakin tavoin t\u00f6rm\u00e4\u00e4v\u00e4t ja johon kaikilla on mahdollisuus osallistua tiedon k\u00e4ytt\u00e4jin\u00e4 ja sosiaalisten verkkoymp\u00e4rist\u00f6jen kanssakehitt\u00e4jin\u00e4.<\/p>\n<p>Tiedon organisointi on tutkimus- kehitt\u00e4miskentt\u00e4n\u00e4 kiinnostava ja nopeasti kehittyv\u00e4 alue, jossa tarvitaan ymm\u00e4rryst\u00e4 alan historiasta, filosofioista ja teorioista.<\/p>\n<p>&nbsp;<\/p>\n<p><strong>Osaamistavoitteet<\/strong><\/p>\n<p>&nbsp;<\/p>\n<p>Opintojakson suoritettuaan opiskelija:<\/p>\n<p>\u2013 tuntee tiedon organisoinnin menetelmien historian ja filosofiset perusteet<\/p>\n<p>\u2013 tuntee tiedon organisoinnin ja dokumenttien kuvailun perusmenetelm\u00e4t<\/p>\n<p>\u2013 tuntee informaatioarkkitehtuurin perusl\u00e4ht\u00f6kohdat, tavoitteet ja komponentit<\/p>\n<p>\u2013 tuntee erityyppisten dokumenttiaineistojen ja -kokoelmien kuvailulle asettamat haasteet<\/p>\n<p>\u2013 tuntee tiedon organisoinnin ja tiedon l\u00f6ydett\u00e4vyyden uudet menetelm\u00e4t ja kehityssuunnat<\/p>\n<p>&nbsp;<\/p>\n<p><strong>Sis\u00e4lt\u00f6<\/strong><\/p>\n<p>&nbsp;<\/p>\n<p>\u2013 tiedon organisoinnin perusk\u00e4sitteet ja -menetelm\u00e4t<\/p>\n<p>\u2013 t\u00e4g\u00e4ys, folksonomiat, taksonomiat, suositusj\u00e4rjestelm\u00e4t<\/p>\n<p>\u2013 metadata ja luettelointiformaatit<\/p>\n<p>\u2013 ontologiat ja semanttinen web<\/p>\n<p>\u2013 informaatioarkkitehtuurin peruselementit<\/p>\n<p>\u2013 haettavuuden, l\u00f6ydett\u00e4vyyden ja laajennettavuuden suunnittelu<\/p>\n<p>\u2013 automaattinen sis\u00e4ll\u00f6nkuvailu<\/p>\n<p>&nbsp;<\/p>\n<p><strong>Palautetta kurssista<\/strong><\/p>\n<p>&nbsp;<\/p>\n<p>\u2013 informaatioalan ydinasiaa, keskeinen kurssi<\/p>\n<p>\u2013 t\u00e4g\u00e4ys on t\u00e4rke\u00e4 ja ajankohtainen asiakokonaisuus, vaikka se on arkiel\u00e4m\u00e4st\u00e4 tuttua<\/p>\n<p>\u2013 tiedon organisoinnin menetelmien historiallinen kehitys kiinnostavaa<\/p>\n<p>\u2013 ihminen, kieli, luokitus -kolmiyhteys kiinnostava perusasia, johon voisi syventy\u00e4 enemm\u00e4nkin<\/p>\n<p>\u2013 harjoitukset olivat tarpeellisia ja konkretisoivat luennoilla puhuttua.<\/p>\n<p>&nbsp;<\/p>\n<\/div>\n<\/article>\n<\/div>\n<p>&nbsp;<\/p>\n","protected":false},"excerpt":{"rendered":"<p>ITIAA01 Tiedon organisointi ja informaatioarkkitehtuuri 5 op &nbsp; Vastuuopettaja: Sanna Talja\u00a0\u00a0 sanna.talja at tuni.fi Kurssi koostuu luennoista ja niihin liittyvist\u00e4 viikkoteht\u00e4vist\u00e4 Suoritus: Oppimisp\u00e4iv\u00e4kirja ja verkkoteht\u00e4v\u00e4t. Tarkemmat ohjeet annetaan kurssin Moodlessa sek\u00e4 ensimm\u00e4isell\u00e4 luentokerralla. Kurssin suorittaminen ei vaadi l\u00e4sn\u00e4oloa luennoilla, mutta oppimisp\u00e4iv\u00e4kirjan laadinta on luonnollisesti helpompaa, mik\u00e4li on osallistunut luennoille. Teht\u00e4v\u00e4t voi suorittaa joko ryhm\u00e4n\u00e4 tai &hellip; <a href=\"https:\/\/coursepages2.tuni.fi\/itaa01\/\" class=\"more-link\">Jatka artikkeliin <span class=\"screen-reader-text\">P\u00e4\u00e4sivu<\/span><\/a><\/p>\n","protected":false},"author":1,"featured_media":0,"parent":0,"menu_order":0,"comment_status":"closed","ping_status":"closed","template":"","meta":{"footnotes":""},"class_list":["post-5","page","type-page","status-publish","hentry"],"_links":{"self":[{"href":"https:\/\/coursepages2.tuni.fi\/itaa01\/wp-json\/wp\/v2\/pages\/5","targetHints":{"allow":["GET"]}}],"collection":[{"href":"https:\/\/coursepages2.tuni.fi\/itaa01\/wp-json\/wp\/v2\/pages"}],"about":[{"href":"https:\/\/coursepages2.tuni.fi\/itaa01\/wp-json\/wp\/v2\/types\/page"}],"author":[{"embeddable":true,"href":"https:\/\/coursepages2.tuni.fi\/itaa01\/wp-json\/wp\/v2\/users\/1"}],"replies":[{"embeddable":true,"href":"https:\/\/coursepages2.tuni.fi\/itaa01\/wp-json\/wp\/v2\/comments?post=5"}],"version-history":[{"count":8,"href":"https:\/\/coursepages2.tuni.fi\/itaa01\/wp-json\/wp\/v2\/pages\/5\/revisions"}],"predecessor-version":[{"id":28,"href":"https:\/\/coursepages2.tuni.fi\/itaa01\/wp-json\/wp\/v2\/pages\/5\/revisions\/28"}],"wp:attachment":[{"href":"https:\/\/coursepages2.tuni.fi\/itaa01\/wp-json\/wp\/v2\/media?parent=5"}],"curies":[{"name":"wp","href":"https:\/\/api.w.org\/{rel}","templated":true}]}}