{"id":53,"date":"2021-04-16T19:00:56","date_gmt":"2021-04-16T16:00:56","guid":{"rendered":"https:\/\/coursepages2.tuni.fi\/comp-se-610\/?page_id=53"},"modified":"2025-08-05T09:05:41","modified_gmt":"2025-08-05T06:05:41","slug":"previous-projects","status":"publish","type":"page","link":"https:\/\/coursepages2.tuni.fi\/comp-se-610\/previous-projects\/","title":{"rendered":"Previous projects"},"content":{"rendered":"<h3>List of some earlier projects<\/h3>\n<p>The following list contains some selected end products that are currently in use (www-applications, public downloadable applications) or published in a public repository.<\/p>\n<ul>\n<li><a href=\"https:\/\/github.com\/ahakkar\/vibe\/\">SLT-VIBE<\/a> (course 25S)<\/li>\n<li><a href=\"https:\/\/github.com\/jjuuliak\/G15-SLT-STEER-2\">SLT-STEER ET<\/a> (couse 25S)<\/li>\n<li><a href=\"https:\/\/github.com\/AbrarSoul\/COMP.SE.610-620-Autumn-2024-Software-Engineering-Project-1-and-2\">APUOPE-RE2<\/a> (course 24A)<\/li>\n<li><a href=\"https:\/\/github.com\/aavatek\/gatika\">GATICA<\/a> (course 24A)<\/li>\n<li><a href=\"https:\/\/github.com\/ProjectCED\/CED-LLM\">CED-LLM<\/a> (course 24A)<\/li>\n<li><a href=\"https:\/\/github.com\/tasera-ry\/tss\">Tasera Scheduling Software<\/a> (courses 20S, 20A, 21S, 21A,&#8230;, 24A, 25S).<\/li>\n<li><a href=\"https:\/\/github.com\/koodikilpparit\/sanapolku\">Sanapolku<\/a> (course 24A)<\/li>\n<li><a href=\"https:\/\/github.com\/MMT-Metrics-Monitoring-Tool\/MMT\">Metrics Monitoring Tool<\/a> (many earlier projects, 24A)<\/li>\n<li><a href=\"https:\/\/github.com\/eemilniemi\/Kendo-tournament-app\">KendoApp<\/a> (course 24A)<\/li>\n<li><a href=\"https:\/\/sepeliry.github.io\/\">Sepeli &#8211; point-and-click homepage<\/a> and the <a href=\"https:\/\/github.com\/sepeliry\/point-and-click-homepage\">game&#8217;s code<\/a> (course 24S)<\/li>\n<li><a href=\"https:\/\/github.com\/PetKosTuni\/Epidemic-model-of-COVID\">Epidemic model of COVID<\/a> (course 24S)<\/li>\n<li><a href=\"https:\/\/github.com\/lightsheet-team\/lightsheet\">Lightsheet<\/a> (course 24S)<\/li>\n<li><a href=\"https:\/\/github.com\/kitsain\/Kitsain-Frontend-Spring-2024\/releases\/tag\/release\">Kitsain front end<\/a> (course 24S)<\/li>\n<li><a href=\"https:\/\/github.com\/tonitaip-2020\/pg4n-api-upgrade\">PostgreSQL for novices<\/a> (course 24S)<\/li>\n<li><a href=\"https:\/\/github.com\/CoAPConnect\/coap-pubsub-rust\">CoAP pubsub broker and client<\/a> (course 24S)<\/li>\n<li><a href=\"https:\/\/github.com\/ducanhpham0312\/zeevision\">A Zeebe workflow monitoring application<\/a> (course 23A)<\/li>\n<li><a href=\"https:\/\/github.com\/lassijjk\/TurnUp\">Turn up<\/a> (course 23A)<\/li>\n<li><a href=\"https:\/\/github.com\/Tampereen-Urheilusukeltajat\/Blenderi-Backend\">Blenderilaskuri<\/a> (course 22A)<\/li>\n<li><a href=\"https:\/\/github.com\/Get-A-Room\/get-a-room\">Get a Room!<\/a> (courses 21A, 22S, 22A)<\/li>\n<li><a href=\"https:\/\/github.com\/xenioushk\/pocket-money-app\">Pocket Money 2<\/a> (course 22A)<\/li>\n<li><a href=\"https:\/\/github.com\/Project-C-SQL\/postgresql-for-novices\">PostgreSQL for novices<\/a> (course 22A)<\/li>\n<li><a href=\"https:\/\/github.com\/Anonymous-Voting-App\/Anonymous-Voting-App\">Anonymous Voting App<\/a> (course 22A)<\/li>\n<li>Relanima <a href=\"https:\/\/github.com\/dmitrymarokhonov\/GroupX-Activation-game\/\">codes<\/a> etc. (course 22S)<\/li>\n<li>Huld Hub <a href=\"https:\/\/github.com\/prosperevergreen\/huld-hub\">codes<\/a> and <a href=\"https:\/\/hub.morland.red\/\">website<\/a> (course 21A)<\/li>\n<li><a href=\"https:\/\/github.com\/fmshja\/SEP-2---G16-Project\">Connecting Colleagues<\/a> (course 21A)<\/li>\n<li><a href=\"https:\/\/github.com\/niladricts\/BusinessTampereTrafficMonitoring\">Traffic Monitoring<\/a> (course 21A)<\/li>\n<li><a href=\"https:\/\/github.com\/joonaruutiainen\/interactive-process-graphs\">Interactive process graphs with React<\/a> (course 21A)<\/li>\n<li><a href=\"https:\/\/sateenkaarisanakirja.herokuapp.com\/\">Sateenkaarihistorian sanakirja<\/a> (courses 19A, S20 , S21)<\/li>\n<li>Kivako Tandem App, <a href=\"https:\/\/www.unitandem.fi\/\">website<\/a> and <a href=\"https:\/\/github.com\/Tandem-App-Tuni\/\">codes<\/a> (courses 19A, 20S, 20A, 21S).<\/li>\n<li><a href=\"https:\/\/github.com\/Zachax\/TUNI-Lumitietous-sovellusprojekti\">Pallaksen lumitietous<\/a> (codes) and <a href=\"http:\/\/itc-pallas.rd.tuni.fi\/\">website<\/a> (courses 20A, 21A).<\/li>\n<li><a href=\"https:\/\/github.com\/ASIM-VR\/ASIM-VR\">ASIM-VR<\/a> (course 20A).<\/li>\n<li><a href=\"https:\/\/github.com\/Jomii\/WETO\">Weto UI<\/a> (course 20A).<\/li>\n<li><a href=\"https:\/\/github.com\/Defrosted\/WETO\">Weto notifications<\/a>\u00a0(course 20S).<\/li>\n<li><a href=\"https:\/\/gitlab.com\/TIM-Project-Group\">Vertaisarviointi TIM-j\u00e4rjestelm\u00e4\u00e4n<\/a> (course 20S).<\/li>\n<li><a href=\"https:\/\/gitlab.com\/tim-oikoluku\">Suomenkielinen oikoluku TIM-j\u00e4rjestelm\u00e4\u00e4n<\/a> (course 20A).<\/li>\n<li><a href=\"https:\/\/github.com\/pjarvinen\/rsted\">Opettajan k\u00e4ytt\u00f6liittym\u00e4 Plussaan<\/a> (course 19S).<\/li>\n<li><a href=\"https:\/\/github.com\/woroko\/TUNIBot\">TUNIbot<\/a> (course 18A).<\/li>\n<li><a href=\"https:\/\/github.com\/A-plus-grouping-tool-project\">Ryhm\u00e4ytysty\u00f6kalu Plussaan<\/a> (course 18A).<\/li>\n<li><a href=\"https:\/\/www.tampereenvesijettivuokraus.fi\/\">Tampereen vesijettivuokraus<\/a> -sivuston vuokrausj\u00e4rjestelm\u00e4 (course 18S).<\/li>\n<li><a href=\"https:\/\/github.com\/YizhouCodes\/Tomorrow\">Tomorrow<\/a> (course 17A).<\/li>\n<li><a href=\"http:\/\/metricsmonitoring.sis.uta.fi\/\">Metrics Monitoring Tool<\/a> (courses 2014A, 2015A, 2016S, 2019A, 2021S).<\/li>\n<li><a class=\"external text\" title=\"http:\/\/avainsiirto.fi\" href=\"http:\/\/avainsiirto.fi\" rel=\"nofollow\">Avainsiirto \u2013 Website for Chess Problems<\/a> (course 2015S).<\/li>\n<\/ul>\n<h3>List of project videos<\/h3>\n<p>End-product demo videos and project videos made by the project teams.<\/p>\n<ul>\n<li><a href=\"https:\/\/www.youtube.com\/watch?v=RONulKdwC30\">APUOPE-RE2<\/a> (2024A)<\/li>\n<li><a href=\"https:\/\/www.youtube.com\/watch?v=R9KCBZe4mIk\">Navinord<\/a> (2024A)<\/li>\n<li><a href=\"https:\/\/github.com\/dmitrymarokhonov\/GroupX-Activation-game\/wiki\/Project-video\">Relanima<\/a> (2022S)<\/li>\n<li><a href=\"https:\/\/www.youtube.com\/watch?v=tOF89HgRfrY\">Haalarihiiri ja Koodarikissa<\/a> (2021A)<\/li>\n<li><a href=\"https:\/\/www.youtube.com\/watch?v=gEjFN_8WTNE\">Get a Room!<\/a> (2021A)<\/li>\n<li><a class=\"no-lightbox\" href=\"https:\/\/www.youtube.com\/watch?v=CcRRFuA1LPI\">WETO notifications<\/a> (2020S)<\/li>\n<li><a class=\"no-lightbox\" href=\"https:\/\/www.youtube.com\/watch?v=wi3uozuUHEU\">Virtual university<\/a> (2015A)<\/li>\n<li><a class=\"external text no-lightbox\" title=\"http:\/\/youtu.be\/pZ2FAvk9YWE\" href=\"http:\/\/youtu.be\/pZ2FAvk9YWE\" rel=\"nofollow\">Firestatus<\/a> Android application for a volunteer fire department (course 2014-2015).<\/li>\n<li>Elementary mathematics learning environment (course 2013-2014):\n<ul>\n<li>Cubes game: <a class=\"external free no-lightbox\" title=\"https:\/\/www.youtube.com\/watch?v=Mmf5re1TvcA\" href=\"https:\/\/www.youtube.com\/watch?v=Mmf5re1TvcA\" rel=\"nofollow\">https:\/\/www.youtube.com\/watch?v=Mmf5re1TvcA<\/a><\/li>\n<li>Menu navigation: <a class=\"external free no-lightbox\" title=\"https:\/\/www.youtube.com\/watch?v=KIJgKZxe9p0\" href=\"https:\/\/www.youtube.com\/watch?v=KIJgKZxe9p0\" rel=\"nofollow\">https:\/\/www.youtube.com\/watch?v=KIJgKZxe9p0<\/a><\/li>\n<li>balloons game: <a class=\"external free no-lightbox\" title=\"https:\/\/www.youtube.com\/watch?v=R85z6PXThaA\" href=\"https:\/\/www.youtube.com\/watch?v=R85z6PXThaA\" rel=\"nofollow\">https:\/\/www.youtube.com\/watch?v=R85z6PXThaA<\/a><\/li>\n<\/ul>\n<\/li>\n<\/ul>\n","protected":false},"excerpt":{"rendered":"<p>List of some earlier projects The following list contains some selected end products that are currently in use (www-applications, public downloadable applications) or published in a public repository. SLT-VIBE (course 25S) SLT-STEER ET (couse 25S) APUOPE-RE2 (course 24A) GATICA (course 24A) CED-LLM (course 24A) Tasera Scheduling Software (courses 20S, 20A, 21S, 21A,&#8230;, 24A, 25S). Sanapolku &hellip; <a href=\"https:\/\/coursepages2.tuni.fi\/comp-se-610\/previous-projects\/\" class=\"more-link\">Continue reading <span class=\"screen-reader-text\">Previous projects<\/span><\/a><\/p>\n","protected":false},"author":35,"featured_media":0,"parent":0,"menu_order":7,"comment_status":"closed","ping_status":"closed","template":"","meta":{"footnotes":""},"class_list":["post-53","page","type-page","status-publish","hentry"],"_links":{"self":[{"href":"https:\/\/coursepages2.tuni.fi\/comp-se-610\/wp-json\/wp\/v2\/pages\/53","targetHints":{"allow":["GET"]}}],"collection":[{"href":"https:\/\/coursepages2.tuni.fi\/comp-se-610\/wp-json\/wp\/v2\/pages"}],"about":[{"href":"https:\/\/coursepages2.tuni.fi\/comp-se-610\/wp-json\/wp\/v2\/types\/page"}],"author":[{"embeddable":true,"href":"https:\/\/coursepages2.tuni.fi\/comp-se-610\/wp-json\/wp\/v2\/users\/35"}],"replies":[{"embeddable":true,"href":"https:\/\/coursepages2.tuni.fi\/comp-se-610\/wp-json\/wp\/v2\/comments?post=53"}],"version-history":[{"count":40,"href":"https:\/\/coursepages2.tuni.fi\/comp-se-610\/wp-json\/wp\/v2\/pages\/53\/revisions"}],"predecessor-version":[{"id":1063,"href":"https:\/\/coursepages2.tuni.fi\/comp-se-610\/wp-json\/wp\/v2\/pages\/53\/revisions\/1063"}],"wp:attachment":[{"href":"https:\/\/coursepages2.tuni.fi\/comp-se-610\/wp-json\/wp\/v2\/media?parent=53"}],"curies":[{"name":"wp","href":"https:\/\/api.w.org\/{rel}","templated":true}]}}